000
CXUS51 KRNK 012028
CF6BLF
PRELIMINARY LOCAL CLIMATOLOGICAL DATA (WS FORM: F-6)
STATION: BLUEFIELD WV
MONTH: NOVEMBER
YEAR: 2022
LATITUDE: 37 17 N
LONGITUDE: 81 12 W
TEMPERATURE IN F: :PCPN: SNOW: WIND :SUNSHINE: SKY :PK WND
================================================================================
1 2 3 4 5 6A 6B 7 8 9 10 11 12 13 14 15 16 17 18
12Z AVG MX 2MIN
DY MAX MIN AVG DEP HDD CDD WTR SNW DPTH SPD SPD DIR MIN PSBL S-S WX SPD DR
================================================================================
1 57 47 52 4 13 0 0.01 0.0 0 5.0 13 290 M M 7 1 17 290
2 57 45 51 3 14 0 0.08 0.0 0 1.6 8 90 M M 6 12 12 130
3 63 48 56 8 9 0 0.00 0.0 0 3.7 9 130 M M 2 1 16 150
4 64 50 57 10 8 0 0.00 0.0 0 5.9 15 110 M M 3 28 160
5 66 60 63 16 2 0 0.87 0.0 0 8.1 17 160 M M 9 1 34 150
6 75 62 69 23 0 4 0.21 0.0 0 5.7 16 250 M M 5 1 28 210
7 70 51 61 15 4 0 0.22 0.0 0 3.0 9 10 M M 6 12 14 350
8 64 46 55 9 10 0 0.00 0.0 0 3.9 12 40 M M 0 19 90
9 56 40 48 2 17 0 0.00 0.0 0 7.5 16 100 M M 0 26 120
10 58 44 51 6 14 0 0.01 0.0 0 8.0 15 130 M M 8 1 27 110
11 66 55 61 16 4 0 1.29 0.0 0 9.1 30 260 M M 10 1 44 230
12 57 32 45 1 20 0 0.06 0.0 0 8.6 18 270 M M 9 1 29 230
13 32 24 28 -16 37 0 0.01 0.1 T 8.2 17 290 M M 10 1 25 300
14 42 21 32 -12 33 0 0.00 0.0 0 4.6 13 110 M M 1 20 120
15 37 31 34 -10 31 0 0.69 0.0 0 4.3 16 140 M M 7 126 27 130
16 38 28 33 -10 32 0 0.02 T 0 9.0 20 270 M M 10 12 27 290
17 29 20 25 -18 40 0 0.02 0.3 T 8.3 20 300 M M 7 12 33 280
18 37 18 28 -14 37 0 T T 0 9.3 25 240 M M 4 1 34 260
19 38 22 30 -12 35 0 0.00 0.0 0 11.5 23 280 M M 2 37 290
20 29 19 24 -18 41 0 0.00 0.0 0 9.6 21 280 M M 0 35 280
21 49 17 33 -9 32 0 0.00 0.0 0 5.2 17 260 M M 0 23 260
22 53 31 42 1 23 0 0.00 0.0 0 5.4 10 280 M M 0 13 280
23 56 36 46 5 19 0 0.00 0.0 0 4.1 9 160 M M 0 13 160
24 59 46 53 12 12 0 0.00 0.0 0 6.2 14 170 M M 1 21 150
25 50 38 44 4 21 0 0.06 0.0 0 8.5 16 300 M M 8 1 25 310
26 57 30 44 4 21 0 0.00 0.0 0 3.5 9 280 M M 3 12 13 130
27 67 46 57 17 8 0 0.08 0.0 0 13.1 35 240 M M 7 1 49 250
28 47 36 42 2 23 0 0.03 0.0 0 8.0 21 280 M M 10 1 32 290
29 52 33 43 4 22 0 0.00 0.0 0 5.9 21 180 M M 1 1 34 180
30 56 28 42 3 23 0 0.45 0.0 0 12.2 26 290 M M 5 1 42 270
================================================================================
SM 1581 1104 605 4 4.11 0.4 207.0 M 141
================================================================================
AV 52.7 36.8 6.9 FASTST M M 5 MAX(MPH)
MISC ----> 35 240 49 250
================================================================================
NOTES:
# LAST OF SEVERAL OCCURRENCES
COLUMN 17 PEAK WIND IN M.P.H.
PRELIMINARY LOCAL CLIMATOLOGICAL DATA (WS FORM: F-6) , PAGE 2
STATION: BLUEFIELD WV
MONTH: NOVEMBER
YEAR: 2022
LATITUDE: 37 17 N
LONGITUDE: 81 12 W
[TEMPERATURE DATA] [PRECIPITATION DATA] SYMBOLS USED IN COLUMN 16
AVERAGE MONTHLY: 44.8 TOTAL FOR MONTH: 4.11 1 = FOG OR MIST
DPTR FM NORMAL: 1.3 DPTR FM NORMAL: 1.56 2 = FOG REDUCING VISIBILITY
HIGHEST: 75 ON 6 GRTST 24HR 1.30 ON 10-11 TO 1/4 MILE OR LESS
LOWEST: 17 ON 21 3 = THUNDER
SNOW, ICE PELLETS, HAIL 4 = ICE PELLETS
TOTAL MONTH: 0.4 INCH 5 = HAIL
GRTST 24HR 0.3 ON 17-17 6 = FREEZING RAIN OR DRIZZLE
GRTST DEPTH: T 7 = DUSTSTORM OR SANDSTORM:
VSBY 1/2 MILE OR LESS
8 = SMOKE OR HAZE
[NO. OF DAYS WITH] [WEATHER - DAYS WITH] 9 = BLOWING SNOW
X = TORNADO
MAX 32 OR BELOW: 3 0.01 INCH OR MORE: 16
MAX 90 OR ABOVE: 0 0.10 INCH OR MORE: 6
MIN 32 OR BELOW: 13 0.50 INCH OR MORE: 3
MIN 0 OR BELOW: 0 1.00 INCH OR MORE: 1
[HDD (BASE 65) ]
TOTAL THIS MO. 605 CLEAR (SCALE 0-3) 13
DPTR FM NORMAL -42 PTCLDY (SCALE 4-7) 9
TOTAL FM JUL 1 1205 CLOUDY (SCALE 8-10) 8
DPTR FM NORMAL 79
[CDD (BASE 65) ]
TOTAL THIS MO. 4
DPTR FM NORMAL 3 [PRESSURE DATA]
TOTAL FM JAN 1 568 HIGHEST SLP 30.51 ON 9
DPTR FM NORMAL 31 LOWEST SLP 29.46 ON 27
[REMARKS]
#FINAL-11-22#
DUE TO EQUIPMENT FAILURE ON JANUARY 9-10 AND AUGUST 16-17, 2022, ALL
INFORMATION WILL BE CALCULATED WITHOUT DATA FROM THESE DATES.