000
CXUS54 KEPZ 180001
CF6ELP
PRELIMINARY LOCAL CLIMATOLOGICAL DATA (WS FORM: F-6)
STATION: EL PASO
MONTH: JULY
YEAR: 2020
LATITUDE: 31 47 N
LONGITUDE: 106 24 W
TEMPERATURE IN F: :PCPN: SNOW: WIND :SUNSHINE: SKY :PK WND
================================================================================
1 2 3 4 5 6A 6B 7 8 9 10 11 12 13 14 15 16 17 18
12Z AVG MX 2MIN
DY MAX MIN AVG DEP HDD CDD WTR SNW DPTH SPD SPD DIR MIN PSBL S-S WX SPD DR
================================================================================
1 93 70 82 -2 0 17 0.00 0.0 0 8.2 21 240 M M 7 26 240
2 99 75 87 3 0 22 T 0.0 0 6.9 17 260 M M 4 22 250
3 103 80 92 8 0 27 0.00 0.0 0 8.7 21 130 M M 5 31 140
4 104 78 91 7 0 26 0.00 0.0 0 7.5 28 130 M M 5 41 110
5 103 78 91 7 0 26 T 0.0 0 7.8 25 100 M M 6 3 35 210
6 104 77 91 8 0 26 0.01 0.0 0 9.3 31 350 M M 5 3 40 110
7 102 74 88 5 0 23 0.00 0.0 0 6.9 24 100 M M 3 8 32 110
8 106 78 92 9 0 27 0.00 0.0 0 6.2 17 340 M M 2 25 350
9 109 82 96 13 0 31 0.00 0.0 0 7.7 21 10 M M 2 27 360
10 109 83 96 13 0 31 0.00 0.0 0 7.4 15 150 M M 2 23 120
11 108 82 95 12 0 30 0.00 0.0 0 6.5 18 120 M M 2 29 170
12 107 79 93 10 0 28 0.00 0.0 0 7.3 17 180 M M 2 23 180
13 110 81 96 13 0 31 0.00 0.0 0 10.0 28 310 M M 3 36 290
14 107 78 93 10 0 28 T 0.0 0 9.6 29 260 M M 4 3 38 260
15 104 75 90 7 0 25 T 0.0 0 10.2 35 250 M M 6 38 51 110
16 101 75 88 5 0 23 0.00 0.0 0 9.0 29 250 M M 4 35 250
17 103 76 90 7 0 25 0.00 0.0 0 6.9 18 270 M M 4 25 270
18 103 81 92 9 0 27 T 0.0 0 10.1 28 140 M M 6 3 39 140
19 100 80 90 7 0 25 T 0.0 0 7.9 30 40 M M 6 3 41 40
20 102 78 90 7 0 25 0.01 0.0 0 6.8 30 80 M M 6 3 42 80
21 98 74 86 4 0 21 0.23 0.0 0 7.6 30 80 M M 6 378 46 70
22 96 74 85 3 0 20 T 0.0 0 10.3 25 130 M M 8 3 36 140
23 95 71 83 1 0 18 0.13 0.0 0 7.8 26 110 M M 7 3 40 100
24 91 66 79 -3 0 14 1.09 0.0 0 7.2 31 120 M M 6 13 42 110
25 90 67 79 -3 0 14 0.00 0.0 0 5.5 17 150 M M 6 24 160
26 96 73 85 3 0 20 0.00 0.0 0 7.9 21 130 M M 5 30 120
27 95 76 86 4 0 21 T 0.0 0 7.3 17 160 M M 4 24 170
28 98 77 88 6 0 23 T 0.0 0 6.3 22 10 M M 3 27 10
29 103 75 89 7 0 24 0.00 0.0 0 5.1 25 110 M M 3 36 100
30 109 77 93 11 0 28 0.00 0.0 0 5.6 16 20 M M 2 25 40
31 100 74 87 5 0 22 0.00 0.0 0 10.7 26 70 M M 3 40 120
================================================================================
SM 3148 2364 0 748 1.47 0.0 242.2 M 137
================================================================================
AV101.5 76.3 7.8 FASTST M M 4 MAX(MPH)
MISC ----> 35 250 51 110
================================================================================
NOTES:
# LAST OF SEVERAL OCCURRENCES
COLUMN 17 PEAK WIND IN M.P.H.
PRELIMINARY LOCAL CLIMATOLOGICAL DATA (WS FORM: F-6) , PAGE 2
STATION: EL PASO
MONTH: JULY
YEAR: 2020
LATITUDE: 31 47 N
LONGITUDE: 106 24 W
[TEMPERATURE DATA] [PRECIPITATION DATA] SYMBOLS USED IN COLUMN 16
AVERAGE MONTHLY: 88.9 TOTAL FOR MONTH: 1.47 1 = FOG OR MIST
DPTR FM NORMAL: 6.1 DPTR FM NORMAL: -0.08 2 = FOG REDUCING VISIBILITY
HIGHEST: 110 ON 13 GRTST 24HR 1.22 ON 23-24 TO 1/4 MILE OR LESS
LOWEST: 66 ON 24 3 = THUNDER
SNOW, ICE PELLETS, HAIL 4 = ICE PELLETS
TOTAL MONTH: 0.0 INCH 5 = HAIL
GRTST 24HR 0.0 6 = FREEZING RAIN OR DRIZZLE
GRTST DEPTH: 0 7 = DUSTSTORM OR SANDSTORM:
VSBY 1/2 MILE OR LESS
8 = SMOKE OR HAZE
[NO. OF DAYS WITH] [WEATHER - DAYS WITH] 9 = BLOWING SNOW
X = TORNADO
MAX 32 OR BELOW: 0 0.01 INCH OR MORE: 5
MAX 90 OR ABOVE: 31 0.10 INCH OR MORE: 3
MIN 32 OR BELOW: 0 0.50 INCH OR MORE: 1
MIN 0 OR BELOW: 0 1.00 INCH OR MORE: 1
[HDD (BASE 65) ]
TOTAL THIS MO. 0 CLEAR (SCALE 0-3) 10
DPTR FM NORMAL 0 PTCLDY (SCALE 4-7) 21
TOTAL FM JUL 1 0 CLOUDY (SCALE 8-10) 0
DPTR FM NORMAL 0
[CDD (BASE 65) ]
TOTAL THIS MO. 748
DPTR FM NORMAL 196 [PRESSURE DATA]
TOTAL FM JAN 1 2004 HIGHEST SLP 29.96 ON 31
DPTR FM NORMAL 573 LOWEST SLP 29.59 ON 8
[REMARKS]
#FINAL-07-20#