000
CXUS54 KEPZ 011030
CF6ELP
PRELIMINARY LOCAL CLIMATOLOGICAL DATA (WS FORM: F-6)
STATION: EL PASO
MONTH: JUNE
YEAR: 2020
LATITUDE: 31 47 N
LONGITUDE: 106 24 W
TEMPERATURE IN F: :PCPN: SNOW: WIND :SUNSHINE: SKY :PK WND
================================================================================
1 2 3 4 5 6A 6B 7 8 9 10 11 12 13 14 15 16 17 18
12Z AVG MX 2MIN
DY MAX MIN AVG DEP HDD CDD WTR SNW DPTH SPD SPD DIR MIN PSBL S-S WX SPD DR
================================================================================
1 93 68 81 2 0 16 0.00 0.0 0 5.8 16 120 M M 2 22 120
2 99 67 83 4 0 18 0.00 0.0 0 5.3 13 260 M M 2 19 50
3 102 70 86 7 0 21 0.00 0.0 0 5.5 21 350 M M 2 27 350
4 104 73 89 9 0 24 0.00 0.0 0 4.8 15 280 M M 4 22 290
5 107 73 90 10 0 25 0.00 0.0 0 9.9 23 130 M M 4 31 130
6 105 81 93 13 0 28 T 0.0 0 11.3 25 270 M M 3 34 290
7 100 74 87 7 0 22 0.00 0.0 0 13.5 25 260 M M 1 31 250
8 95 77 86 6 0 21 0.00 0.0 0 16.6 32 250 M M 1 47 250
9 87 60 74 -7 0 9 0.00 0.0 0 10.5 30 340 M M 1 38 340
10 96 57 77 -4 0 12 0.00 0.0 0 6.3 14 100 M M 1 20 110
11 96 71 84 3 0 19 0.01 0.0 0 11.6 35 40 M M 4 3 52 90
12 96 66 81 -1 0 16 0.24 0.0 0 10.7 38 270 M M 5 13 51 270
13 95 67 81 -1 0 16 T 0.0 0 9.0 21 150 M M 6 29 150
14 97 73 85 3 0 20 0.00 0.0 0 8.7 21 260 M M 6 26 110
15 98 72 85 3 0 20 T 0.0 0 5.3 22 340 M M 6 31 350
16 97 70 84 2 0 19 0.00 0.0 0 7.1 25 200 M M 5 35 200
17 99 79 89 7 0 24 0.00 0.0 0 12.5 25 250 M M 2 35 250
18 98 77 88 6 0 23 0.00 0.0 0 11.0 25 250 M M 2 33 290
19 99 69 84 1 0 19 0.00 0.0 0 10.2 25 230 M M 2 37 250
20 100 73 87 4 0 22 0.00 0.0 0 10.0 23 290 M M 2 8 34 280
21 102 73 88 5 0 23 0.00 0.0 0 10.7 24 270 M M 1 31 270
22 105 80 93 10 0 28 0.00 0.0 0 12.5 25 270 M M 1 35 270
23 98 76 87 4 0 22 0.00 0.0 0 9.4 36 30 M M 4 78 48 30
24 99 72 86 3 0 21 T 0.0 0 8.6 39 10 M M 4 378 51 20
25 99 71 85 2 0 20 0.00 0.0 0 7.7 18 120 M M 3 26 130
26 106 75 91 8 0 26 0.00 0.0 0 8.4 31 80 M M 3 7 47 80
27 102 69 86 3 0 21 0.00 0.0 0 9.0 36 280 M M 7 37 46 280
28 95 76 86 3 0 21 T 0.0 0 17.2 32 270 M M 5 43 250
29 97 76 87 3 0 22 0.00 0.0 0 19.0 30 260 M M 1 41 250
30 97 77 87 3 0 22 0.00 0.0 M 13.5 25 270 M M 2 35 250
================================================================================
SM 2963 2162 0 620 0.25 0.0 301.6 M 92
================================================================================
AV 98.8 72.1 10.1 FASTST M M 3 MAX(MPH)
MISC ----> 39 10 52 90
================================================================================
NOTES:
# LAST OF SEVERAL OCCURRENCES
COLUMN 17 PEAK WIND IN M.P.H.
PRELIMINARY LOCAL CLIMATOLOGICAL DATA (WS FORM: F-6) , PAGE 2
STATION: EL PASO
MONTH: JUNE
YEAR: 2020
LATITUDE: 31 47 N
LONGITUDE: 106 24 W
[TEMPERATURE DATA] [PRECIPITATION DATA] SYMBOLS USED IN COLUMN 16
AVERAGE MONTHLY: 85.4 TOTAL FOR MONTH: 0.25 1 = FOG OR MIST
DPTR FM NORMAL: 3.7 DPTR FM NORMAL: -0.69 2 = FOG REDUCING VISIBILITY
HIGHEST: 107 ON 5 GRTST 24HR 0.24 ON 12-12 TO 1/4 MILE OR LESS
LOWEST: 57 ON 10 3 = THUNDER
SNOW, ICE PELLETS, HAIL 4 = ICE PELLETS
TOTAL MONTH: 0.0 INCH 5 = HAIL
GRTST 24HR 0.0 6 = FREEZING RAIN OR DRIZZLE
GRTST DEPTH: 0 7 = DUSTSTORM OR SANDSTORM:
VSBY 1/2 MILE OR LESS
8 = SMOKE OR HAZE
[NO. OF DAYS WITH] [WEATHER - DAYS WITH] 9 = BLOWING SNOW
X = TORNADO
MAX 32 OR BELOW: 0 0.01 INCH OR MORE: 2
MAX 90 OR ABOVE: 29 0.10 INCH OR MORE: 1
MIN 32 OR BELOW: 0 0.50 INCH OR MORE: 0
MIN 0 OR BELOW: 0 1.00 INCH OR MORE: 0
[HDD (BASE 65) ]
TOTAL THIS MO. 0 CLEAR (SCALE 0-3) 17
DPTR FM NORMAL 0 PTCLDY (SCALE 4-7) 13
TOTAL FM JUL 1 2013 CLOUDY (SCALE 8-10) 0
DPTR FM NORMAL -461
[CDD (BASE 65) ]
TOTAL THIS MO. 620
DPTR FM NORMAL 118 [PRESSURE DATA]
TOTAL FM JAN 1 1256 HIGHEST SLP 30.15 ON 11
DPTR FM NORMAL 377 LOWEST SLP 29.48 ON 6
[REMARKS]
#FINAL-06-20#