190
CXUS56 KPQR 011200
CF6HIO
PRELIMINARY LOCAL CLIMATOLOGICAL DATA (WS FORM: F-6)
STATION: HILLSBORO OR
MONTH: AUGUST
YEAR: 2020
LATITUDE: 45 32 N
LONGITUDE: 122 57 W
TEMPERATURE IN F: :PCPN: SNOW: WIND :SUNSHINE: SKY :PK WND
================================================================================
1 2 3 4 5 6A 6B 7 8 9 10 11 12 13 14 15 16 17 18
12Z AVG MX 2MIN
DY MAX MIN AVG DEP HDD CDD WTR SNW DPTH SPD SPD DIR MIN PSBL S-S WX SPD DR
================================================================================
1 81 55 68 1 0 3 0.00 M M 3.9 9 310 M M 1 13 300
2 85 55 70 3 0 5 0.00 M M 4.4 15 310 M M 1 19 310
3 84 53 69 2 0 4 0.00 M M 4.5 13 20 M M 1 15 30
4 87 53 70 3 0 5 0.00 M M 5.4 16 310 M M 0 20 320
5 85 56 71 4 0 6 0.00 M M 3.8 15 320 M M 0 20 320
6 73 52 63 -4 2 0 0.07 M M 5.9 21 300 M M 6 18 25 300
7 79 47 63 -4 2 0 0.00 M M 4.3 13 350 M M 2 1 17 350
8 78 55 67 0 0 2 0.00 M M 6.4 17 320 M M 5 22 330
9 84 51 68 1 0 3 0.00 M M 8.4 18 350 M M 0 24 320
10 91 54 73 6 0 8 0.00 M M 8.2 23 320 M M 0 26 320
11 81 44 63 -3 2 0 0.00 M M 4.9 18 330 M M 0 22 330
12 72 52 62 -4 3 0 0.00 M M 4.7 13 330 M M 5 18 330
13 79 43 61 -5 4 0 0.00 M M 4.5 15 330 M M 0 19 310
14 89 48 69 3 0 4 0.00 M M 5.4 15 340 M M 0 20 330
15 100 55 78 12 0 13 0.00 M M 2.1 9 50 M M 0 12 60
16 94 60 77 11 0 12 0.00 M M 2.3 16 170 M M 0 19 180
17 94 59 77 11 0 12 0.00 M M 2.5 10 60 M M 0 12 60
18 85 59 72 6 0 7 0.00 M M 5.1 12 320 M M 2 15 50
19 86 53 70 4 0 5 0.00 M M 3.2 16 290 M M 0 20 290
20 83 58 71 5 0 6 0.17 M M 5.0 16 220 M M 5 1 23 200
21 76 56 66 0 0 1 0.01 M M 5.8 15 250 M M 9 1 20 200
22 79 51 65 0 0 0 0.00 M M 6.2 15 340 M M 3 24 330
23 84 50 67 2 0 2 0.00 M M 4.6 17 320 M M 0 21 330
24 81 49 65 0 0 0 0.00 M M 6.1 18 320 M M 0 22 330
25 82 50 66 1 0 1 0.00 M M 5.4 17 320 M M 0 21 310
26 84 48 66 1 0 1 0.00 M M 6.7 20 310 M M 0 26 330
27 85 47 66 1 0 1 0.00 M M 6.3 16 320 M M 0 20 300
28 85 48 67 3 0 2 0.00 M M 5.0 20 320 M M 0 23 310
29 77 50 64 0 1 0 0.00 M M 10.6 23 310 M M 0 31 310
30 78 43 61 -3 4 0 0.00 M M 4.5 14 320 M M 3 19 320
31 76 55 66 2 0 1 0.00 M M 4.8 10 290 M M 6 15 60
================================================================================
SM 2577 1609 18 104 0.25 M 160.9 M 49
================================================================================
AV 83.1 51.9 5.2 FASTST M M 2 MAX(MPH)
MISC ----> # 23 320 # 31 310
================================================================================
NOTES:
# LAST OF SEVERAL OCCURRENCES
COLUMN 17 PEAK WIND IN M.P.H.
PRELIMINARY LOCAL CLIMATOLOGICAL DATA (WS FORM: F-6) , PAGE 2
STATION: HILLSBORO OR
MONTH: AUGUST
YEAR: 2020
LATITUDE: 45 32 N
LONGITUDE: 122 57 W
[TEMPERATURE DATA] [PRECIPITATION DATA] SYMBOLS USED IN COLUMN 16
AVERAGE MONTHLY: 67.5 TOTAL FOR MONTH: 0.25 1 = FOG OR MIST
DPTR FM NORMAL: 1.6 DPTR FM NORMAL: -0.38 2 = FOG REDUCING VISIBILITY
HIGHEST: 100 ON 15 GRTST 24HR 0.17 ON 20-20 TO 1/4 MILE OR LESS
LOWEST: 43 ON 30,13 3 = THUNDER
SNOW, ICE PELLETS, HAIL 4 = ICE PELLETS
TOTAL MONTH: M 5 = HAIL
GRTST 24HR M ON M 6 = FREEZING RAIN OR DRIZZLE
GRTST DEPTH: M ON M 7 = DUSTSTORM OR SANDSTORM:
VSBY 1/2 MILE OR LESS
8 = SMOKE OR HAZE
[NO. OF DAYS WITH] [WEATHER - DAYS WITH] 9 = BLOWING SNOW
X = TORNADO
MAX 32 OR BELOW: 0 0.01 INCH OR MORE: 3
MAX 90 OR ABOVE: 4 0.10 INCH OR MORE: 1
MIN 32 OR BELOW: 0 0.50 INCH OR MORE: 0
MIN 0 OR BELOW: 0 1.00 INCH OR MORE: 0
[HDD (BASE 65) ]
TOTAL THIS MO. 18 CLEAR (SCALE 0-3) 25
DPTR FM NORMAL -33 PTCLDY (SCALE 4-7) 5
TOTAL FM JUL 1 48 CLOUDY (SCALE 8-10) 1
DPTR FM NORMAL -59
[CDD (BASE 65) ]
TOTAL THIS MO. 104
DPTR FM NORMAL 27 [PRESSURE DATA]
TOTAL FM JAN 1 272 HIGHEST SLP 30.25 ON 9
DPTR FM NORMAL 94 LOWEST SLP 29.78 ON 15
[REMARKS]
#FINAL-08-20#