000
CXUS54 KLUB 010730
CF6LBB
PRELIMINARY LOCAL CLIMATOLOGICAL DATA (WS FORM: F-6)
STATION: LUBBOCK
MONTH: JULY
YEAR: 2022
LATITUDE: 33 39 N
LONGITUDE: 101 49 W
TEMPERATURE IN F: :PCPN: SNOW: WIND :SUNSHINE: SKY :PK WND
================================================================================
1 2 3 4 5 6A 6B 7 8 9 10 11 12 13 14 15 16 17 18
12Z AVG MX 2MIN
DY MAX MIN AVG DEP HDD CDD WTR SNW DPTH SPD SPD DIR MIN PSBL S-S WX SPD DR
================================================================================
1 100 74 87 7 0 22 0.00 0.0 0 11.1 21 210 M M 2 26 160
2 100 72 86 6 0 21 0.00 0.0 0 9.2 24 80 M M 3 33 90
3 97 76 87 6 0 22 0.00 0.0 0 12.9 29 170 M M 4 40 180
4 99 72 86 5 0 21 0.00 0.0 0 13.3 24 220 M M 4 31 220
5 100 77 89 8 0 24 T 0.0 0 12.2 28 190 M M 6 3 36 190
6 102 75 89 8 0 24 T 0.0 0 11.8 25 250 M M 6 3 40 160
7 102 78 90 9 0 25 T 0.0 0 11.8 24 10 M M 5 34 360
8 102 70 86 5 0 21 T 0.0 0 7.2 29 340 M M 4 38 38 340
9 98 69 84 3 0 19 0.00 0.0 0 6.7 17 120 M M 3 24 100
10 101 71 86 5 0 21 0.00 0.0 0 5.7 14 80 M M 1 20 90
11 105 68 87 6 0 22 0.00 0.0 0 6.6 18 100 M M 2 27 70
12 98 74 86 5 0 21 0.00 0.0 0 13.4 25 360 M M 5 35 340
13 99 71 85 4 0 20 0.00 0.0 0 7.2 17 200 M M 5 8 23 200
14 103 71 87 6 0 22 0.00 0.0 0 7.2 24 160 M M 3 8 31 180
15 100 69 85 4 0 20 0.00 0.0 0 8.1 18 120 M M 1 23 170
16 99 75 87 6 0 22 0.00 0.0 0 9.8 16 190 M M 1 22 170
17 102 70 86 5 0 21 0.00 0.0 0 8.1 16 270 M M 5 21 270
18 104 73 89 8 0 24 0.00 0.0 0 7.1 14 150 M M 5 22 280
19 107 79 93 12 0 28 0.00 0.0 0 15.8 28 220 M M 5 36 220
20 104 78 91 9 0 26 0.00 0.0 0 8.4 24 210 M M 6 34 200
21 97 74 86 4 0 21 0.09 0.0 0 14.5 38 40 M M 6 38 57 40
22 97 70 84 2 0 19 0.00 0.0 0 11.2 35 120 M M 5 45 120
23 98 73 86 4 0 21 0.00 0.0 0 12.5 23 170 M M 2 39 170
24 97 75 86 4 0 21 0.00 0.0 0 11.3 20 130 M M 2 27 220
25 99 77 88 6 0 23 0.00 0.0 0 14.0 24 180 M M 2 32 160
26 100 77 89 7 0 24 0.00 0.0 0 13.9 24 190 M M 2 36 200
27 101 80 91 9 0 26 0.00 0.0 0 13.2 23 200 M M 2 30 190
28 100 74 87 5 0 22 0.00 0.0 0 10.0 21 230 M M 3 25 230
29 96 72 84 2 0 19 0.00 0.0 0 11.3 30 80 M M 6 40 80
30 97 69 83 1 0 18 0.01 0.0 0 13.3 20 180 M M 8 28 180
31 101 76 89 7 0 24 0.00 0.0 0 13.3 23 220 M M 4 29 200
================================================================================
SM 3105 2279 0 684 0.10 0.0 332.1 M 118
================================================================================
AV100.2 73.5 10.7 FASTST M M 4 MAX(MPH)
MISC ----> 38 40 57 40
================================================================================
NOTES:
# LAST OF SEVERAL OCCURRENCES
COLUMN 17 PEAK WIND IN M.P.H.
PRELIMINARY LOCAL CLIMATOLOGICAL DATA (WS FORM: F-6) , PAGE 2
STATION: LUBBOCK
MONTH: JULY
YEAR: 2022
LATITUDE: 33 39 N
LONGITUDE: 101 49 W
[TEMPERATURE DATA] [PRECIPITATION DATA] SYMBOLS USED IN COLUMN 16
AVERAGE MONTHLY: 86.8 TOTAL FOR MONTH: 0.10 1 = FOG OR MIST
DPTR FM NORMAL: 5.6 DPTR FM NORMAL: -1.86 2 = FOG REDUCING VISIBILITY
HIGHEST: 107 ON 19 GRTST 24HR 0.09 ON 21-21 TO 1/4 MILE OR LESS
LOWEST: 68 ON 11 3 = THUNDER
SNOW, ICE PELLETS, HAIL 4 = ICE PELLETS
TOTAL MONTH: 0.0 INCH 5 = HAIL
GRTST 24HR 0.0 6 = FREEZING RAIN OR DRIZZLE
GRTST DEPTH: 0 7 = DUSTSTORM OR SANDSTORM:
VSBY 1/2 MILE OR LESS
8 = SMOKE OR HAZE
[NO. OF DAYS WITH] [WEATHER - DAYS WITH] 9 = BLOWING SNOW
X = TORNADO
MAX 32 OR BELOW: 0 0.01 INCH OR MORE: 2
MAX 90 OR ABOVE: 31 0.10 INCH OR MORE: 0
MIN 32 OR BELOW: 0 0.50 INCH OR MORE: 0
MIN 0 OR BELOW: 0 1.00 INCH OR MORE: 0
[HDD (BASE 65) ]
TOTAL THIS MO. 0 CLEAR (SCALE 0-3) 12
DPTR FM NORMAL 0 PTCLDY (SCALE 4-7) 19
TOTAL FM JUL 1 0 CLOUDY (SCALE 8-10) 0
DPTR FM NORMAL 0
[CDD (BASE 65) ]
TOTAL THIS MO. 684
DPTR FM NORMAL 182 [PRESSURE DATA]
TOTAL FM JAN 1 1638 HIGHEST SLP M ON M
DPTR FM NORMAL 454 LOWEST SLP 29.68 ON 19
[REMARKS]
#FINAL-07-22#