000
CXUS56 KMTR 240900
CF6STS
PRELIMINARY LOCAL CLIMATOLOGICAL DATA (WS FORM: F-6)

                                          STATION:   SANTA ROSA AIRPORT
                                          MONTH:     JUNE
                                          YEAR:      2022
                                          LATITUDE:   38 30 N
                                          LONGITUDE: 122 49 W

  TEMPERATURE IN F:       :PCPN:    SNOW:  WIND      :SUNSHINE: SKY     :PK WND
================================================================================
1   2   3   4   5  6A  6B    7    8   9   10  11  12  13   14  15   16   17  18
                                     12Z  AVG MX 2MIN
DY MAX MIN AVG DEP HDD CDD  WTR  SNW DPTH SPD SPD DIR MIN PSBL S-S WX    SPD DR
================================================================================

 1  88  44  66   2   0   1 0.00    M    M  5.2 15 140   M    M   1        21 180
 2  87  50  69   5   0   4    T    M    M  7.9 20 250   M    M   1        25 250
 3  75  52  64   0   1   0    T    M    M  6.9 20 230   M    M   2        25 220
 4  71  53  62  -2   3   0 0.14    M    M  4.5 13 180   M    M   8 1      18 170
 5  74  56  65   1   0   0 0.52    M    M  4.6 14 240   M    M  10 1      21 210
 6  83  51  67   2   0   2 0.00    M    M  4.0 13  10   M    M   0        17 190
 7  82  49  66   1   0   1 0.00    M    M  5.5 15 140   M    M   1        19 160
 8  87  54  71   6   0   6 0.00    M    M  4.9 14 150   M    M   2        19 130
 9  97  53  75  10   0  10 0.00    M    M  9.0 23 320   M    M   1        33 310
10 102  58  80  15   0  15 0.00    M    M  7.5 21 330   M    M   0        27 320
11  93  58  76  10   0  11 0.00    M    M  5.9 20 250   M    M   1        27 240
12  79  58  69   3   0   4 0.00    M    M 11.3 26 350   M    M   5        34 360
13  83  53  68   2   0   3 0.00    M    M 10.9 20 360   M    M   0        27 330
14  87  53  70   4   0   5 0.00    M    M  6.9 14 230   M    M   0        18 190
15  89  51  70   4   0   5 0.00    M    M  5.8 16 140   M    M   0 8      22 170
16  80  48  64  -2   1   0 0.00    M    M  6.7 21 330   M    M   1        28 340
17  69  47  58  -8   7   0 0.00    M    M  8.5 22 240   M    M   2        30 270
18  75  43  59  -7   6   0 0.00    M    M  5.1 17 270   M    M   1        25 240
19  83  46  65  -2   0   0 0.00    M    M  5.5 15 140   M    M   0        25 190
20  90  48  69   2   0   4 0.00    M    M  4.9 15 240   M    M   0        24 230
21 104  53  79  12   0  14 0.00    M    M  2.7 17 190   M    M   0        23 180
22  90  56  73   6   0   8 0.00    M    M  6.6 16 190   M    M   1        23 190
23  88  52  70   3   0   5 0.00    M    M  6.7 16 180   M    M   0        20 190
================================================================================
SM 1956 1186        18  98  0.66    M    147.5          M       37
================================================================================
AV 85.0 51.6                               6.4 FASTST   M    M   2    MAX(MPH)
                                 MISC ---->    26 350                 34 360
================================================================================
NOTES:
# LAST OF SEVERAL OCCURRENCES

COLUMN 17 PEAK WIND IN M.P.H.

PRELIMINARY LOCAL CLIMATOLOGICAL DATA (WS FORM: F-6) , PAGE 2

                                          STATION:   SANTA ROSA AIRPORT
                                          MONTH:     JUNE
                                          YEAR:      2022
                                          LATITUDE:   38 30 N
                                          LONGITUDE: 122 49 W

[TEMPERATURE DATA]      [PRECIPITATION DATA]       SYMBOLS USED IN COLUMN 16

AVERAGE MONTHLY: 68.3   TOTAL FOR MONTH:   0.66    1 = FOG OR MIST
DPTR FM NORMAL:   2.7   DPTR FM NORMAL:    0.40    2 = FOG REDUCING VISIBILITY
HIGHEST:   104 ON 21    GRTST 24HR  0.66 ON  4- 5      TO 1/4 MILE OR LESS
LOWEST:     43 ON 18                               3 = THUNDER
                        SNOW, ICE PELLETS, HAIL    4 = ICE PELLETS
                        TOTAL MONTH:  M            5 = HAIL
                        GRTST 24HR    M  ON   M    6 = FREEZING RAIN OR DRIZZLE
                        GRTST DEPTH:  M  ON   M    7 = DUSTSTORM OR SANDSTORM:
                                                       VSBY 1/2 MILE OR LESS
                                                   8 = SMOKE OR HAZE
[NO. OF DAYS WITH]      [WEATHER - DAYS WITH]      9 = BLOWING SNOW
                                                   X = TORNADO
MAX 32 OR BELOW:   0    0.01 INCH OR MORE:   2
MAX 90 OR ABOVE:   6    0.10 INCH OR MORE:   2
MIN 32 OR BELOW:   0    0.50 INCH OR MORE:   1
MIN  0 OR BELOW:   0    1.00 INCH OR MORE:   0

[HDD (BASE 65) ]
TOTAL THIS MO.    18    CLEAR  (SCALE 0-3)  20
DPTR FM NORMAL   -22    PTCLDY (SCALE 4-7)   1
TOTAL FM JUL 1  2727    CLOUDY (SCALE 8-10)  2
DPTR FM NORMAL  -172

[CDD (BASE 65) ]
TOTAL THIS MO.    98
DPTR FM NORMAL    44    [PRESSURE DATA]
TOTAL FM JAN 1   158    HIGHEST SLP M ON M
DPTR FM NORMAL    78    LOWEST  SLP 29.73 ON 16

[REMARKS]
