000
CXUS56 KMTR 230900
CF6STS
PRELIMINARY LOCAL CLIMATOLOGICAL DATA (WS FORM: F-6)

                                          STATION:   SANTA ROSA AIRPORT
                                          MONTH:     JUNE
                                          YEAR:      2021
                                          LATITUDE:   38 30 N
                                          LONGITUDE: 122 49 W

  TEMPERATURE IN F:       :PCPN:    SNOW:  WIND      :SUNSHINE: SKY     :PK WND
================================================================================
1   2   3   4   5  6A  6B    7    8   9   10  11  12  13   14  15   16   17  18
                                     12Z  AVG MX 2MIN
DY MAX MIN AVG DEP HDD CDD  WTR  SNW DPTH SPD SPD DIR MIN PSBL S-S WX    SPD DR
================================================================================

 1  81  49  65   1   0   0 0.00    M    M  6.4 16 160   M    M   0 1      19 180
 2  78  49  64   0   1   0 0.00    M    M  7.3 15 150   M    M   6 1      18 180
 3  85  50  68   4   0   3 0.00    M    M  5.6 16 140   M    M   4 1      20 160
 4  82  50  66   2   0   1 0.00    M    M  7.0 17 140   M    M   1 18     21 140
 5  88  45  67   3   0   2 0.00    M    M  4.8 13 150   M    M   1 18     16 190
 6  92  48  70   5   0   5 0.00    M    M  8.0 23 330   M    M   0        30 300
 7  82  44  63  -2   2   0 0.00    M    M  7.7 21 270   M    M   0        27 250
 8  69  44  57  -8   8   0 0.00    M    M  6.9 21 250   M    M   1        26 240
 9  69  41  55 -10  10   0 0.00    M    M  8.1 24 260   M    M   1        30 250
10  74  42  58  -7   7   0 0.00    M    M  5.5 17 230   M    M   1        24 220
11  74  44  59  -7   6   0 0.00    M    M  6.2 20 250   M    M   1        26 260
12  84  57  71   5   0   6 0.00    M    M  5.2 16 250   M    M   3        22 220
13  81  57  69   3   0   4 0.00    M    M  6.5 18 250   M    M   5        24 240
14  79  53  66   0   0   1 0.00    M    M  8.3 17 270   M    M   4        23 240
15  91  48  70   4   0   5 0.00    M    M  8.5 20 340   M    M   0        25 330
16  95  50  73   7   0   8 0.00    M    M  4.2 14 180   M    M   1        18 190
17 102  52  77  11   0  12 0.00    M    M  5.4 14 160   M    M   0        17 160
18  98  54  76  10   0  11 0.00    M    M  5.2 16 160   M    M   0 8      20 170
19  89  52  71   4   0   6 0.00    M    M  5.5 14 170   M    M   0 18     19 180
20  80  47  64  -3   1   0 0.00    M    M  6.7 15 170   M    M   2 1       M   M
21  70  55  63  -4   2   0 0.00    M    M  6.3 14 180   M    M   7        20 200
22  73  57  65  -2   0   0    T    M    M  5.1 13 230   M    M   7        19 190
================================================================================
SM 1816 1088        37  64     T    M    140.4          M       45
================================================================================
AV 82.5 49.5                               6.4 FASTST   M    M   2    MAX(MPH)
                                 MISC ---->    24 260               # 30 300
================================================================================
NOTES:
# LAST OF SEVERAL OCCURRENCES

COLUMN 17 PEAK WIND IN M.P.H.

PRELIMINARY LOCAL CLIMATOLOGICAL DATA (WS FORM: F-6) , PAGE 2

                                          STATION:   SANTA ROSA AIRPORT
                                          MONTH:     JUNE
                                          YEAR:      2021
                                          LATITUDE:   38 30 N
                                          LONGITUDE: 122 49 W

[TEMPERATURE DATA]      [PRECIPITATION DATA]       SYMBOLS USED IN COLUMN 16

AVERAGE MONTHLY: 66.0   TOTAL FOR MONTH:      T    1 = FOG OR MIST
DPTR FM NORMAL:   0.5   DPTR FM NORMAL:   -0.25    2 = FOG REDUCING VISIBILITY
HIGHEST:   102 ON 17    GRTST 24HR     T ON 22-22      TO 1/4 MILE OR LESS
LOWEST:     41 ON  9                               3 = THUNDER
                        SNOW, ICE PELLETS, HAIL    4 = ICE PELLETS
                        TOTAL MONTH:  M            5 = HAIL
                        GRTST 24HR    M  ON   M    6 = FREEZING RAIN OR DRIZZLE
                        GRTST DEPTH:  M  ON   M    7 = DUSTSTORM OR SANDSTORM:
                                                       VSBY 1/2 MILE OR LESS
                                                   8 = SMOKE OR HAZE
[NO. OF DAYS WITH]      [WEATHER - DAYS WITH]      9 = BLOWING SNOW
                                                   X = TORNADO
MAX 32 OR BELOW:   0    0.01 INCH OR MORE:   0
MAX 90 OR ABOVE:   5    0.10 INCH OR MORE:   0
MIN 32 OR BELOW:   0    0.50 INCH OR MORE:   0
MIN  0 OR BELOW:   0    1.00 INCH OR MORE:   0

[HDD (BASE 65) ]
TOTAL THIS MO.    37    CLEAR  (SCALE 0-3)  16
DPTR FM NORMAL    -2    PTCLDY (SCALE 4-7)   6
TOTAL FM JUL 1  2747    CLOUDY (SCALE 8-10)  0
DPTR FM NORMAL  -151

[CDD (BASE 65) ]
TOTAL THIS MO.    64
DPTR FM NORMAL    13    [PRESSURE DATA]
TOTAL FM JAN 1   105    HIGHEST SLP M ON M
DPTR FM NORMAL    28    LOWEST  SLP 29.63 ON 18

[REMARKS]
