000
CXUS54 KBRO 010800
CF6BRO
PRELIMINARY LOCAL CLIMATOLOGICAL DATA (WS FORM: F-6)
STATION: BROWNSVILLE
MONTH: JUNE
YEAR: 2022
LATITUDE: 25 53 N
LONGITUDE: 97 26 W
TEMPERATURE IN F: :PCPN: SNOW: WIND :SUNSHINE: SKY :PK WND
================================================================================
1 2 3 4 5 6A 6B 7 8 9 10 11 12 13 14 15 16 17 18
12Z AVG MX 2MIN
DY MAX MIN AVG DEP HDD CDD WTR SNW DPTH SPD SPD DIR MIN PSBL S-S WX SPD DR
================================================================================
1 91 79 85 0 0 20 0.00 0.0 0 10.9 20 110 M M 4 28 110
2 91 77 84 -1 0 19 0.00 0.0 0 6.8 17 90 M M 2 23 100
3 92 74 83 -2 0 18 0.00 0.0 0 5.8 18 60 M M 1 12 26 60
4 93 73 83 -2 0 18 0.00 0.0 0 5.8 16 140 M M 1 1 21 110
5 93 74 84 -1 0 19 0.00 0.0 0 12.8 21 140 M M 1 26 130
6 93 79 86 1 0 21 0.00 0.0 0 18.1 25 150 M M 2 37 130
7 94 79 87 2 0 22 0.00 0.0 0 14.9 23 160 M M 1 31 180
8 94 80 87 2 0 22 0.00 0.0 0 12.5 22 150 M M 3 1 29 110
9 94 81 88 2 0 23 0.00 0.0 0 10.4 20 120 M M 4 28 110
10 97 80 89 3 0 24 0.00 0.0 0 11.0 22 130 M M 1 28 130
11 97 81 89 3 0 24 0.00 0.0 0 14.2 23 170 M M 2 31 170
12 96 81 89 3 0 24 0.00 0.0 0 16.9 30 180 M M 2 1 38 170
13 94 80 87 1 0 22 0.00 0.0 0 16.4 26 160 M M 6 1 36 180
14 91 81 86 0 0 21 0.00 0.0 0 14.3 23 150 M M 5 31 170
15 96 81 89 3 0 24 0.00 0.0 0 13.0 24 150 M M 5 18 31 160
16 95 77 86 0 0 21 0.00 0.0 0 9.2 18 110 M M 4 1 30 130
17 94 75 85 -1 0 20 T 0.0 0 8.7 20 130 M M 2 1 25 100
18 94 77 86 0 0 21 0.10 0.0 0 6.0 17 110 M M 2 13 24 110
19 95 76 86 0 0 21 0.00 0.0 0 7.8 18 110 M M 1 24 70
20 95 78 87 1 0 22 0.00 0.0 0 7.6 17 80 M M 1 24 110
21 95 78 87 1 0 22 T 0.0 0 8.1 23 120 M M 3 31 90
22 95 78 87 1 0 22 T 0.0 0 8.1 17 110 M M 1 25 110
23 96 76 86 0 0 21 0.00 0.0 0 5.8 17 120 M M 1 24 100
24 96 76 86 0 0 21 0.00 0.0 0 9.4 20 140 M M 1 27 120
25 95 76 86 0 0 21 0.00 0.0 0 10.3 18 100 M M 2 28 130
26 96 76 86 0 0 21 0.02 0.0 0 7.2 18 110 M M 2 3 26 90
27 97 76 87 1 0 22 0.00 0.0 0 5.2 17 70 M M 1 138 24 70
28 96 76 86 0 0 21 0.00 0.0 0 9.4 21 40 M M 1 1 28 40
29 94 77 86 0 0 21 0.01 0.0 0 10.1 22 50 M M 1 32 30
30 97 77 87 1 0 22 0.00 0.0 0 8.3 18 110 M M 3 23 130
================================================================================
SM 2836 2329 0 640 0.13 0.0 305.0 M 66
================================================================================
AV 94.5 77.6 10.2 FASTST M M 2 MAX(MPH)
MISC ----> 30 180 38 170
================================================================================
NOTES:
# LAST OF SEVERAL OCCURRENCES
COLUMN 17 PEAK WIND IN M.P.H.
PRELIMINARY LOCAL CLIMATOLOGICAL DATA (WS FORM: F-6) , PAGE 2
STATION: BROWNSVILLE
MONTH: JUNE
YEAR: 2022
LATITUDE: 25 53 N
LONGITUDE: 97 26 W
[TEMPERATURE DATA] [PRECIPITATION DATA] SYMBOLS USED IN COLUMN 16
AVERAGE MONTHLY: 86.1 TOTAL FOR MONTH: 0.13 1 = FOG OR MIST
DPTR FM NORMAL: 0.5 DPTR FM NORMAL: -2.73 2 = FOG REDUCING VISIBILITY
HIGHEST: 97 ON 30,27 GRTST 24HR 0.10 ON 18-18 TO 1/4 MILE OR LESS
LOWEST: 73 ON 4 3 = THUNDER
SNOW, ICE PELLETS, HAIL 4 = ICE PELLETS
TOTAL MONTH: 0.0 INCH 5 = HAIL
GRTST 24HR 0.0 6 = FREEZING RAIN OR DRIZZLE
GRTST DEPTH: 0 7 = DUSTSTORM OR SANDSTORM:
VSBY 1/2 MILE OR LESS
8 = SMOKE OR HAZE
[NO. OF DAYS WITH] [WEATHER - DAYS WITH] 9 = BLOWING SNOW
X = TORNADO
MAX 32 OR BELOW: 0 0.01 INCH OR MORE: 3
MAX 90 OR ABOVE: 30 0.10 INCH OR MORE: 1
MIN 32 OR BELOW: 0 0.50 INCH OR MORE: 0
MIN 0 OR BELOW: 0 1.00 INCH OR MORE: 0
[HDD (BASE 65) ]
TOTAL THIS MO. 0 CLEAR (SCALE 0-3) 24
DPTR FM NORMAL 0 PTCLDY (SCALE 4-7) 6
TOTAL FM JUL 1 445 CLOUDY (SCALE 8-10) 0
DPTR FM NORMAL 22
[CDD (BASE 65) ]
TOTAL THIS MO. 640
DPTR FM NORMAL 22 [PRESSURE DATA]
TOTAL FM JAN 1 1970 HIGHEST SLP M ON M
DPTR FM NORMAL 49 LOWEST SLP 29.67 ON 6
[REMARKS]
#FINAL-06-22#