000
CXUS54 KLCH 010830
CF6LCH
PRELIMINARY LOCAL CLIMATOLOGICAL DATA (WS FORM: F-6)
STATION: LAKE CHARLES
MONTH: SEPTEMBER
YEAR: 2021
LATITUDE: 30 7 N
LONGITUDE: 93 13 W
TEMPERATURE IN F: :PCPN: SNOW: WIND :SUNSHINE: SKY :PK WND
================================================================================
1 2 3 4 5 6A 6B 7 8 9 10 11 12 13 14 15 16 17 18
12Z AVG MX 2MIN
DY MAX MIN AVG DEP HDD CDD WTR SNW DPTH SPD SPD DIR MIN PSBL S-S WX SPD DR
================================================================================
1 92 77 85 2 0 20 0.11 0.0 M 4.6 22 150 M M 2 138 30 140
2 91 75 83 0 0 18 0.00 0.0 M 3.5 18 70 M M 1 138 24 70
3 93 74 84 2 0 19 0.00 0.0 M 3.5 10 200 M M 0 1 16 220
4 93 75 84 2 0 19 0.01 0.0 M 4.3 16 320 M M 3 138 24 320
5 94 78 86 4 0 21 0.41 0.0 M 4.7 20 270 M M 1 138 31 290
6 86 72 79 -3 0 14 0.25 0.0 M 4.9 17 30 M M 4 13 22 30
7 90 68 79 -3 0 14 0.00 0.0 M 3.3 9 10 M M 2 13 90
8 92 73 83 1 0 18 0.00 0.0 M 3.5 13 20 M M 2 18 18 20
9 91 70 81 -1 0 16 0.00 0.0 M 7.0 21 70 M M 1 18 28 70
10 88 65 77 -4 0 12 0.00 0.0 M 7.0 18 50 M M 0 28 50
11 89 63 76 -5 0 11 0.00 0.0 M 5.8 14 90 M M 0 19 80
12 86 68 77 -4 0 12 0.08 0.0 M 8.9 24 120 M M 4 13 34 110
13 84 75 80 -1 0 15 0.50 0.0 M 10.7 20 140 M M 5 1 26 150
14 78 71 75 -6 0 10 2.48 0.0 M 13.7 30 130 M M 10 18 41 120
15 82 74 78 -2 0 13 0.28 0.0 M 8.2 18 30 M M 10 1 25 10
16 82 74 78 -2 0 13 0.03 0.0 M 7.0 13 30 M M 10 1 18 40
17 87 74 81 1 0 16 0.00 0.0 M 3.4 8 190 M M 5 18 12 210
18 92 74 83 3 0 18 0.00 0.0 M 3.3 14 150 M M 4 138 18 150
19 87 74 81 1 0 16 0.43 0.0 M 4.7 13 150 M M 2 1238 16 150
20 90 74 82 3 0 17 0.00 0.0 M 4.6 12 200 M M 0 1 18 210
21 93 76 85 6 0 20 0.05 0.0 M 5.8 20 10 M M 2 18 28 360
22 82 61 72 -7 0 7 0.00 0.0 M 13.9 26 30 M M 1 1 36 10
23 82 58 70 -8 0 5 0.00 0.0 M 4.0 14 90 M M 0 19 110
24 82 57 70 -8 0 5 0.00 0.0 M 4.3 14 50 M M 0 19 60
25 85 57 71 -7 0 6 0.00 0.0 M 4.0 13 80 M M 0 19 40
26 85 59 72 -6 0 7 0.00 0.0 M 4.3 12 130 M M 1 18 15 80
27 89 70 80 2 0 15 0.00 0.0 M 7.3 15 110 M M 4 1 23 90
28 78 70 74 -3 0 9 3.51 0.0 M 8.8 21 40 M M 6 123 29 20
29 83 69 76 -1 0 11 0.13 0.0 M 6.9 18 130 M M 4 13 23 130
30 79 73 76 -1 0 11 0.29 0.0 M 6.6 17 130 M M 6 12 24 120
================================================================================
SM 2605 2098 0 408 8.56 0.0 182.5 M 90
================================================================================
AV 86.8 69.9 6.1 FASTST M M 3 MAX(MPH)
MISC ----> 30 130 41 120
================================================================================
NOTES:
# LAST OF SEVERAL OCCURRENCES
COLUMN 17 PEAK WIND IN M.P.H.
PRELIMINARY LOCAL CLIMATOLOGICAL DATA (WS FORM: F-6) , PAGE 2
STATION: LAKE CHARLES
MONTH: SEPTEMBER
YEAR: 2021
LATITUDE: 30 7 N
LONGITUDE: 93 13 W
[TEMPERATURE DATA] [PRECIPITATION DATA] SYMBOLS USED IN COLUMN 16
AVERAGE MONTHLY: 78.4 TOTAL FOR MONTH: 8.56 1 = FOG OR MIST
DPTR FM NORMAL: -1.7 DPTR FM NORMAL: 3.38 2 = FOG REDUCING VISIBILITY
HIGHEST: 94 ON 5 GRTST 24HR 3.51 ON 28-28 TO 1/4 MILE OR LESS
LOWEST: 57 ON 25,24 3 = THUNDER
SNOW, ICE PELLETS, HAIL 4 = ICE PELLETS
TOTAL MONTH: 0.0 INCH 5 = HAIL
GRTST 24HR 0.0 6 = FREEZING RAIN OR DRIZZLE
GRTST DEPTH: M ON M 7 = DUSTSTORM OR SANDSTORM:
VSBY 1/2 MILE OR LESS
8 = SMOKE OR HAZE
[NO. OF DAYS WITH] [WEATHER - DAYS WITH] 9 = BLOWING SNOW
X = TORNADO
MAX 32 OR BELOW: 0 0.01 INCH OR MORE: 14
MAX 90 OR ABOVE: 11 0.10 INCH OR MORE: 10
MIN 32 OR BELOW: 0 0.50 INCH OR MORE: 3
MIN 0 OR BELOW: 0 1.00 INCH OR MORE: 2
[HDD (BASE 65) ]
TOTAL THIS MO. 0 CLEAR (SCALE 0-3) 18
DPTR FM NORMAL 0 PTCLDY (SCALE 4-7) 9
TOTAL FM JUL 1 0 CLOUDY (SCALE 8-10) 3
DPTR FM NORMAL 0
[CDD (BASE 65) ]
TOTAL THIS MO. 408
DPTR FM NORMAL -44 [PRESSURE DATA]
TOTAL FM JAN 1 2723 HIGHEST SLP 30.21 ON 22
DPTR FM NORMAL -37 LOWEST SLP 29.70 ON 15
[REMARKS]
#FINAL-09-21#