000
CXUS55 KBOI 011002
CF6TWF
PRELIMINARY LOCAL CLIMATOLOGICAL DATA (WS FORM: F-6)
STATION: TWIN FALLS ID
MONTH: MAY
YEAR: 2021
LATITUDE: 42 28 N
LONGITUDE: 114 29 W
TEMPERATURE IN F: :PCPN: SNOW: WIND :SUNSHINE: SKY :PK WND
================================================================================
1 2 3 4 5 6A 6B 7 8 9 10 11 12 13 14 15 16 17 18
12Z AVG MX 2MIN
DY MAX MIN AVG DEP HDD CDD WTR SNW DPTH SPD SPD DIR MIN PSBL S-S WX SPD DR
================================================================================
1 75 47 61 10 4 0 T M M 17.1 37 300 M M 1 8 48 300
2 61 41 51 0 14 0 0.16 M M 17.8 30 290 M M 5 18 40 290
3 63 32 48 -3 17 0 0.00 M M 10.2 20 210 M M 3 25 290
4 67 41 54 2 11 0 0.00 M M 15.4 26 300 M M 2 36 300
5 72 39 56 4 9 0 0.00 M M 8.6 15 70 M M 0 21 240
6 86 39 63 11 2 0 T M M 8.1 28 260 M M 1 8 38 200
7 64 42 53 0 12 0 0.00 M M 17.5 26 300 M M 2 35 270
8 56 34 45 -8 20 0 0.00 M M 20.7 30 300 M M 0 43 300
9 59 28 44 -10 21 0 0.00 M M 11.9 22 300 M M 1 29 290
10 62 35 49 -5 16 0 0.00 M M 11.1 22 340 M M 3 31 280
11 65 32 49 -5 16 0 0.00 M M 8.1 16 320 M M 0 23 320
12 74 39 57 3 8 0 0.00 M M 7.8 15 200 M M 0 20 210
13 80 44 62 7 3 0 0.00 M M 9.4 17 330 M M 0 23 320
14 77 51 64 9 1 0 T M M 9.0 29 250 M M 1 8 43 230
15 69 47 58 3 7 0 0.02 M M 6.0 17 260 M M 3 24 240
16 78 47 63 7 2 0 0.03 M M 9.1 35 120 M M 2 49 120
17 82 46 64 8 1 0 0.00 M M 7.7 16 200 M M 1 23 190
18 73 51 62 6 3 0 0.00 M M 14.5 28 270 M M 0 37 270
19 68 42 55 -1 10 0 0.00 M M 14.1 25 290 M M 0 33 300
20 60 37 49 -8 16 0 0.04 M M 12.5 23 310 M M 3 32 300
21 52 39 46 -11 19 0 0.32 M M 8.9 22 250 M M 9 13 30 240
22 62 37 50 -7 15 0 0.10 M M 10.0 23 220 M M 3 18 36 180
23 58 39 49 -9 16 0 0.02 M M 11.9 20 280 M M 5 26 240
24 66 44 55 -3 10 0 T M M 12.8 25 280 M M 5 36 270
25 71 42 57 -1 8 0 0.05 M M 7.1 30 300 M M 4 13 39 300
26 67 43 55 -3 10 0 0.00 M M 10.1 18 300 M M 2 26 280
27 80 41 61 2 4 0 0.00 M M 7.9 13 220 M M 0 16 210
28 72 45 59 0 6 0 0.00 M M 15.4 22 300 M M 0 31 300
29 72 45 59 0 6 0 0.00 M M 9.8 20 200 M M 0 25 200
30 79 44 62 3 3 0 0.00 M M 8.9 14 210 M M 0 19 200
31 83 52 68 8 0 3 0.00 M M 11.6 17 290 M M 0 22 280
================================================================================
SM 2153 1285 290 3 0.74 M 351.0 M 56
================================================================================
AV 69.5 41.5 11.3 FASTST M M 2 MAX(MPH)
MISC ----> 37 300 49 120
================================================================================
NOTES:
# LAST OF SEVERAL OCCURRENCES
COLUMN 17 PEAK WIND IN M.P.H.
PRELIMINARY LOCAL CLIMATOLOGICAL DATA (WS FORM: F-6) , PAGE 2
STATION: TWIN FALLS ID
MONTH: MAY
YEAR: 2021
LATITUDE: 42 28 N
LONGITUDE: 114 29 W
[TEMPERATURE DATA] [PRECIPITATION DATA] SYMBOLS USED IN COLUMN 16
AVERAGE MONTHLY: 55.5 TOTAL FOR MONTH: 0.74 1 = FOG OR MIST
DPTR FM NORMAL: 0.1 DPTR FM NORMAL: -0.72 2 = FOG REDUCING VISIBILITY
HIGHEST: 86 ON 6 GRTST 24HR 0.37 ON 21-22 TO 1/4 MILE OR LESS
LOWEST: 28 ON 9 3 = THUNDER
SNOW, ICE PELLETS, HAIL 4 = ICE PELLETS
TOTAL MONTH: M 5 = HAIL
GRTST 24HR M ON M 6 = FREEZING RAIN OR DRIZZLE
GRTST DEPTH: M ON M 7 = DUSTSTORM OR SANDSTORM:
VSBY 1/2 MILE OR LESS
8 = SMOKE OR HAZE
[NO. OF DAYS WITH] [WEATHER - DAYS WITH] 9 = BLOWING SNOW
X = TORNADO
MAX 32 OR BELOW: 0 0.01 INCH OR MORE: 8
MAX 90 OR ABOVE: 0 0.10 INCH OR MORE: 3
MIN 32 OR BELOW: 3 0.50 INCH OR MORE: 0
MIN 0 OR BELOW: 0 1.00 INCH OR MORE: 0
[HDD (BASE 65) ]
TOTAL THIS MO. 290 CLEAR (SCALE 0-3) 24
DPTR FM NORMAL -21 PTCLDY (SCALE 4-7) 6
TOTAL FM JUL 1 5860 CLOUDY (SCALE 8-10) 1
DPTR FM NORMAL -418
[CDD (BASE 65) ]
TOTAL THIS MO. 3
DPTR FM NORMAL -12 [PRESSURE DATA]
TOTAL FM JAN 1 6 HIGHEST SLP 30.18 ON 5
DPTR FM NORMAL -9 LOWEST SLP 29.60 ON 19
[REMARKS]
#FINAL-05-21#