000
CXUS53 KDDC 011452
CF6DDC
PRELIMINARY LOCAL CLIMATOLOGICAL DATA (WS FORM: F-6)
STATION: DODGE CITY KS
MONTH: AUGUST
YEAR: 2022
LATITUDE: 37 46 N
LONGITUDE: 99 58 W
TEMPERATURE IN F: :PCPN: SNOW: WIND :SUNSHINE: SKY :PK WND
================================================================================
1 2 3 4 5 6A 6B 7 8 9 10 11 12 13 14 15 16 17 18
12Z AVG MX 2MIN
DY MAX MIN AVG DEP HDD CDD WTR SNW DPTH SPD SPD DIR MIN PSBL S-S WX SPD DR
================================================================================
1 98 69 84 4 0 19 0.00 0.0 0 6.5 13 200 M M 0 18 19 200
2 102 70 86 6 0 21 0.00 0.0 0 14.5 24 210 M M 0 33 180
3 105 77 91 11 0 26 0.00 0.0 0 10.9 21 40 M M 0 28 50
4 99 72 86 6 0 21 0.00 0.0 0 10.8 21 130 M M 0 18 27 130
5 102 73 88 8 0 23 0.00 0.0 0 11.8 21 160 M M 0 18 29 160
6 103 77 90 10 0 25 0.00 0.0 0 15.7 25 200 M M 0 36 210
7 103 75 89 9 0 24 0.00 0.0 0 13.0 21 200 M M 1 8 35 210
8 91 66 79 -1 0 14 0.00 0.0 0 11.7 23 20 M M 2 30 10
9 96 66 81 2 0 16 0.00 0.0 0 7.6 17 90 M M 1 18 23 70
10 97 62 80 1 0 15 0.00 0.0 0 8.2 18 100 M M 0 8 25 100
11 96 62 79 0 0 14 0.00 0.0 0 7.0 15 100 M M 0 22 110
12 97 62 80 1 0 15 0.00 0.0 0 11.2 21 200 M M 0 8 28 200
13 99 66 83 4 0 18 0.00 0.0 0 12.2 22 170 M M 0 8 28 170
14 102 70 86 7 0 21 0.00 0.0 0 11.8 21 160 M M 0 8 30 170
15 103 73 88 10 0 23 0.00 0.0 0 11.5 21 220 M M 0 8 29 220
16 84 66 75 -3 0 10 0.00 0.0 0 13.7 25 360 M M 4 18 34 340
17 79 60 70 -8 0 5 0.01 0.0 0 7.7 16 40 M M 7 1 21 40
18 92 57 75 -3 0 10 0.00 0.0 0 5.2 12 170 M M 0 18 17 310
19 95 65 80 2 0 15 0.27 0.0 0 12.2 33 20 M M 2 3 50 10
20 88 63 76 -2 0 11 0.01 0.0 0 7.3 16 30 M M 3 1 22 80
21 89 62 76 -1 0 11 0.00 0.0 0 7.5 15 130 M M 2 20 120
22 91 59 75 -2 0 10 0.00 0.0 0 5.8 18 40 M M 1 18 27 50
23 91 58 75 -2 0 10 0.00 0.0 0 6.4 12 180 M M 0 8 20 130
24 94 60 77 0 0 12 0.00 0.0 0 5.8 12 100 M M 0 8 16 190
25 95 61 78 2 0 13 0.00 0.0 0 8.3 18 130 M M 0 8 26 120
26 97 63 80 4 0 15 0.00 0.0 0 11.9 22 180 M M 0 8 31 170
27 89 67 78 2 0 13 0.03 0.0 0 14.7 31 180 M M 2 38 42 180
28 103 64 84 8 0 19 0.00 0.0 0 10.4 18 170 M M 0 18 26 180
29 101 69 85 9 0 20 T 0.0 0 11.7 37 130 M M 0 38 50 120
30 93 62 78 3 0 13 0.00 0.0 0 9.0 17 90 M M 1 25 100
31 95 65 80 5 0 15 0.00 0.0 0 8.6 20 160 M M 0 8 23 150
================================================================================
SM 2969 2041 0 497 0.32 0.0 310.6 M 26
================================================================================
AV 95.8 65.8 10.0 FASTST M M 1 MAX(MPH)
MISC ----> 37 130 # 50 120
================================================================================
NOTES:
# LAST OF SEVERAL OCCURRENCES
COLUMN 17 PEAK WIND IN M.P.H.
PRELIMINARY LOCAL CLIMATOLOGICAL DATA (WS FORM: F-6) , PAGE 2
STATION: DODGE CITY KS
MONTH: AUGUST
YEAR: 2022
LATITUDE: 37 46 N
LONGITUDE: 99 58 W
[TEMPERATURE DATA] [PRECIPITATION DATA] SYMBOLS USED IN COLUMN 16
AVERAGE MONTHLY: 80.8 TOTAL FOR MONTH: 0.32 1 = FOG OR MIST
DPTR FM NORMAL: 2.7 DPTR FM NORMAL: -2.67 2 = FOG REDUCING VISIBILITY
HIGHEST: 105 ON 3 GRTST 24HR 0.28 ON 19-20 TO 1/4 MILE OR LESS
LOWEST: 57 ON 18 3 = THUNDER
SNOW, ICE PELLETS, HAIL 4 = ICE PELLETS
TOTAL MONTH: 0.0 INCH 5 = HAIL
GRTST 24HR 0.0 6 = FREEZING RAIN OR DRIZZLE
GRTST DEPTH: 0 7 = DUSTSTORM OR SANDSTORM:
VSBY 1/2 MILE OR LESS
8 = SMOKE OR HAZE
[NO. OF DAYS WITH] [WEATHER - DAYS WITH] 9 = BLOWING SNOW
X = TORNADO
MAX 32 OR BELOW: 0 0.01 INCH OR MORE: 4
MAX 90 OR ABOVE: 26 0.10 INCH OR MORE: 1
MIN 32 OR BELOW: 0 0.50 INCH OR MORE: 0
MIN 0 OR BELOW: 0 1.00 INCH OR MORE: 0
[HDD (BASE 65) ]
TOTAL THIS MO. 0 CLEAR (SCALE 0-3) 29
DPTR FM NORMAL -2 PTCLDY (SCALE 4-7) 2
TOTAL FM JUL 1 0 CLOUDY (SCALE 8-10) 0
DPTR FM NORMAL -1
[CDD (BASE 65) ]
TOTAL THIS MO. 497
DPTR FM NORMAL 91 [PRESSURE DATA]
TOTAL FM JAN 1 1692 HIGHEST SLP 30.15 ON 10
DPTR FM NORMAL 380 LOWEST SLP 29.61 ON 28
[REMARKS]
#FINAL-08-22#