000
CXUS54 KOUN 010700
CF6PNC
PRELIMINARY LOCAL CLIMATOLOGICAL DATA (WS FORM: F-6)
STATION: PONCA CITY
MONTH: MARCH
YEAR: 2020
LATITUDE: 36 44 N
LONGITUDE: 97 6 W
TEMPERATURE IN F: :PCPN: SNOW: WIND :SUNSHINE: SKY :PK WND
================================================================================
1 2 3 4 5 6A 6B 7 8 9 10 11 12 13 14 15 16 17 18
12Z AVG MX 2MIN
DY MAX MIN AVG DEP HDD CDD WTR SNW DPTH SPD SPD DIR MIN PSBL S-S WX SPD DR
================================================================================
1 73 49 61 17 4 0 0.00 0.0 0 10.9 23 160 M M 0 33 160
2 54 33 44 0 21 0 0.00 0.0 0 9.4 25 30 M M 5 31 20
3 68 31 50 5 15 0 0.00 0.0 0 3.3 10 30 M M 0 13 20
4 63 36 50 5 15 0 0.00 0.0 0 5.8 16 40 M M 0 20 20
5 65 25 45 0 20 0 0.00 0.0 0 9.4 28 20 M M 0 34 360
6 63 25 44 -2 21 0 0.00 0.0 0 5.7 14 140 M M 0 16 140
7 71 38 55 9 10 0 0.00 0.0 0 13.4 24 160 M M 0 32 150
8 66 47 57 11 8 0 0.30 M 0 16.1 28 170 M M 4 1 36 160
9 66 38 52 5 13 0 0.27 0.0 0 12.4 26 220 M M 8 1 37 320
10 68 33 51 4 14 0 0.00 0.0 0 7.1 17 150 M M 3 18 22 180
11 78 54 66 19 0 1 0.00 0.0 0 9.4 26 60 M M 1 36 60
12 74 51 63 15 2 0 0.00 0.0 0 12.6 24 340 M M 0 31 320
13 51 41 46 -2 19 0 0.12 M 0 17.8 28 80 M M 7 13 38 80
14 49 40 45 -3 20 0 0.60 M 0 11.5 22 80 M M 9 13 28 90
15 47 38 43 -6 22 0 0.23 M 0 9.2 18 80 M M 10 1 22 80
16 51 42 47 -2 18 0 0.16 M 0 5.4 10 50 M M 10 1 15 110
17 56 45 51 2 14 0 0.25 M 0 12.1 20 130 M M 10 25 130
18 79 54 67 17 0 2 0.25 0.0 0 10.8 22 160 M M 5 13 26 200
19 78 58 68 18 0 3 0.08 0.0 0 13.5 29 210 M M 5 13 37 220
20 57 32 45 -5 20 0 0.00 0.0 0 16.5 29 360 M M 5 43 330
21 53 28 41 -9 24 0 0.14 0.0 0 8.1 16 120 M M 2 1 20 130
22 53 42 48 -3 17 0 0.44 0.0 0 6.5 15 150 M M 10 1 25 130
23 58 49 54 3 11 0 0.00 0.0 0 8.2 18 130 M M 10 128 22 130
24 70 49 60 9 5 0 0.64 M 0 8.7 25 120 M M 4 13 33 120
25 84 48 66 14 0 1 0.00 0.0 0 10.8 22 220 M M 0 27 220
26 82 53 68 16 0 3 0.00 0.0 0 4.4 12 30 M M 0 17 60
27 76 56 66 14 0 1 0.00 0.0 0 6.6 15 170 M M 1 18 23 160
28 69 47 58 6 7 0 0.02 0.0 0 14.3 30 250 M M 0 38 40 250
29 70 40 55 2 10 0 0.00 0.0 0 5.7 15 210 M M 0 8 22 210
30 65 43 54 1 11 0 0.24 M 0 8.6 28 160 M M 5 1 38 150
31 66 49 58 5 7 0 0.03 M 0 4.5 10 20 M M 5 14 260
================================================================================
SM 2023 1314 348 11 3.77 0.0 298.7 M 119
================================================================================
AV 65.3 42.4 9.6 FASTST M M 4 MAX(MPH)
MISC ----> # 30 250 # 43 330
================================================================================
NOTES:
# LAST OF SEVERAL OCCURRENCES
COLUMN 17 PEAK WIND IN M.P.H.
PRELIMINARY LOCAL CLIMATOLOGICAL DATA (WS FORM: F-6) , PAGE 2
STATION: PONCA CITY
MONTH: MARCH
YEAR: 2020
LATITUDE: 36 44 N
LONGITUDE: 97 6 W
[TEMPERATURE DATA] [PRECIPITATION DATA] SYMBOLS USED IN COLUMN 16
AVERAGE MONTHLY: 53.8 TOTAL FOR MONTH: 3.77 1 = FOG OR MIST
DPTR FM NORMAL: 5.0 DPTR FM NORMAL: 1.06 2 = FOG REDUCING VISIBILITY
HIGHEST: 84 ON 25 GRTST 24HR 0.64 ON 24-24 TO 1/4 MILE OR LESS
LOWEST: 25 ON 6, 5 3 = THUNDER
SNOW, ICE PELLETS, HAIL 4 = ICE PELLETS
TOTAL MONTH: 0.0 INCH 5 = HAIL
GRTST 24HR 0.0 6 = FREEZING RAIN OR DRIZZLE
GRTST DEPTH: 0 7 = DUSTSTORM OR SANDSTORM:
VSBY 1/2 MILE OR LESS
8 = SMOKE OR HAZE
[NO. OF DAYS WITH] [WEATHER - DAYS WITH] 9 = BLOWING SNOW
X = TORNADO
MAX 32 OR BELOW: 0 0.01 INCH OR MORE: 15
MAX 90 OR ABOVE: 0 0.10 INCH OR MORE: 12
MIN 32 OR BELOW: 5 0.50 INCH OR MORE: 2
MIN 0 OR BELOW: 0 1.00 INCH OR MORE: 0
[HDD (BASE 65) ]
TOTAL THIS MO. 348 CLEAR (SCALE 0-3) 14
DPTR FM NORMAL -159 PTCLDY (SCALE 4-7) 10
TOTAL FM JUL 1 3264 CLOUDY (SCALE 8-10) 7
DPTR FM NORMAL -530
[CDD (BASE 65) ]
TOTAL THIS MO. 11
DPTR FM NORMAL 4 [PRESSURE DATA]
TOTAL FM JAN 1 11 HIGHEST SLP M ON M
DPTR FM NORMAL 4 LOWEST SLP 29.53 ON 28
[REMARKS]
#FINAL-03-20#