000
CXUS56 KMTR 010900
CF6SFO
PRELIMINARY LOCAL CLIMATOLOGICAL DATA (WS FORM: F-6)
STATION: SAN FRANCISCO AIRPORT
MONTH: AUGUST
YEAR: 2023
LATITUDE: 37 37 N
LONGITUDE: 122 23 W
TEMPERATURE IN F: :PCPN: SNOW: WIND :SUNSHINE: SKY :PK WND
================================================================================
1 2 3 4 5 6A 6B 7 8 9 10 11 12 13 14 15 16 17 18
12Z AVG MX 2MIN
DY MAX MIN AVG DEP HDD CDD WTR SNW DPTH SPD SPD DIR MIN PSBL S-S WX SPD DR
================================================================================
1 72 58 65 1 0 0 0.00 M M 12.5 25 290 M M 6 32 290
2 67 58 63 -1 2 0 0.00 M M 13.4 25 270 M M 6 33 260
3 67 58 63 -1 2 0 0.00 M M 14.8 25 270 M M 9 8 34 260
4 71 58 65 1 0 0 0.00 M M 12.9 29 290 M M 5 8 36 290
5 75 57 66 2 0 1 0.00 M M 13.0 31 290 M M 3 8 39 300
6 77 57 67 2 0 2 0.00 M M 11.8 28 300 M M 1 18 34 300
7 80 59 70 5 0 5 0.00 M M 11.7 26 290 M M 1 8 33 290
8 75 57 66 1 0 1 0.00 M M 8.5 17 250 M M 2 25 230
9 75 58 67 2 0 2 0.00 M M 10.4 21 290 M M 3 27 310
10 81 59 70 5 0 5 0.00 M M 7.5 17 310 M M 4 23 290
11 78 62 70 5 0 5 0.00 M M 10.0 24 290 M M 5 32 280
12 75 59 67 2 0 2 0.00 M M 10.7 25 300 M M 4 31 300
13 78 58 68 3 0 3 0.00 M M 11.3 25 300 M M 5 31 300
14 74 60 67 2 0 2 0.00 M M 11.5 26 300 M M 5 8 32 300
15 80 59 70 5 0 5 0.00 M M 12.6 24 300 M M 3 30 300
16 77 60 69 4 0 4 0.00 M M 12.9 25 300 M M 4 31 300
17 75 60 68 3 0 3 0.00 M M 13.3 24 300 M M 3 31 290
18 80 63 72 7 0 7 0.00 M M 9.2 21 290 M M 5 26 310
19 77 62 70 5 0 5 0.00 M M 10.4 24 300 M M 5 8 28 300
20 89 61 75 10 0 10 0.00 M M 9.3 23 290 M M 6 18 30 300
21 75 63 69 4 0 4 0.03 M M 12.3 26 180 M M 7 8 41 200
22 78 64 71 6 0 6 0.00 M M 10.7 23 290 M M 4 8 29 290
23 89 63 76 11 0 11 0.00 M M 9.2 25 280 M M 1 18 31 290
24 82 64 73 8 0 8 0.00 M M 9.5 20 230 M M 1 8 24 240
25 72 61 67 2 0 2 0.00 M M 13.2 24 280 M M 6 8 31 280
26 69 59 64 -1 1 0 0.00 M M 14.7 28 290 M M 5 18 34 300
27 70 58 64 -1 1 0 0.00 M M 13.4 30 280 M M 3 8 37 280
28 74 59 67 2 0 2 0.00 M M 17.3 28 290 M M 2 18 36 290
29 76 58 67 2 0 2 0.00 M M 14.7 26 280 M M 1 8 33 280
30 91 61 76 11 0 11 0.00 M M 9.1 25 280 M M 0 8 32 280
31 76 59 68 3 0 3 0.00 M M 11.8 26 260 M M 4 8 35 260
================================================================================
SM 2375 1852 6 111 0.03 M 363.6 M 119
================================================================================
AV 76.6 59.7 11.7 FASTST M M 4 MAX(MPH)
MISC ----> 31 290 41 200
================================================================================
NOTES:
# LAST OF SEVERAL OCCURRENCES
COLUMN 17 PEAK WIND IN M.P.H.
PRELIMINARY LOCAL CLIMATOLOGICAL DATA (WS FORM: F-6) , PAGE 2
STATION: SAN FRANCISCO AIRPORT
MONTH: AUGUST
YEAR: 2023
LATITUDE: 37 37 N
LONGITUDE: 122 23 W
[TEMPERATURE DATA] [PRECIPITATION DATA] SYMBOLS USED IN COLUMN 16
AVERAGE MONTHLY: 68.2 TOTAL FOR MONTH: 0.03 1 = FOG OR MIST
DPTR FM NORMAL: 3.3 DPTR FM NORMAL: -0.01 2 = FOG REDUCING VISIBILITY
HIGHEST: 91 ON 30 GRTST 24HR 0.03 ON 21-21 TO 1/4 MILE OR LESS
LOWEST: 57 ON 8, 6 3 = THUNDER
SNOW, ICE PELLETS, HAIL 4 = ICE PELLETS
TOTAL MONTH: M 5 = HAIL
GRTST 24HR M ON M 6 = FREEZING RAIN OR DRIZZLE
GRTST DEPTH: M ON M 7 = DUSTSTORM OR SANDSTORM:
VSBY 1/2 MILE OR LESS
8 = SMOKE OR HAZE
[NO. OF DAYS WITH] [WEATHER - DAYS WITH] 9 = BLOWING SNOW
X = TORNADO
MAX 32 OR BELOW: 0 0.01 INCH OR MORE: 1
MAX 90 OR ABOVE: 1 0.10 INCH OR MORE: 0
MIN 32 OR BELOW: 0 0.50 INCH OR MORE: 0
MIN 0 OR BELOW: 0 1.00 INCH OR MORE: 0
[HDD (BASE 65) ]
TOTAL THIS MO. 6 CLEAR (SCALE 0-3) 10
DPTR FM NORMAL -38 PTCLDY (SCALE 4-7) 20
TOTAL FM JUL 1 47 CLOUDY (SCALE 8-10) 1
DPTR FM NORMAL -54
[CDD (BASE 65) ]
TOTAL THIS MO. 111
DPTR FM NORMAL 70 [PRESSURE DATA]
TOTAL FM JAN 1 139 HIGHEST SLP M ON M
DPTR FM NORMAL 29 LOWEST SLP 29.58 ON 20
[REMARKS]
#FINAL-08-23#