000
CXUS52 KFFC 271110
CF6ATL
PRELIMINARY LOCAL CLIMATOLOGICAL DATA (WS FORM: F-6)

                                          STATION:   ATLANTA
                                          MONTH:     MAY
                                          YEAR:      2018
                                          LATITUDE:   33 39 N
                                          LONGITUDE:  84 26 W

  TEMPERATURE IN F:       :PCPN:    SNOW:  WIND      :SUNSHINE: SKY     :PK WND
================================================================================
1   2   3   4   5  6A  6B    7    8   9   10  11  12  13   14  15   16   17  18
                                     12Z  AVG MX 2MIN
DY MAX MIN AVG DEP HDD CDD  WTR  SNW DPTH SPD SPD DIR MIN PSBL S-S WX    SPD DR
================================================================================

 1  80  54  67   1   0   2 0.00  0.0    0  4.0 13 170   M    M   2        16 190
 2  82  58  70   4   0   5 0.00  0.0    0  5.0 12 190   M    M   3        16 190
 3  83  59  71   4   0   6 0.00  0.0    0  6.8 13 190   M    M   6        17 200
 4  83  59  71   4   0   6 0.00  0.0    0  6.6 15 280   M    M   5        20 290
 5  78  66  72   5   0   7 0.00  0.0    0  6.0 13 300   M    M   8        17 290
 6  80  60  70   3   0   5 0.00  0.0    0 12.6 25 320   M    M   4 1      35 340
 7  83  61  72   4   0   7 0.00  0.0    0 10.2 17 330   M    M   3        24 340
 8  79  61  70   2   0   5 0.02  0.0    0  7.9 24 350   M    M   4 3      30 350
 9  85  62  74   6   0   9 0.00  0.0    0  4.8  9 130   M    M   4        13 120
10  88  63  76   8   0  11 0.07  0.0    0  8.0 31 350   M    M   4        38 350
11  89  62  76   7   0  11 0.00  0.0    0  4.6 13 270   M    M   2        18 350
12  90  68  79  10   0  14 0.00  0.0    0  5.2 13 310   M    M   2        20 310
13  91  67  79  10   0  14 0.00  0.0    0  5.2 14 340   M    M   2        19 320
14  91  69  80  10   0  15 0.00  0.0    0  5.7 13 160   M    M   7        18  10
15  78  69  74   4   0   9 0.56  0.0    0  7.5 18  90   M    M   9 1      27  80
16  76  69  73   3   0   8 0.53  0.0    0  5.5 10 300   M    M   9 1      15 320
17  82  68  75   5   0  10 0.12  0.0    0  4.6 15 150   M    M   9 13     19 150
18  83  66  75   4   0  10 0.00  0.0    0  6.8 16 150   M    M   7 1      23 140
19  86  70  78   7   0  13    T  0.0    0  6.4 13 290   M    M   8 1      16 280
20  86  68  77   6   0  12 1.09  0.0    0  4.6 28  90   M    M   8 13     42  90
21  83  66  75   3   0  10 0.18  0.0    0  6.6 18 150   M    M   7 8      24 130
22  84  69  77   5   0  12 0.49  0.0    0  5.6 22 220   M    M   8 13     28 220
23  84  69  77   5   0  12 0.29  0.0    0  5.2 14  60   M    M   9 1      18  10
24  86  70  78   6   0  13 0.08  0.0    0  7.2 28  70   M    M   8 123    32  60
25  83  70  77   5   0  12 0.01  0.0    0  7.8 15 160   M    M   9        19 150
26  85  69  77   4   0  12 0.00  0.0    0  4.8 14 170   M    M   8 13     19 170
================================================================================
SM 2178 1692         0 250  3.44     0.0 165.2          M      155
================================================================================
AV 83.8 65.1                               6.4 FASTST   M    M   6    MAX(MPH)
                                 MISC ---->  # 31 350               # 42   90
================================================================================
NOTES:
# LAST OF SEVERAL OCCURRENCES

COLUMN 17 PEAK WIND IN M.P.H.

PRELIMINARY LOCAL CLIMATOLOGICAL DATA (WS FORM: F-6) , PAGE 2

                                          STATION:  ATLANTA
                                          MONTH:    MAY
                                          YEAR:     2018
                                          LATITUDE:   33 39 N
                                          LONGITUDE:  84 26 W

[TEMPERATURE DATA]      [PRECIPITATION DATA]       SYMBOLS USED IN COLUMN 16

AVERAGE MONTHLY: 74.4   TOTAL FOR MONTH:   3.44    1 = FOG OR MIST
DPTR FM NORMAL:   5.0   DPTR FM NORMAL:    0.32    2 = FOG REDUCING VISIBILITY
HIGHEST:    91 ON 14,13 GRTST 24HR  1.09 ON 20-20      TO 1/4 MILE OR LESS
LOWEST:     54 ON  1                               3 = THUNDER
                        SNOW, ICE PELLETS, HAIL    4 = ICE PELLETS
                        TOTAL MONTH:   0.0 INCH    5 = HAIL
                        GRTST 24HR     0.0         6 = FREEZING RAIN OR DRIZZLE
                        GRTST DEPTH:   0           7 = DUSTSTORM OR SANDSTORM:
                                                       VSBY 1/2 MILE OR LESS
                                                   8 = SMOKE OR HAZE
[NO. OF DAYS WITH]      [WEATHER - DAYS WITH]      9 = BLOWING SNOW
                                                   X = TORNADO
MAX 32 OR BELOW:   0    0.01 INCH OR MORE:  11
MAX 90 OR ABOVE:   3    0.10 INCH OR MORE:   7
MIN 32 OR BELOW:   0    0.50 INCH OR MORE:   3
MIN  0 OR BELOW:   0    1.00 INCH OR MORE:   1

[HDD (BASE 65) ]
TOTAL THIS MO.     0    CLEAR  (SCALE 0-3)   6
DPTR FM NORMAL   -24    PTCLDY (SCALE 4-7)  13
TOTAL FM JUL 1  2467    CLOUDY (SCALE 8-10)  7
DPTR FM NORMAL  -297

[CDD (BASE 65) ]
TOTAL THIS MO.   250
DPTR FM NORMAL   110    [PRESSURE DATA]
TOTAL FM JAN 1   300    HIGHEST SLP M ON M
DPTR FM NORMAL    94    LOWEST  SLP 29.82 ON 17

[REMARKS]
