000
CXUS55 KBOU 260900
CF6DEN
PRELIMINARY LOCAL CLIMATOLOGICAL DATA (WS FORM: F-6)
STATION: DENVER CO
MONTH: APRIL
YEAR: 2024
LATITUDE: 39 52 N
LONGITUDE: 104 40 W
TEMPERATURE IN F: :PCPN: SNOW: WIND :SUNSHINE: SKY :PK WND
================================================================================
1 2 3 4 5 6A 6B 7 8 9 10 11 12 13 14 15 16 17 18
12Z AVG MX 2MIN
DY MAX MIN AVG DEP HDD CDD WTR SNW DPTH SPD SPD DIR MIN PSBL S-S WX SPD DR
================================================================================
1 52 32 42 -4 23 0 0.35 T 0 9.2 23 350 M M 8 123 31 360
2 61 31 46 0 19 0 0.00 0.0 0 10.9 23 330 M M 2 31 360
3 71 37 54 8 11 0 0.00 0.0 0 9.1 28 340 M M 4 35 340
4 75 40 58 12 7 0 0.00 0.0 0 12.5 30 160 M M 3 41 160
5 75 46 61 15 4 0 0.00 0.0 0 15.8 33 170 M M 6 44 160
6 55 36 46 0 19 0 0.03 0.0 0 17.5 35 270 M M 8 1 43 270
7 58 37 48 2 17 0 0.00 0.0 0 16.3 32 270 M M 5 45 270
8 56 24 40 -6 25 0 0.00 0.0 0 6.9 17 270 M M 4 24 290
9 63 25 44 -3 21 0 0.00 0.0 0 6.3 16 220 M M 3 19 220
10 59 36 48 1 17 0 0.00 0.0 0 9.3 28 10 M M 7 36 360
11 61 31 46 -1 19 0 0.00 0.0 0 7.8 16 210 M M 3 22 210
12 77 36 57 10 8 0 0.00 0.0 0 11.2 22 180 M M 2 29 170
13 78 46 62 15 3 0 0.00 0.0 0 9.3 22 210 M M 6 27 200
14 80 45 63 16 2 0 0.00 M M 14.1 29 140 M M 1 40 120
15 77 39 58 11 7 0 0.00 0.0 0 15.9 33 200 M M 4 78 43 290
16 67 42 55 7 10 0 0.38 0.0 0 15.7 39 320 M M 6 57 310
17 73 36 55 7 10 0 T T 0 11.7 32 30 M M 8 41 30
18 36 31 34 -14 31 0 0.01 T T 10.5 17 30 M M 10 168 23 30
19 41 30 36 -12 29 0 0.35 3.3 T 9.2 20 20 M M 10 12 24 30
20 36 30 33 -15 32 0 0.28 3.0 6 8.6 17 340 M M 10 126 22 320
21 64 31 48 0 17 0 0.00 0.0 2 9.7 23 150 M M 7 12 28 160
22 76 47 62 13 3 0 0.00 0.0 0 12.5 23 300 M M 7 32 280
23 63 41 52 3 13 0 T 0.0 0 10.0 28 360 M M 6 37 340
24 78 42 60 11 5 0 0.00 0.0 0 9.4 26 200 M M 3 35 210
25 72 47 60 10 5 0 0.14 0.0 0 9.9 25 310 M M 7 1238 33 320
================================================================================
SM 1604 918 357 0 1.54 6.3 279.3 M 140
================================================================================
AV 64.2 36.7 11.2 FASTST M M 6 MAX(MPH)
MISC ----> 39 320 57 310
================================================================================
NOTES:
# LAST OF SEVERAL OCCURRENCES
COLUMN 17 PEAK WIND IN M.P.H.
PRELIMINARY LOCAL CLIMATOLOGICAL DATA (WS FORM: F-6) , PAGE 2
STATION: DENVER CO
MONTH: APRIL
YEAR: 2024
LATITUDE: 39 52 N
LONGITUDE: 104 40 W
[TEMPERATURE DATA] [PRECIPITATION DATA] SYMBOLS USED IN COLUMN 16
AVERAGE MONTHLY: 50.4 TOTAL FOR MONTH: 1.54 1 = FOG OR MIST
DPTR FM NORMAL: 3.2 DPTR FM NORMAL: 0.23 2 = FOG REDUCING VISIBILITY
HIGHEST: 80 ON 14 GRTST 24HR 0.62 ON 19-20 TO 1/4 MILE OR LESS
LOWEST: 24 ON 8 3 = THUNDER
SNOW, ICE PELLETS, HAIL 4 = ICE PELLETS
TOTAL MONTH: 6.3 INCHES 5 = HAIL
GRTST 24HR 3.3 ON 19-19 6 = FREEZING RAIN OR DRIZZLE
GRTST DEPTH: 6 ON 20 7 = DUSTSTORM OR SANDSTORM:
VSBY 1/2 MILE OR LESS
8 = SMOKE OR HAZE
[NO. OF DAYS WITH] [WEATHER - DAYS WITH] 9 = BLOWING SNOW
X = TORNADO
MAX 32 OR BELOW: 0 0.01 INCH OR MORE: 7
MAX 90 OR ABOVE: 0 0.10 INCH OR MORE: 5
MIN 32 OR BELOW: 9 0.50 INCH OR MORE: 0
MIN 0 OR BELOW: 0 1.00 INCH OR MORE: 0
[HDD (BASE 65) ]
TOTAL THIS MO. 357 CLEAR (SCALE 0-3) 5
DPTR FM NORMAL -87 PTCLDY (SCALE 4-7) 16
TOTAL FM JUL 1 4920 CLOUDY (SCALE 8-10) 4
DPTR FM NORMAL -557
[CDD (BASE 65) ]
TOTAL THIS MO. 0
DPTR FM NORMAL 0 [PRESSURE DATA]
TOTAL FM JAN 1 0 HIGHEST SLP M ON M
DPTR FM NORMAL 0 LOWEST SLP 29.12 ON 6
[REMARKS]