000
CXHW53 PHFO 011250
CF6KOA
PRELIMINARY LOCAL CLIMATOLOGICAL DATA (WS FORM: F-6)

                                          STATION:   KONA HI
                                          MONTH:     JUNE
                                          YEAR:      2022
                                          LATITUDE:   19 38 N
                                          LONGITUDE: 156  0 W

  TEMPERATURE IN F:       :PCPN:    SNOW:  WIND      :SUNSHINE: SKY     :PK WND
================================================================================
1   2   3   4   5  6A  6B    7    8   9   10  11  12  13   14  15   16   17  18
                                     12Z  AVG MX 2MIN
DY MAX MIN AVG DEP HDD CDD  WTR  SNW DPTH SPD SPD DIR MIN PSBL S-S WX    SPD DR
================================================================================

 1  84  71  78  -1   0  13    T    M    M  6.5 13 190   M    M   6        16 190
 2  85  74  80   1   0  15 0.00    M    M  7.4 14 200   M    M   6        18 220
 3  86  74  80   1   0  15 0.00    M    M  9.3 18 180   M    M   6        21 180
 4  85  74  80   1   0  15 0.01    M    M  7.4 16 170   M    M   5        19 180
 5  85  73  79   0   0  14 0.09    M    M  7.7 17  40   M    M   7 1      20  40
 6  85  73  79   0   0  14    T    M    M  7.8 16 230   M    M   6        19 210
 7  85  73  79   0   0  14 0.00    M    M  7.6 14 230   M    M   6        16 230
 8  86  78  82   2   0  17 0.00    M    M 10.4 15 250   M    M   8        17 230
 9  85  74  80   0   0  15    T    M    M  8.7 16 260   M    M   6        20 110
10  86  72  79  -1   0  14 0.00    M    M  7.4 14 210   M    M   4        18 210
11  86  74  80   0   0  15 0.00    M    M  7.2 16 190   M    M   3        21 200
12  87  74  81   1   0  16 0.00    M    M  9.1 16 190   M    M   2        19 190
13  87  75  81   1   0  16    T    M    M  8.6 16 210   M    M   5        22 230
14  87  75  81   1   0  16 0.00    M    M  8.2 15 160   M    M   3        20 210
15  85  74  80   0   0  15 0.01    M    M  8.1 17 190   M    M   4        23 170
16  86  73  80   0   0  15 0.16    M    M  7.5 17 180   M    M   4 1      22 180
17  85  72  79  -1   0  14 0.01    M    M  8.0 13  90   M    M   7        16 200
18  85  74  80   0   0  15 0.00    M    M  8.6 15 140   M    M   8        17 240
19  87  75  81   1   0  16 0.01    M    M  7.4 14 230   M    M   6        18 210
20  86  74  80   0   0  15 0.00    M    M  7.8 16 150   M    M   4        18 150
21  87  74  81   1   0  16 0.31    M    M  8.3 17 190   M    M   4 1      21 190
22  84  73  79  -1   0  14 0.46    M    M  9.3 18 220   M    M   5 1      22 210
23  85  71  78  -2   0  13    T    M    M  8.8 17  30   M    M   3        21  30
24  85  71  78  -2   0  13 0.00    M    M  9.0 17 140   M    M   3        21 140
25  84  73  79  -1   0  14 1.42    M    M  9.0 21  90   M    M   9 1X     24 100
26  84  70  77  -3   0  12 0.07    M    M  8.9 20 130   M    M   8 1      22 130
27  85  73  79  -1   0  14 0.00    M    M  6.5 16 140   M    M   3        19 140
28  86  72  79  -1   0  14 0.00    M    M  6.9 13 150   M    M   4        21 160
29  86  74  80   0   0  15 0.00    M    M  7.7 13 200   M    M   6        16 230
30  86  75  81   1   0  16 0.00    M    M  7.9 14 200   M    M   3        18 180
================================================================================
SM 2565 2202         0 440  2.55    M    243.0          M      154
================================================================================
AV 85.5 73.4                               8.1 FASTST   M    M   5    MAX(MPH)
                                 MISC ---->    21  90                 24 100
================================================================================
NOTES:
# LAST OF SEVERAL OCCURRENCES

COLUMN 17 PEAK WIND IN M.P.H.

PRELIMINARY LOCAL CLIMATOLOGICAL DATA (WS FORM: F-6) , PAGE 2

                                          STATION:   KONA HI
                                          MONTH:     JUNE
                                          YEAR:      2022
                                          LATITUDE:   19 38 N
                                          LONGITUDE: 156  0 W

[TEMPERATURE DATA]      [PRECIPITATION DATA]       SYMBOLS USED IN COLUMN 16

AVERAGE MONTHLY: 79.5   TOTAL FOR MONTH:   2.55    1 = FOG OR MIST
DPTR FM NORMAL:  -0.2   DPTR FM NORMAL:    1.79    2 = FOG REDUCING VISIBILITY
HIGHEST:    87 ON 21,19  GRTST 24HR  1.49 ON 25-26      TO 1/4 MILE OR LESS
LOWEST:     70 ON 26                               3 = THUNDER
                        SNOW, ICE PELLETS, HAIL    4 = ICE PELLETS
                        TOTAL MONTH:  M            5 = HAIL
                        GRTST 24HR    M  ON   M    6 = FREEZING RAIN OR DRIZZLE
                        GRTST DEPTH:  M  ON   M    7 = DUSTSTORM OR SANDSTORM:
                                                       VSBY 1/2 MILE OR LESS
                                                   8 = SMOKE OR HAZE
[NO. OF DAYS WITH]      [WEATHER - DAYS WITH]      9 = BLOWING SNOW
                                                   X = TORNADO
MAX 32 OR BELOW:   0    0.01 INCH OR MORE:  10
MAX 90 OR ABOVE:   0    0.10 INCH OR MORE:   4
MIN 32 OR BELOW:   0    0.50 INCH OR MORE:   1
MIN  0 OR BELOW:   0    1.00 INCH OR MORE:   1

[HDD (BASE 65) ]
TOTAL THIS MO.     0    CLEAR  (SCALE 0-3)   6
DPTR FM NORMAL     0    PTCLDY (SCALE 4-7)  23
TOTAL FM JUL 1     0    CLOUDY (SCALE 8-10)  1
DPTR FM NORMAL     0

[CDD (BASE 65) ]
TOTAL THIS MO.   440
DPTR FM NORMAL     2    [PRESSURE DATA]
TOTAL FM JAN 1  2374    HIGHEST SLP 30.08 ON 30
DPTR FM NORMAL   231    LOWEST  SLP 29.92 ON 24

[REMARKS]
#FINAL-06-22#
