000
CDUS43 KICT 252203
CLIICT

CLIMATE REPORT
NATIONAL WEATHER SERVICE WICHITA KANSAS
503 PM CDT MON OCT 25 2021

...................................

...THE WICHITA EISENHOWER NATIONAL CLIMATE SUMMARY FOR OCTOBER 25 2021...
VALID TODAY AS OF 0500 PM LOCAL TIME.

CLIMATE NORMAL PERIOD 1991 TO 2020
CLIMATE RECORD PERIOD 1888 TO 2021


WEATHER ITEM   OBSERVED TIME   RECORD YEAR NORMAL DEPARTURE LAST
                VALUE   (LST)  VALUE       VALUE  FROM      YEAR
                                                  NORMAL
...................................................................
TEMPERATURE (F)
 TODAY
  MAXIMUM         59    350 PM  91    2014  67     -8       40
  MINIMUM         46    553 AM  24    1975  43      3       30
  AVERAGE         53                        55     -2       35

PRECIPITATION (IN)
  TODAY            0.00          1.63 2000   0.08  -0.08      T
  MONTH TO DATE    3.24                      2.43   0.81     0.07
  SINCE SEP 1      6.28                      5.48   0.80     1.65
  SINCE JAN 1     28.34                     31.31  -2.97    23.53

SNOWFALL (IN)
  TODAY            0.0           0.5  1898   0.0    0.0      0.0
  MONTH TO DATE    0.0                       0.1   -0.1      0.0
  SINCE SEP 1      0.0                       0.1   -0.1      0.0
  SINCE JUL 1      0.0                       0.1   -0.1       T
  SNOW DEPTH       0

DEGREE DAYS
 HEATING
  TODAY           12                        10      2       30
  MONTH TO DATE   78                       159    -81      206
  SINCE SEP 1     80                       191   -111      256
  SINCE JUL 1     80                       191   -111      256

 COOLING
  TODAY            0                         0      0        0
  MONTH TO DATE   48                        43      5       47
  SINCE SEP 1    375                       276     99      217
  SINCE JAN 1   1805                      1769     36     1767
...................................................................


WIND (MPH)
  HIGHEST WIND SPEED    16   HIGHEST WIND DIRECTION    NE (30)
  HIGHEST GUST SPEED    24   HIGHEST GUST DIRECTION    NE (30)
  AVERAGE WIND SPEED     9.1


SKY COVER
  POSSIBLE SUNSHINE  MM
  AVERAGE SKY COVER 0.6


WEATHER CONDITIONS
THE FOLLOWING WEATHER WAS RECORDED TODAY.
  NO SIGNIFICANT WEATHER WAS OBSERVED.


RELATIVE HUMIDITY (PERCENT)
 HIGHEST    89           500 AM
 LOWEST     70           400 PM
 AVERAGE    80

..........................................................


THE WICHITA EISENHOWER NATIONAL CLIMATE NORMALS FOR TOMORROW
                         NORMAL    RECORD    YEAR
 MAXIMUM TEMPERATURE (F)   66        90      1950
                                             2014
 MINIMUM TEMPERATURE (F)   43        24      2020


SUNRISE AND SUNSET
OCTOBER 25 2021.......SUNRISE   748 AM CDT   SUNSET   639 PM CDT
OCTOBER 26 2021.......SUNRISE   749 AM CDT   SUNSET   638 PM CDT


-  INDICATES NEGATIVE NUMBERS.
R  INDICATES RECORD WAS SET OR TIED.
MM INDICATES DATA IS MISSING.
T  INDICATES TRACE AMOUNT.




$$
