000
CDUS43 KICT 190624
CLIICT


CLIMATE REPORT
NATIONAL WEATHER SERVICE WICHITA KS
1223 AM CST WED FEB 19 2020


...................................

...THE WICHITA EISENHOWER NATIONAL CLIMATE SUMMARY FOR FEBRUARY 18 2020...

CLIMATE NORMAL PERIOD 1981 TO 2010
CLIMATE RECORD PERIOD 1888 TO 2020


WEATHER ITEM   OBSERVED TIME   RECORD YEAR NORMAL DEPARTURE LAST
                VALUE   (LST)  VALUE       VALUE  FROM      YEAR
                                                  NORMAL
..................................................................
TEMPERATURE (F)
 YESTERDAY
  MAXIMUM         48    321 PM  77    2016  49     -1       32
  MINIMUM         32   1159 PM  -2    1889  27      5       15
  AVERAGE         40                        38      2       24

PRECIPITATION (IN)
  YESTERDAY        0.00          1.46 1915   0.05  -0.05     0.00
  MONTH TO DATE    0.38                      0.71  -0.33     0.12
  SINCE DEC 1      4.52                      2.74   1.78     3.24
  SINCE JAN 1      2.75                      1.54   1.21     1.44

SNOWFALL (IN)
  YESTERDAY        0.0           6.0  1938   0.1   -0.1      0.0
  MONTH TO DATE    2.1                       2.4   -0.3       T
  SINCE DEC 1      6.5                      10.2   -3.7      1.4
  SINCE JUL 1      6.9                      11.6   -4.7      5.1
  SNOW DEPTH       0

DEGREE DAYS
 HEATING
  YESTERDAY       25                        27     -2       41
  MONTH TO DATE  503                       527    -24      555
  SINCE DEC 1   2184                      2511   -327     2386
  SINCE JUL 1   3164                      3387   -223     3395

 COOLING
  YESTERDAY        0                         0      0        0
  MONTH TO DATE    0                         0      0        0
  SINCE DEC 1      0                         0      0        0
  SINCE JAN 1      0                         0      0        0
..................................................................


WIND (MPH)
  HIGHEST WIND SPEED    24   HIGHEST WIND DIRECTION     N (20)
  HIGHEST GUST SPEED    33   HIGHEST GUST DIRECTION     N (360)
  AVERAGE WIND SPEED    12.5


SKY COVER
  POSSIBLE SUNSHINE  MM
  AVERAGE SKY COVER 0.5


WEATHER CONDITIONS
 THE FOLLOWING WEATHER WAS RECORDED YESTERDAY.
  NO SIGNIFICANT WEATHER WAS OBSERVED.


RELATIVE HUMIDITY (PERCENT)
 HIGHEST    70           200 AM
 LOWEST     37           200 PM
 AVERAGE    54

..........................................................


THE WICHITA EISENHOWER NATIONAL CLIMATE NORMALS FOR TODAY
                         NORMAL    RECORD    YEAR
 MAXIMUM TEMPERATURE (F)   49        74      1996
                                             1930
 MINIMUM TEMPERATURE (F)   27         2      1975
                                             1903


SUNRISE AND SUNSET
FEBRUARY 19 2020......SUNRISE   715 AM CST   SUNSET   613 PM CST
FEBRUARY 20 2020......SUNRISE   714 AM CST   SUNSET   614 PM CST


-  INDICATES NEGATIVE NUMBERS.
R  INDICATES RECORD WAS SET OR TIED.
MM INDICATES DATA IS MISSING.
T  INDICATES TRACE AMOUNT.




$$
