000
CDUS43 KICT 202207
CLIICT

CLIMATE REPORT
NATIONAL WEATHER SERVICE WICHITA KANSAS
507 PM CDT TUE OCT 20 2020

...................................

...THE WICHITA EISENHOWER NATIONAL CLIMATE SUMMARY FOR OCTOBER 20 2020...
VALID TODAY AS OF 0500 PM LOCAL TIME.

CLIMATE NORMAL PERIOD 1981 TO 2010
CLIMATE RECORD PERIOD 1888 TO 2020


WEATHER ITEM   OBSERVED TIME   RECORD YEAR NORMAL DEPARTURE LAST
                VALUE   (LST)  VALUE       VALUE  FROM      YEAR
                                                  NORMAL
...................................................................
TEMPERATURE (F)
 TODAY
  MAXIMUM         50    356 PM  92    1979  68    -18       76
  MINIMUM         43    813 AM  21    1976  46     -3       45
  AVERAGE         47                        57    -10       61

PRECIPITATION (IN)
  TODAY            0.01          2.02 1935   0.09  -0.08      T
  MONTH TO DATE    0.01                      1.93  -1.92     3.21
  SINCE SEP 1      1.59                      5.07  -3.48     4.19
  SINCE JAN 1     23.47                     29.16  -5.69    39.68

SNOWFALL (IN)
  TODAY            0.0           0.0  2007   0.0    0.0      0.0
  MONTH TO DATE    0.0                       0.0    0.0      0.0
  SINCE SEP 1      0.0                       0.0    0.0      0.0
  SINCE JUL 1      T                         0.0    0.0      0.0
  SNOW DEPTH       0

DEGREE DAYS
 HEATING
  TODAY           18                         9      9        4
  MONTH TO DATE  117                       125     -8      120
  SINCE SEP 1    167                       167      0      120
  SINCE JUL 1    167                       168     -1      120

 COOLING
  TODAY            0                         1     -1        0
  MONTH TO DATE   47                        33     14       29
  SINCE SEP 1    217                       255    -38      445
  SINCE JAN 1   1767                      1682     85     1881
...................................................................


WIND (MPH)
  HIGHEST WIND SPEED    10   HIGHEST WIND DIRECTION     S (180)
  HIGHEST GUST SPEED    13   HIGHEST GUST DIRECTION    SE (130)
  AVERAGE WIND SPEED     5.3


SKY COVER
  POSSIBLE SUNSHINE  MM
  AVERAGE SKY COVER 1.0


WEATHER CONDITIONS
THE FOLLOWING WEATHER WAS RECORDED TODAY.
  LIGHT RAIN
  FOG
  HAZE


RELATIVE HUMIDITY (PERCENT)
 HIGHEST    97           400 AM
 LOWEST     76          1200 AM
 AVERAGE    87

..........................................................


THE WICHITA EISENHOWER NATIONAL CLIMATE NORMALS FOR TOMORROW
                         NORMAL    RECORD    YEAR
 MAXIMUM TEMPERATURE (F)   68        89      1978
                                             2012
 MINIMUM TEMPERATURE (F)   45        29      1976


SUNRISE AND SUNSET
OCTOBER 20 2020.......SUNRISE   743 AM CDT   SUNSET   645 PM CDT
OCTOBER 21 2020.......SUNRISE   744 AM CDT   SUNSET   644 PM CDT


-  INDICATES NEGATIVE NUMBERS.
R  INDICATES RECORD WAS SET OR TIED.
MM INDICATES DATA IS MISSING.
T  INDICATES TRACE AMOUNT.




$$
