000
CDUS43 KICT 040647
CLIICT

CLIMATE REPORT
NATIONAL WEATHER SERVICE WICHITA KANSAS
1247 AM CST THU MAR 04 2021

...................................

...THE WICHITA EISENHOWER NATIONAL CLIMATE SUMMARY FOR MARCH 3 2021...

CLIMATE NORMAL PERIOD 1981 TO 2010
CLIMATE RECORD PERIOD 1888 TO 2021


WEATHER ITEM   OBSERVED TIME   RECORD YEAR NORMAL DEPARTURE LAST
                VALUE   (LST)  VALUE       VALUE  FROM      YEAR
                                                  NORMAL
...................................................................
TEMPERATURE (F)
 YESTERDAY
  MAXIMUM         69    450 PM  80    1910  54     15       64
                                      1994
  MINIMUM         31    719 AM  -2    1960  31      0       31
  AVERAGE         50                        42      8       48

PRECIPITATION (IN)
  YESTERDAY        0.00          1.11 1918   0.07  -0.07     0.00
  MONTH TO DATE    0.00                      0.19  -0.19     0.00
  SINCE MAR 1      0.00                      0.19  -0.19     0.00
  SINCE JAN 1      3.16                      2.20   0.96     4.31

SNOWFALL (IN)
  YESTERDAY        0.0           5.9  1952   0.1   -0.1      0.0
  MONTH TO DATE    0.0                       0.2   -0.2      0.0
  SINCE MAR 1      0.0                       0.2   -0.2      0.0
  SINCE JUL 1     16.7                      12.6    4.1      8.3
  SNOW DEPTH       0

DEGREE DAYS
 HEATING
  YESTERDAY       15                        23     -8       17
  MONTH TO DATE   61                        69     -8       42
  SINCE MAR 1     61                        69     -8       42
  SINCE JUL 1   3732                      3709     23     3495

 COOLING
  YESTERDAY        0                         0      0        0
  MONTH TO DATE    0                         0      0        0
  SINCE MAR 1      0                         0      0        0
  SINCE JAN 1      0                         0      0        0
...................................................................


WIND (MPH)
  HIGHEST WIND SPEED    17   HIGHEST WIND DIRECTION    SW (210)
  HIGHEST GUST SPEED    22   HIGHEST GUST DIRECTION     S (180)
  AVERAGE WIND SPEED     8.5


SKY COVER
  POSSIBLE SUNSHINE  MM
  AVERAGE SKY COVER 0.0


WEATHER CONDITIONS
THE FOLLOWING WEATHER WAS RECORDED YESTERDAY.
  NO SIGNIFICANT WEATHER WAS OBSERVED.


RELATIVE HUMIDITY (PERCENT)
 HIGHEST    72           400 AM
 LOWEST     19           200 PM
 AVERAGE    46

..........................................................


THE WICHITA EISENHOWER NATIONAL CLIMATE NORMALS FOR TODAY
                         NORMAL    RECORD    YEAR
 MAXIMUM TEMPERATURE (F)   54        82      1910
 MINIMUM TEMPERATURE (F)   31         1      1960


SUNRISE AND SUNSET
MARCH  4 2021.........SUNRISE   656 AM CST   SUNSET   627 PM CST
MARCH  5 2021.........SUNRISE   655 AM CST   SUNSET   628 PM CST


-  INDICATES NEGATIVE NUMBERS.
R  INDICATES RECORD WAS SET OR TIED.
MM INDICATES DATA IS MISSING.
T  INDICATES TRACE AMOUNT.




$$
