000
CXHW50 PHFO 011250
CF6JRF
PRELIMINARY LOCAL CLIMATOLOGICAL DATA (WS FORM: F-6)
STATION: KALAELOA ARPT/OAHU HI
MONTH: NOVEMBER
YEAR: 2023
LATITUDE: 21 19 N
LONGITUDE: 158 4 W
TEMPERATURE IN F: :PCPN: SNOW: WIND :SUNSHINE: SKY :PK WND
================================================================================
1 2 3 4 5 6A 6B 7 8 9 10 11 12 13 14 15 16 17 18
12Z AVG MX 2MIN
DY MAX MIN AVG DEP HDD CDD WTR SNW DPTH SPD SPD DIR MIN PSBL S-S WX SPD DR
================================================================================
1 86 71 79 1 0 14 0.00 M M 4.4 10 190 M M 2 14 190
2 86 68 77 -1 0 12 0.00 M M 6.7 15 290 M M 1 20 310
3 88 68 78 0 0 13 0.00 M M 5.8 14 140 M M 2 20 60
4 89 70 80 2 0 15 T M M 6.6 15 80 M M 4 1 25 60
5 89 75 82 4 0 17 T M M 8.5 17 90 M M 3 31 30
6 89 75 82 4 0 17 T M M 9.2 17 90 M M 8 32 80
7 88 74 81 3 0 16 0.02 M M 7.2 16 80 M M 7 1 29 50
8 87 71 79 2 0 14 0.01 M M 6.8 16 130 M M 2 24 140
9 89 71 80 3 0 15 0.00 M M 7.3 17 130 M M 2 25 120
10 89 70 80 3 0 15 T M M 6.5 15 130 M M 3 21 70
11 88 76 82 5 0 17 0.00 M M 8.4 17 100 M M 3 28 70
12 88 76 82 5 0 17 0.00 M M 8.9 21 90 M M 1 35 80
13 88 76 82 5 0 17 T M M 10.5 17 90 M M 1 32 50
14 86 74 80 3 0 15 T M M 10.7 18 60 M M 3 38 60
15 83 72 78 1 0 13 T M M 7.9 20 50 M M 4 37 30
16 85 69 77 0 0 12 0.00 M M 6.5 16 100 M M 2 28 50
17 86 69 78 2 0 13 0.00 M M 7.3 16 30 M M 1 28 70
18 83 66 75 -1 0 10 T M M 7.0 18 170 M M 5 25 180
19 85 72 79 3 0 14 0.03 M M 10.5 21 300 M M 8 26 300
20 84 72 78 2 0 13 0.00 M M 8.0 14 90 M M 6 23 50
21 86 73 80 4 0 15 T M M 5.9 13 130 M M 4 22 40
22 85 72 79 3 0 14 0.00 M M 6.7 15 130 M M 3 22 130
23 86 73 80 4 0 15 0.00 M M 5.7 15 120 M M 3 23 100
24 85 66 76 0 0 11 0.00 M M 5.5 13 130 M M 2 18 140
25 86 70 78 2 0 13 0.00 M M 6.1 16 130 M M 3 24 140
26 87 70 79 3 0 14 0.00 M M 5.8 13 30 M M 1 20 30
27 83 71 77 1 0 12 0.01 M M 5.2 14 100 M M 2 1 20 100
28 82 69 76 0 0 11 0.01 M M 7.6 23 160 M M 5 1 30 160
29 78 71 75 -1 0 10 1.52 M M 6.3 26 140 M M 8 1 33 140
30 81 71 76 0 0 11 T M M 9.4 28 140 M M 4 38 130
================================================================================
SM 2575 2141 0 415 1.60 M 218.9 M 103
================================================================================
AV 85.8 71.4 7.3 FASTST M M 3 MAX(MPH)
MISC ----> 28 140 38 130
================================================================================
NOTES:
# LAST OF SEVERAL OCCURRENCES
COLUMN 17 PEAK WIND IN M.P.H.
PRELIMINARY LOCAL CLIMATOLOGICAL DATA (WS FORM: F-6) , PAGE 2
STATION: KALAELOA ARPT/OAHU HI
MONTH: NOVEMBER
YEAR: 2023
LATITUDE: 21 19 N
LONGITUDE: 158 4 W
[TEMPERATURE DATA] [PRECIPITATION DATA] SYMBOLS USED IN COLUMN 16
AVERAGE MONTHLY: 78.6 TOTAL FOR MONTH: 1.60 1 = FOG OR MIST
DPTR FM NORMAL: 1.8 DPTR FM NORMAL: -0.17 2 = FOG REDUCING VISIBILITY
HIGHEST: 89 ON 10, 9 GRTST 24HR 1.52 ON 29-29 TO 1/4 MILE OR LESS
LOWEST: 66 ON 24,18 3 = THUNDER
SNOW, ICE PELLETS, HAIL 4 = ICE PELLETS
TOTAL MONTH: M 5 = HAIL
GRTST 24HR M ON M 6 = FREEZING RAIN OR DRIZZLE
GRTST DEPTH: M ON M 7 = DUSTSTORM OR SANDSTORM:
VSBY 1/2 MILE OR LESS
8 = SMOKE OR HAZE
[NO. OF DAYS WITH] [WEATHER - DAYS WITH] 9 = BLOWING SNOW
X = TORNADO
MAX 32 OR BELOW: 0 0.01 INCH OR MORE: 6
MAX 90 OR ABOVE: 0 0.10 INCH OR MORE: 1
MIN 32 OR BELOW: 0 0.50 INCH OR MORE: 1
MIN 0 OR BELOW: 0 1.00 INCH OR MORE: 1
[HDD (BASE 65) ]
TOTAL THIS MO. 0 CLEAR (SCALE 0-3) 16
DPTR FM NORMAL 0 PTCLDY (SCALE 4-7) 12
TOTAL FM JUL 1 0 CLOUDY (SCALE 8-10) 2
DPTR FM NORMAL 0
[CDD (BASE 65) ]
TOTAL THIS MO. 415
DPTR FM NORMAL 63 [PRESSURE DATA]
TOTAL FM JAN 1 4366 HIGHEST SLP 30.18 ON 15
DPTR FM NORMAL 264 LOWEST SLP 29.81 ON 29
[REMARKS]
#FINAL-11-23#