000
CXUS54 KLZK 251501
CF6LZK
PRELIMINARY LOCAL CLIMATOLOGICAL DATA (WS FORM: F-6)
STATION: NORTH LITTLE ROCK
MONTH: DECEMBER
YEAR: 2020
LATITUDE: 34 50 N
LONGITUDE: 92 16 W
TEMPERATURE IN F: :PCPN: SNOW: WIND :SUNSHINE: SKY :PK WND
================================================================================
1 2 3 4 5 6A 6B 7 8 9 10 11 12 13 14 15 16 17 18
12Z AVG MX 2MIN
DY MAX MIN AVG DEP HDD CDD WTR SNW DPTH SPD SPD DIR MIN PSBL S-S WX SPD DR
================================================================================
1 53 26 40 -7 25 0 0.00 0.0 0 5.0 10 180 M M 0 16 150
2 51 30 41 -5 24 0 0.03 T 0 9.0 17 130 M M 4 4 21 90
3 42 37 40 -6 25 0 0.31 0.0 0 4.0 11 90 M M 10 1 14 60
4 51 40 46 0 19 0 T 0.0 0 4.0 10 300 M M 5 15 320
5 62 37 50 5 15 0 0.00 0.0 0 6.3 13 310 M M 0 13 260
6 53 39 46 1 19 0 0.00 0.0 0 5.0 12 340 M M 2 15 360
7 54 35 45 0 20 0 0.00 0.0 0 4.0 13 320 M M 3 16 320
8 62 35 49 5 16 0 0.00 0.0 0 4.0 11 340 M M 1 15 340
9 74 41 58 14 7 0 0.00 0.0 0 4.0 9 320 M M 0 13 340
10 74 45 60 16 5 0 0.00 0.0 0 7.1 15 210 M M 0 M M
11 62 49 56 12 9 0 0.67 0.0 0 8.9 13 210 M M 6 18 230
12 57 37 47 3 18 0 0.00 0.0 0 9.1 13 330 M M 2 20 300
13 41 32 37 -6 28 0 0.90 0.1 0 9.2 16 10 M M 7 1 20 10
14 44 28 36 -7 29 0 T T 0 8.6 13 350 M M 4 14 50
15 31 25 28 -15 37 0 0.01 T 0 5.7 10 60 M M 7 1 M M
16 35 29 32 -11 33 0 T T T 5.5 9 330 M M 10 14 300
17 47 26 37 -5 28 0 0.00 0.0 0 5.0 9 200 M M 3 12 340
18 55 30 43 1 22 0 0.00 0.0 0 6.8 14 180 M M 2 21 180
19 45 42 44 2 21 0 0.28 0.0 0 5.3 15 190 M M 10 12 13 190
20 52 42 47 5 18 0 0.00 0.0 0 5.6 8 290 M M 6 12 320
21 65 36 51 9 14 0 0.00 0.0 0 7.5 15 280 M M 0 22 280
22 61 42 52 10 13 0 0.00 0.0 0 8.2 15 150 M M 0 21 140
23 63 34 49 7 16 0 0.08 0.0 0 13.8 21 310 M M 7 13 36 310
24 39 27 33 -9 32 0 0.00 0.0 0 13.9 25 320 M M 3 33 290
25 41 22 32 -9 33 0 0.00 0.0 0 7.8 14 300 M M 1 20 300
26 62 31 47 6 18 0 0.00 0.0 0 8.8 15 200 M M 0 17 210
27 63 41 52 11 13 0 0.00 0.0 0 11.8 23 220 M M 7 32 220
28 53 39 46 5 19 0 0.00 0.0 0 7.8 10 70 M M 0 M M
29 45 35 40 -1 25 0 0.01 0.0 0 9.2 16 70 M M 7 1 20 70
30 58 37 48 7 17 0 0.77 0.0 0 11.1 17 350 M M 10 1 21 10
31 36 33 35 -6 30 0 1.40 0.0 0 16.4 24 60 M M 10 1 33 60
================================================================================
SM 1631 1082 648 0 4.46 0.1 238.2 M 127
================================================================================
AV 52.6 34.9 7.7 FASTST M M 4 MAX(MPH)
MISC ----> 25 320 36 310
================================================================================
NOTES:
# LAST OF SEVERAL OCCURRENCES
COLUMN 17 PEAK WIND IN M.P.H.
PRELIMINARY LOCAL CLIMATOLOGICAL DATA (WS FORM: F-6) , PAGE 2
STATION: NORTH LITTLE ROCK
MONTH: DECEMBER
YEAR: 2020
LATITUDE: 34 50 N
LONGITUDE: 92 16 W
[TEMPERATURE DATA] [PRECIPITATION DATA] SYMBOLS USED IN COLUMN 16
AVERAGE MONTHLY: 43.8 TOTAL FOR MONTH: 4.46 1 = FOG OR MIST
DPTR FM NORMAL: 0.7 DPTR FM NORMAL: -0.55 2 = FOG REDUCING VISIBILITY
HIGHEST: 74 ON 10, 9 GRTST 24HR 1.40 ON 31-31 TO 1/4 MILE OR LESS
LOWEST: 22 ON 25 3 = THUNDER
SNOW, ICE PELLETS, HAIL 4 = ICE PELLETS
TOTAL MONTH: 0.1 INCH 5 = HAIL
GRTST 24HR 0.1 ON 13-13 6 = FREEZING RAIN OR DRIZZLE
GRTST DEPTH: T 7 = DUSTSTORM OR SANDSTORM:
VSBY 1/2 MILE OR LESS
8 = SMOKE OR HAZE
[NO. OF DAYS WITH] [WEATHER - DAYS WITH] 9 = BLOWING SNOW
X = TORNADO
MAX 32 OR BELOW: 1 0.01 INCH OR MORE: 10
MAX 90 OR ABOVE: 0 0.10 INCH OR MORE: 6
MIN 32 OR BELOW: 11 0.50 INCH OR MORE: 4
MIN 0 OR BELOW: 0 1.00 INCH OR MORE: 1
[HDD (BASE 65) ]
TOTAL THIS MO. 648 CLEAR (SCALE 0-3) 16
DPTR FM NORMAL -32 PTCLDY (SCALE 4-7) 10
TOTAL FM JUL 1 1139 CLOUDY (SCALE 8-10) 5
DPTR FM NORMAL -54
[CDD (BASE 65) ]
TOTAL THIS MO. 0
DPTR FM NORMAL -1 [PRESSURE DATA]
TOTAL FM JAN 1 1868 HIGHEST SLP M ON M
DPTR FM NORMAL -302 LOWEST SLP 30.03 ON 9
[REMARKS]
#FINAL-12-20#