000
CXUS53 KDMX 050305
CF6MIW
PRELIMINARY LOCAL CLIMATOLOGICAL DATA (WS FORM: F-6)
STATION: MARSHALLTOWN IA
MONTH: JANUARY
YEAR: 2022
LATITUDE: 42 6 N
LONGITUDE: 92 55 W
TEMPERATURE IN F: :PCPN: SNOW: WIND :SUNSHINE: SKY :PK WND
================================================================================
1 2 3 4 5 6A 6B 7 8 9 10 11 12 13 14 15 16 17 18
12Z AVG MX 2MIN
DY MAX MIN AVG DEP HDD CDD WTR SNW DPTH SPD SPD DIR MIN PSBL S-S WX SPD DR
================================================================================
1 10 -4 3 -17 62 0 M M M 20.7 28 350 M M 8 18 39 10
2 9 -9 0 -20 65 0 0.00 0.0 M 9.0 20 340 M M 0 25 340
3 26 2 14 -6 51 0 0.00 0.0 M 9.5 17 170 M M 0 24 150
4 35 18 27 7 38 0 M M M 16.1 38 300 M M 1 18 50 310
5 17 0 9 -10 56 0 M M M 25.7 40 290 M M 5 8 51 290
6 2 -7 -2 -21 67 0 0.00 0.0 M 16.5 28 320 M M 1 34 320
7 9 -8 1 -18 64 0 0.00 0.0 M 10.7 21 130 M M 5 27 140
8 29 9 19 0 46 0 0.00 0.0 M 14.0 29 320 M M 7 12 35 320
9 20 3 12 -7 53 0 0.00 0.0 M 14.2 31 310 M M 2 40 320
10 18 6 12 -7 53 0 0.00 0.0 M 7.8 16 360 M M 1 19 10
11 44 6 25 6 40 0 0.00 0.0 M 13.7 25 200 M M 0 36 210
12 49 28 39 20 26 0 0.00 0.0 M 6.3 15 300 M M 2 20 250
13 48 25 37 18 28 0 0.00 0.0 M 8.7 18 350 M M 4 1 23 340
14 32 18 25 7 40 0 M M M 16.0 32 50 M M 10 12 41 50
15 18 -8 5 -13 60 0 M M M 12.6 32 50 M M 4 18 39 60
16 33 -3 15 -3 50 0 0.00 0.0 M 9.5 30 330 M M 9 1 37 320
17 30 13 22 4 43 0 0.00 0.0 M 9.6 24 320 M M 7 30 320
18 38 20 29 11 36 0 0.00 0.0 M 13.2 36 320 M M 2 1 44 320
19 20 -4 8 -10 57 0 0.00 0.0 M 22.3 35 310 M M 0 43 320
20 0 -15 -7 -25 72 0 0.00 0.0 M 6.1 16 330 M M 0 21 330
21 17 -18 0 -18 65 0 M M M 11.4 21 200 M M 1 18 32 180
22 38 17 28 10 37 0 M M M 12.5 23 310 M M 6 29 270
23 38 2 20 1 45 0 M M M 11.5 30 330 M M 6 1 38 360
24 28 -6 11 -8 54 0 M M M 13.8 29 320 M M 7 18 37 320
25 4 -15 -5 -24 70 0 0.00 0.0 M 9.9 16 320 M M 0 19 310
26 23 -16 4 -15 61 0 0.00 0.0 M 10.8 21 180 M M 0 30 170
27 35 7 21 2 44 0 0.00 0.0 M 14.0 24 320 M M 6 30 310
28 12 -8 2 -17 63 0 0.00 0.0 M 7.4 16 320 M M 0 19 330
29 29 2 16 -3 49 0 0.00 0.0 M 9.2 20 330 M M 0 27 320
30 21 9 15 -4 50 0 0.00 0.0 M 9.1 22 330 M M 3 1 30 320
31 38 9 24 5 41 0 0.00 0.0 M 14.4 21 140 M M 0 1 28 150
================================================================================
SM 770 73 1586 0 0.00 0.0 386.2 M 97
================================================================================
AV 24.8 2.4 12.5 FASTST M M 3 MAX(MPH)
MISC ----> 40 290 51 290
================================================================================
NOTES:
# LAST OF SEVERAL OCCURRENCES
COLUMN 17 PEAK WIND IN M.P.H.
PRELIMINARY LOCAL CLIMATOLOGICAL DATA (WS FORM: F-6) , PAGE 2
STATION: MARSHALLTOWN IA
MONTH: JANUARY
YEAR: 2022
LATITUDE: 42 6 N
LONGITUDE: 92 55 W
[TEMPERATURE DATA] [PRECIPITATION DATA] SYMBOLS USED IN COLUMN 16
AVERAGE MONTHLY: 13.6 TOTAL FOR MONTH: 0.00 1 = FOG OR MIST
DPTR FM NORMAL: -5.3 DPTR FM NORMAL: -0.77 2 = FOG REDUCING VISIBILITY
HIGHEST: 49 ON 12 GRTST 24HR 0.44 ON 14-14 TO 1/4 MILE OR LESS
LOWEST: -18 ON 21 3 = THUNDER
SNOW, ICE PELLETS, HAIL 4 = ICE PELLETS
TOTAL MONTH: 0.0 INCH 5 = HAIL
GRTST 24HR 0.0 6 = FREEZING RAIN OR DRIZZLE
GRTST DEPTH: M ON M 7 = DUSTSTORM OR SANDSTORM:
VSBY 1/2 MILE OR LESS
8 = SMOKE OR HAZE
[NO. OF DAYS WITH] [WEATHER - DAYS WITH] 9 = BLOWING SNOW
X = TORNADO
MAX 32 OR BELOW: 21 0.01 INCH OR MORE: 0
MAX 90 OR ABOVE: 0 0.10 INCH OR MORE: 0
MIN 32 OR BELOW: 31 0.50 INCH OR MORE: 0
MIN 0 OR BELOW: 14 1.00 INCH OR MORE: 0
[HDD (BASE 65) ]
TOTAL THIS MO. 1586 CLEAR (SCALE 0-3) 18
DPTR FM NORMAL 157 PTCLDY (SCALE 4-7) 11
TOTAL FM JUL 1 3803 CLOUDY (SCALE 8-10) 2
DPTR FM NORMAL -371
[CDD (BASE 65) ]
TOTAL THIS MO. 0
DPTR FM NORMAL 0 [PRESSURE DATA]
TOTAL FM JAN 1 0 HIGHEST SLP 30.79 ON 20
DPTR FM NORMAL 0 LOWEST SLP 29.49 ON 4
[REMARKS]
#FINAL-01-22#