000
CXUS55 KCYS 011830 CCA
CF6SNY
PRELIMINARY LOCAL CLIMATOLOGICAL DATA (WS FORM: F-6)...CORRECTED
STATION: SIDNEY NEBRASKA AIRPORT
MONTH: NOVEMBER
YEAR: 2022
LATITUDE: 41 5 N
LONGITUDE: 102 59 W
TEMPERATURE IN F: :PCPN: SNOW: WIND :SUNSHINE: SKY :PK WND
================================================================================
1 2 3 4 5 6A 6B 7 8 9 10 11 12 13 14 15 16 17 18
12Z AVG MX 2MIN
DY MAX MIN AVG DEP HDD CDD WTR SNW DPTH SPD SPD DIR MIN PSBL S-S WX SPD DR
================================================================================
1 72 27 50 9 15 0 0.00 M M 12.3 24 190 M M 0 30 180
2 72 32 52 11 13 0 0.00 M M 7.8 21 120 M M 0 8 27 130
3 43 27 35 -6 30 0 0.05 M M 17.3 29 20 M M 4 128 37 30
4 44 18 31 -9 34 0 T M M 11.7 30 300 M M 2 37 300
5 62 20 41 1 24 0 0.00 M M 18.4 41 280 M M 1 8 57 270
6 46 29 38 -2 27 0 0.00 M M 8.8 21 10 M M 9 29 10
7 49 32 41 2 24 0 0.00 M M 23.6 41 170 M M 4 54 160
8 68 25 47 8 18 0 0.00 M M 9.3 20 340 M M 1 12 24 160
9 32 22 27 -12 38 0 T M M 14.4 31 340 M M 10 126 37 350
10 31 13 22 -16 43 0 0.00 M M 13.0 23 340 M M 4 30 340
11 36 5 21 -17 44 0 0.00 M M 9.9 22 340 M M 0 29 340
12 47 6 27 -11 38 0 0.00 M M 9.0 14 280 M M 0 18 310
13 48 8 28 -9 37 0 0.00 M M 13.9 31 20 M M 2 38 20
14 38 18 28 -9 37 0 0.00 M M 15.5 30 340 M M 4 37 340
15 37 8 23 -13 42 0 T M M 13.6 31 330 M M 6 42 330
16 39 6 23 -13 42 0 0.00 M M 12.7 30 340 M M 8 39 340
17 31 2 17 -19 48 0 T M M 17.0 29 330 M M 6 18 37 330
18 25 -2 12 -23 53 0 0.00 M M 14.9 24 300 M M 0 30 300
19 39 8 24 -11 41 0 0.00 M M 13.4 24 310 M M 0 32 310
20 53 7 30 -5 35 0 0.00 M M 13.6 21 310 M M 0 27 310
21 53 17 35 1 30 0 0.00 M M 9.6 17 280 M M 0 20 300
22 57 19 38 4 27 0 0.00 M M 9.8 17 320 M M 0 22 310
23 59 16 38 4 27 0 0.00 M M 16.8 35 320 M M 0 44 320
24 47 15 31 -2 34 0 T M M 17.4 31 340 M M 2 41 340
25 62 20 41 8 24 0 0.00 M M 9.7 17 290 M M 0 21 290
26 56 20 38 6 27 0 T M M 15.2 31 360 M M 1 1 41 30
27 49 19 34 2 31 0 T M M 10.8 22 240 M M 3 1 29 230
28 54 21 38 6 27 0 T M M 13.9 30 30 M M 4 1 37 30
29 21 -5 8 -23 57 0 0.05 M M 12.9 25 40 M M 5 1 35 40
30 30 -6 12 -19 53 0 0.00 M M 14.8 26 180 M M 0 34 180
================================================================================
SM 1400 447 1020 0 0.10 M 401.0 M 76
================================================================================
AV 46.7 14.9 13.4 FASTST M M 3 MAX(MPH)
MISC ----> # 41 280 57 270
================================================================================
NOTES:
# LAST OF SEVERAL OCCURRENCES
COLUMN 17 PEAK WIND IN M.P.H.
PRELIMINARY LOCAL CLIMATOLOGICAL DATA (WS FORM: F-6) , PAGE 2
STATION: SIDNEY NEBRASKA AIRPORT
MONTH: NOVEMBER
YEAR: 2022
LATITUDE: 41 5 N
LONGITUDE: 102 59 W
[TEMPERATURE DATA] [PRECIPITATION DATA] SYMBOLS USED IN COLUMN 16
AVERAGE MONTHLY: 30.8 TOTAL FOR MONTH: 0.10 1 = FOG OR MIST
DPTR FM NORMAL: -5.4 DPTR FM NORMAL: -0.41 2 = FOG REDUCING VISIBILITY
HIGHEST: 72 ON 2, 1 GRTST 24HR 0.05 ON 3- 3 TO 1/4 MILE OR LESS
LOWEST: -6 ON 30 3 = THUNDER
SNOW, ICE PELLETS, HAIL 4 = ICE PELLETS
TOTAL MONTH: M 5 = HAIL
GRTST 24HR M ON M 6 = FREEZING RAIN OR DRIZZLE
GRTST DEPTH: M ON M 7 = DUSTSTORM OR SANDSTORM:
VSBY 1/2 MILE OR LESS
8 = SMOKE OR HAZE
[NO. OF DAYS WITH] [WEATHER - DAYS WITH] 9 = BLOWING SNOW
X = TORNADO
MAX 32 OR BELOW: 6 0.01 INCH OR MORE: 2
MAX 90 OR ABOVE: 0 0.10 INCH OR MORE: 0
MIN 32 OR BELOW: 30 0.50 INCH OR MORE: 0
MIN 0 OR BELOW: 3 1.00 INCH OR MORE: 0
[HDD (BASE 65) ]
TOTAL THIS MO. 1020 CLEAR (SCALE 0-3) 19
DPTR FM NORMAL 158 PTCLDY (SCALE 4-7) 9
TOTAL FM JUL 1 1561 CLOUDY (SCALE 8-10) 2
DPTR FM NORMAL 6
[CDD (BASE 65) ]
TOTAL THIS MO. 0
DPTR FM NORMAL 0 [PRESSURE DATA]
TOTAL FM JAN 1 1022 HIGHEST SLP 30.61 ON 17
DPTR FM NORMAL 330 LOWEST SLP 29.40 ON 5
[REMARKS]
NOVEMBER 17...TIED RECORD LOW 2 DEGREES PREVIOUSLY SET IN 1996
NOVEMBER 18...RECORD LOW -2 DEGREES (PREVIOUS 2 DEGREES IN 1980)
MONTHLY MEAN TEMPERATURE 30.8 DEGREES WAS 7TH COLDEST FOR NOVEMBER
#FINAL-11-22#