000
CXUS56 KPQR 011155
CF6VUO
PRELIMINARY LOCAL CLIMATOLOGICAL DATA (WS FORM: F-6)
STATION: VANCOUVER WA
MONTH: AUGUST
YEAR: 2021
LATITUDE: 45 37 N
LONGITUDE: 122 39 W
TEMPERATURE IN F: :PCPN: SNOW: WIND :SUNSHINE: SKY :PK WND
================================================================================
1 2 3 4 5 6A 6B 7 8 9 10 11 12 13 14 15 16 17 18
12Z AVG MX 2MIN
DY MAX MIN AVG DEP HDD CDD WTR SNW DPTH SPD SPD DIR MIN PSBL S-S WX SPD DR
================================================================================
1 88 62 75 5 0 10 0.00 M M 5.8 13 280 M M 0 19 320
2 90 60 75 5 0 10 T M M 6.9 16 310 M M 0 22 310
3 88 63 76 6 0 11 0.00 M M 5.8 14 310 M M 0 22 320
4 94 61 78 8 0 13 0.00 M M 6.6 15 320 M M 1 23 320
5 83 64 74 4 0 9 0.00 M M 5.0 14 320 M M 1 20 320
6 82 64 73 3 0 8 0.02 M M 4.2 10 330 M M 8 8 17 10
7 80 59 70 0 0 5 T M M 4.8 16 320 M M 6 23 320
8 76 56 66 -4 0 1 0.00 M M 6.3 13 320 M M 3 19 310
9 85 59 72 2 0 7 0.00 M M 6.7 16 330 M M 1 23 330
10 92 65 79 9 0 14 0.00 M M 7.8 17 300 M M 0 24 300
11 101 66 84 14 0 19 0.00 M M 4.8 14 330 M M 0 19 330
12 103 67 85 15 0 20 0.00 M M 4.5 12 330 M M 0 17 340
13 95 69 82 12 0 17 0.00 M M 3.9 8 310 M M 0 11 340
14 92 66 79 9 0 14 0.00 M M 4.0 12 300 M M 0 15 340
15 93 64 79 9 0 14 0.00 M M 5.0 12 320 M M 0 17 340
16 84 61 73 3 0 8 0.00 M M 5.9 17 310 M M 2 23 330
17 72 57 65 -5 0 0 T M M 2.8 14 300 M M 7 20 290
18 81 58 70 1 0 5 0.00 M M 5.8 12 330 M M 4 17 320
19 82 57 70 1 0 5 0.00 M M 4.9 16 300 M M 4 22 320
20 73 60 67 -2 0 2 T M M 3.6 10 330 M M 10 8 15 310
21 69 M M M M M 0.00 M M 3.7 7 230 M M 10 M M
22 M M M M M M M M M M M M M M M M M
23 74 57 66 -3 0 1 0.00 M M 6.5 16 310 M M 3 21 330
24 86 51 69 0 0 4 0.00 M M 5.8 14 310 M M 0 19 320
25 80 51 66 -2 0 1 0.00 M M 2.1 10 340 M M 0 15 20
26 76 59 68 0 0 3 T M M 4.3 13 310 M M 9 19 310
27 73 59 66 -2 0 1 0.00 M M 5.8 15 310 M M 6 20 300
28 86 53 70 2 0 5 0.00 M M 6.7 15 330 M M 0 22 330
29 87 58 73 5 0 8 0.00 M M 7.1 16 300 M M 0 22 300
30 70 51 61 -7 4 0 0.00 M M 3.8 13 310 M M 7 17 320
31 68 49 59 -9 6 0 0.00 M M 4.6 14 300 M M 4 22 300
================================================================================
SM 2503 1726 10 215 0.02 M 155.5 M 86
================================================================================
AV 83.4 59.5 5.2 FASTST M M 3 MAX(MPH)
MISC ----> # 17 300 24 300
================================================================================
NOTES:
# LAST OF SEVERAL OCCURRENCES
COLUMN 17 PEAK WIND IN M.P.H.
PRELIMINARY LOCAL CLIMATOLOGICAL DATA (WS FORM: F-6) , PAGE 2
STATION: VANCOUVER WA
MONTH: AUGUST
YEAR: 2021
LATITUDE: 45 37 N
LONGITUDE: 122 39 W
[TEMPERATURE DATA] [PRECIPITATION DATA] SYMBOLS USED IN COLUMN 16
AVERAGE MONTHLY: 71.5 TOTAL FOR MONTH: 0.02 1 = FOG OR MIST
DPTR FM NORMAL: 2.1 DPTR FM NORMAL: -0.50 2 = FOG REDUCING VISIBILITY
HIGHEST: 103 ON 12 GRTST 24HR 0.02 ON 6- 6 TO 1/4 MILE OR LESS
LOWEST: 49 ON 31 3 = THUNDER
SNOW, ICE PELLETS, HAIL 4 = ICE PELLETS
TOTAL MONTH: M 5 = HAIL
GRTST 24HR M ON M 6 = FREEZING RAIN OR DRIZZLE
GRTST DEPTH: M ON M 7 = DUSTSTORM OR SANDSTORM:
VSBY 1/2 MILE OR LESS
8 = SMOKE OR HAZE
[NO. OF DAYS WITH] [WEATHER - DAYS WITH] 9 = BLOWING SNOW
X = TORNADO
MAX 32 OR BELOW: 0 0.01 INCH OR MORE: 1
MAX 90 OR ABOVE: 8 0.10 INCH OR MORE: 0
MIN 32 OR BELOW: 0 0.50 INCH OR MORE: 0
MIN 0 OR BELOW: 0 1.00 INCH OR MORE: 0
[HDD (BASE 65) ]
TOTAL THIS MO. 10 CLEAR (SCALE 0-3) 18
DPTR FM NORMAL -3 PTCLDY (SCALE 4-7) 9
TOTAL FM JUL 1 11 CLOUDY (SCALE 8-10) 4
DPTR FM NORMAL -11
[CDD (BASE 65) ]
TOTAL THIS MO. 215
DPTR FM NORMAL 66 [PRESSURE DATA]
TOTAL FM JAN 1 643 HIGHEST SLP 30.15 ON 27
DPTR FM NORMAL 297 LOWEST SLP 29.83 ON 29
[REMARKS]
#FINAL-08-21#