766
CDUS43 KICT 200623
CLICNU


CLIMATE REPORT
NATIONAL WEATHER SERVICE WICHITA KS
123 AM CDT THU SEP 20 2018


...................................

...THE CHANUTE KS CLIMATE SUMMARY FOR SEPTEMBER 19 2018...

CLIMATE NORMAL PERIOD 1981 TO 2010
CLIMATE RECORD PERIOD 1894 TO 2018


WEATHER ITEM   OBSERVED TIME   RECORD YEAR NORMAL DEPARTURE LAST
                VALUE   (LST)  VALUE       VALUE  FROM      YEAR
                                                  NORMAL
..................................................................
TEMPERATURE (F)
 YESTERDAY
  MAXIMUM         92    321 PM 100    1954  80     12       90
  MINIMUM         72    640 AM  38    1991  57     15       66
  AVERAGE         82                        68     14       78

PRECIPITATION (IN)
  YESTERDAY        0.00          3.60 1924   0.14  -0.14     0.00
  MONTH TO DATE    3.39                      2.15   1.24     2.56
  SINCE SEP 1      3.39                      2.15   1.24     2.56
  SINCE JAN 1     30.28                     32.64  -2.36    39.20

DEGREE DAYS
 HEATING
  YESTERDAY        0                         2     -2        0
  MONTH TO DATE    0                        13    -13        3
  SINCE SEP 1      0                        13    -13        3
  SINCE JUL 1      0                        14    -14        3

 COOLING
  YESTERDAY       17                         5     12       13
  MONTH TO DATE  204                       153     51      133
  SINCE SEP 1    204                       153     51      133
  SINCE JAN 1   1785                      1457    328     1440
..................................................................


WIND (MPH)
  HIGHEST WIND SPEED    18   HIGHEST WIND DIRECTION     S (200)
  HIGHEST GUST SPEED    25   HIGHEST GUST DIRECTION     S (180)
  AVERAGE WIND SPEED     9.4


SKY COVER
  POSSIBLE SUNSHINE  MM
  AVERAGE SKY COVER 0.0


WEATHER CONDITIONS
 THE FOLLOWING WEATHER WAS RECORDED YESTERDAY.
  NO SIGNIFICANT WEATHER WAS OBSERVED.


RELATIVE HUMIDITY (PERCENT)
 HIGHEST    93          1200 AM
 LOWEST     52           200 PM
 AVERAGE    73

..........................................................


THE CHANUTE KS CLIMATE NORMALS FOR TODAY
                         NORMAL    RECORD    YEAR
 MAXIMUM TEMPERATURE (F)   79       101      1954
 MINIMUM TEMPERATURE (F)   57        35      1918


SUNRISE AND SUNSET
SEPTEMBER 20 2018.....SUNRISE   708 AM CDT   SUNSET   722 PM CDT
SEPTEMBER 21 2018.....SUNRISE   709 AM CDT   SUNSET   720 PM CDT


-  INDICATES NEGATIVE NUMBERS.
R  INDICATES RECORD WAS SET OR TIED.
MM INDICATES DATA IS MISSING.
T  INDICATES TRACE AMOUNT.




$$
