000
CDUS43 KICT 250617
CLICNU

CLIMATE REPORT
NATIONAL WEATHER SERVICE WICHITA KANSAS
117 AM CDT MON OCT 25 2021

...................................

...THE CHANUTE KS CLIMATE SUMMARY FOR OCTOBER 24 2021...

CLIMATE NORMAL PERIOD 1991 TO 2020
CLIMATE RECORD PERIOD 1894 TO 2021


WEATHER ITEM   OBSERVED TIME   RECORD YEAR NORMAL DEPARTURE LAST
                VALUE   (LST)  VALUE       VALUE  FROM      YEAR
                                                  NORMAL
...................................................................
TEMPERATURE (F)
 YESTERDAY
  MAXIMUM         78        MM  92    1927  68     10       46
  MINIMUM         53        MM  24    1999  44      9       39
  AVERAGE         66                        56     10       43

PRECIPITATION (IN)
  YESTERDAY        T             1.02 1934   0.10  -0.10     0.00
  MONTH TO DATE    6.03                      2.68   3.35     0.92
  SINCE SEP 1     10.15                      6.78   3.37     3.10
  SINCE JAN 1     45.98                     35.97  10.01    29.14

DEGREE DAYS
 HEATING
  YESTERDAY        0                        10    -10       22
  MONTH TO DATE   48                       144    -96      167
  SINCE SEP 1     52                       177   -125      195
  SINCE JUL 1     52                       178   -126      195

 COOLING
  YESTERDAY        1                         1      0        0
  MONTH TO DATE   71                        42     29       50
  SINCE SEP 1    405                       258    147      231
  SINCE JAN 1   1928                      1702    226     1767
...................................................................


WIND (MPH)
  HIGHEST WIND SPEED    23   HIGHEST WIND DIRECTION     S (190)
  HIGHEST GUST SPEED    39   HIGHEST GUST DIRECTION     S (200)
  AVERAGE WIND SPEED    16.0


SKY COVER
  POSSIBLE SUNSHINE  MM
  AVERAGE SKY COVER 0.3


WEATHER CONDITIONS
THE FOLLOWING WEATHER WAS RECORDED YESTERDAY.
  LIGHT RAIN


RELATIVE HUMIDITY (PERCENT)
 HIGHEST    86           900 PM
 LOWEST     64           100 PM
 AVERAGE    75

..........................................................


THE CHANUTE KS CLIMATE NORMALS FOR TODAY
                         NORMAL    RECORD    YEAR
 MAXIMUM TEMPERATURE (F)   68        91      1939
 MINIMUM TEMPERATURE (F)   44        27      1957


SUNRISE AND SUNSET
OCTOBER 25 2021.......SUNRISE   740 AM CDT   SUNSET   631 PM CDT
OCTOBER 26 2021.......SUNRISE   741 AM CDT   SUNSET   630 PM CDT


-  INDICATES NEGATIVE NUMBERS.
R  INDICATES RECORD WAS SET OR TIED.
MM INDICATES DATA IS MISSING.
T  INDICATES TRACE AMOUNT.




$$
