000
CDUS43 KICT 250637
CLISLN


CLIMATE REPORT
NATIONAL WEATHER SERVICE WICHITA KS
136 AM CDT TUE SEP 25 2018


...................................

...THE SALINA KS CLIMATE SUMMARY FOR SEPTEMBER 24 2018...

CLIMATE NORMAL PERIOD 1981 TO 2010
CLIMATE RECORD PERIOD 1894 TO 2018


WEATHER ITEM   OBSERVED TIME   RECORD YEAR NORMAL DEPARTURE LAST
                VALUE   (LST)  VALUE       VALUE  FROM      YEAR
                                                  NORMAL
..................................................................
TEMPERATURE (F)
 YESTERDAY
  MAXIMUM         82    414 PM  95    1933  78      4       93
  MINIMUM         59    238 AM  32    1989  55      4       72
  AVERAGE         71                        66      5       83

PRECIPITATION (IN)
  YESTERDAY        0.00          2.08 1948   0.09  -0.09     0.33
  MONTH TO DATE    5.27                      2.16   3.11     0.85
  SINCE SEP 1      5.27                      2.16   3.11     0.85
  SINCE JAN 1     20.67                     26.50  -5.83    18.56

DEGREE DAYS
 HEATING
  YESTERDAY        0                         3     -3        0
  MONTH TO DATE    6                        27    -21        0
  SINCE SEP 1      6                        27    -21        0
  SINCE JUL 1      6                        28    -22        0

 COOLING
  YESTERDAY        6                         4      2       18
  MONTH TO DATE  216                       183     33      300
  SINCE SEP 1    216                       183     33      300
  SINCE JAN 1   1951                      1590    361     1881
..................................................................


WIND (MPH)
  HIGHEST WIND SPEED    23   HIGHEST WIND DIRECTION     S (160)
  HIGHEST GUST SPEED    29   HIGHEST GUST DIRECTION     S (160)
  AVERAGE WIND SPEED    10.8


SKY COVER
  POSSIBLE SUNSHINE  MM
  AVERAGE SKY COVER 0.3


WEATHER CONDITIONS
 THE FOLLOWING WEATHER WAS RECORDED YESTERDAY.
  NO SIGNIFICANT WEATHER WAS OBSERVED.


RELATIVE HUMIDITY (PERCENT)
 HIGHEST   100           400 AM
 LOWEST     51           400 PM
 AVERAGE    76

..........................................................


THE SALINA KS CLIMATE NORMALS FOR TODAY
                         NORMAL    RECORD    YEAR
 MAXIMUM TEMPERATURE (F)   78        95      1998
 MINIMUM TEMPERATURE (F)   54        36      1912


SUNRISE AND SUNSET
SEPTEMBER 25 2018.....SUNRISE   721 AM CDT   SUNSET   723 PM CDT
SEPTEMBER 26 2018.....SUNRISE   722 AM CDT   SUNSET   721 PM CDT


-  INDICATES NEGATIVE NUMBERS.
R  INDICATES RECORD WAS SET OR TIED.
MM INDICATES DATA IS MISSING.
T  INDICATES TRACE AMOUNT.




$$
