000
CDUS43 KICT 120644
CLISLN

CLIMATE REPORT
NATIONAL WEATHER SERVICE WICHITA KANSAS
144 AM CDT WED MAY 12 2021

...................................

...THE SALINA KS CLIMATE SUMMARY FOR MAY 11 2021...

CLIMATE NORMAL PERIOD 1991 TO 2020
CLIMATE RECORD PERIOD 1894 TO 2021


WEATHER ITEM   OBSERVED TIME   RECORD YEAR NORMAL DEPARTURE LAST
                VALUE   (LST)  VALUE       VALUE  FROM      YEAR
                                                  NORMAL
...................................................................
TEMPERATURE (F)
 YESTERDAY
  MAXIMUM         59   1210 PM  98    2000  75    -16       48
  MINIMUM         49    708 AM  30    1924  51     -2       41
  AVERAGE         54                        63     -9       45

PRECIPITATION (IN)
  YESTERDAY        0.21          2.13 1929   0.16   0.05     0.35
  MONTH TO DATE    2.40                      1.55   0.85     0.82
  SINCE MAR 1      7.95                      6.09   1.86     3.27
  SINCE JAN 1      9.12                      7.67   1.45     5.64

DEGREE DAYS
 HEATING
  YESTERDAY       11                         4      7       20
  MONTH TO DATE   76                        63     13       95
  SINCE MAR 1    880                      1007   -127      953
  SINCE JUL 1   4725                      4879   -154     4807

 COOLING
  YESTERDAY        0                         2     -2        0
  MONTH TO DATE   11                        19     -8       13
  SINCE MAR 1     30                        39     -9       27
  SINCE JAN 1     30                        39     -9       27
...................................................................


WIND (MPH)
  HIGHEST WIND SPEED    15   HIGHEST WIND DIRECTION     E (110)
  HIGHEST GUST SPEED    24   HIGHEST GUST DIRECTION    SE (130)
  AVERAGE WIND SPEED     5.5


SKY COVER
  POSSIBLE SUNSHINE  MM
  AVERAGE SKY COVER 1.0


WEATHER CONDITIONS
THE FOLLOWING WEATHER WAS RECORDED YESTERDAY.
  LIGHT RAIN
  FOG


RELATIVE HUMIDITY (PERCENT)
 HIGHEST    97           700 AM
 LOWEST     51          1200 PM
 AVERAGE    74

..........................................................


THE SALINA KS CLIMATE NORMALS FOR TODAY
                         NORMAL    RECORD    YEAR
 MAXIMUM TEMPERATURE (F)   75        95      1956
 MINIMUM TEMPERATURE (F)   52        34      1952
                                             1960


SUNRISE AND SUNSET
MAY 12 2021...........SUNRISE   621 AM CDT   SUNSET   834 PM CDT
MAY 13 2021...........SUNRISE   620 AM CDT   SUNSET   835 PM CDT


-  INDICATES NEGATIVE NUMBERS.
R  INDICATES RECORD WAS SET OR TIED.
MM INDICATES DATA IS MISSING.
T  INDICATES TRACE AMOUNT.

$$
