000
CDUS43 KICT 250617
CLISLN

CLIMATE REPORT
NATIONAL WEATHER SERVICE WICHITA KANSAS
117 AM CDT MON OCT 25 2021

...................................

...THE SALINA KS CLIMATE SUMMARY FOR OCTOBER 24 2021...

CLIMATE NORMAL PERIOD 1991 TO 2020
CLIMATE RECORD PERIOD 1894 TO 2021


WEATHER ITEM   OBSERVED TIME   RECORD YEAR NORMAL DEPARTURE LAST
                VALUE   (LST)  VALUE       VALUE  FROM      YEAR
                                                  NORMAL
...................................................................
TEMPERATURE (F)
 YESTERDAY
  MAXIMUM         72        MM  92    1939  66      6       41
  MINIMUM         45        MM  26    1972  41      4       34
  AVERAGE         59                        54      5       38

PRECIPITATION (IN)
  YESTERDAY       MM             0.97 2000   0.05  MM        0.00
  MONTH TO DATE    0.77                      1.81  -1.04     0.08
  SINCE SEP 1      4.84                      4.46   0.38     1.89
  SINCE JAN 1     24.70                     27.00  -2.30    23.36

DEGREE DAYS
 HEATING
  YESTERDAY        6                        12     -6       27
  MONTH TO DATE   92                       188    -96      210
  SINCE SEP 1    100                       236   -136      276
  SINCE JUL 1    100                       237   -137      276

 COOLING
  YESTERDAY        0                         0      0        0
  MONTH TO DATE   38                        31      7       43
  SINCE SEP 1    325                       230     95      199
  SINCE JAN 1   1815                      1619    196     1595
...................................................................


WIND (MPH)
  HIGHEST WIND SPEED    24   HIGHEST WIND DIRECTION     W (280)
  HIGHEST GUST SPEED    38   HIGHEST GUST DIRECTION    NW (310)
  AVERAGE WIND SPEED    15.2


SKY COVER
  POSSIBLE SUNSHINE  MM
  AVERAGE SKY COVER 0.3


WEATHER CONDITIONS
THE FOLLOWING WEATHER WAS RECORDED YESTERDAY.
  FOG


RELATIVE HUMIDITY (PERCENT)
 HIGHEST    97           900 AM
 LOWEST     60           400 PM
 AVERAGE    79

..........................................................


THE SALINA KS CLIMATE NORMALS FOR TODAY
                         NORMAL    RECORD    YEAR
 MAXIMUM TEMPERATURE (F)   65        91      1927
 MINIMUM TEMPERATURE (F)   41        24      1975


SUNRISE AND SUNSET
OCTOBER 25 2021.......SUNRISE   750 AM CDT   SUNSET   638 PM CDT
OCTOBER 26 2021.......SUNRISE   752 AM CDT   SUNSET   637 PM CDT


-  INDICATES NEGATIVE NUMBERS.
R  INDICATES RECORD WAS SET OR TIED.
MM INDICATES DATA IS MISSING.
T  INDICATES TRACE AMOUNT.




$$
