000
CXUS56 KLOX 011255
CF6CQT
PRELIMINARY LOCAL CLIMATOLOGICAL DATA (WS FORM: F-6)
STATION: DOWNTOWN LOS ANGELES (USC) CA
MONTH: JANUARY
YEAR: 2024
LATITUDE: 34 1 N
LONGITUDE: 118 17 W
TEMPERATURE IN F: :PCPN: SNOW: WIND :SUNSHINE: SKY :PK WND
================================================================================
1 2 3 4 5 6A 6B 7 8 9 10 11 12 13 14 15 16 17 18
12Z AVG MX 2MIN
DY MAX MIN AVG DEP HDD CDD WTR SNW DPTH SPD SPD DIR MIN PSBL S-S WX SPD DR
================================================================================
1 67 50 59 1 6 0 0.00 M M 1.2 7 90 M M 0 18 10 60
2 68 45 57 -1 8 0 0.00 M M 1.2 8 270 M M 0 1 13 270
3 65 51 58 0 7 0 0.22 M M 1.6 10 260 M M 4 18 18 270
4 66 50 58 0 7 0 0.00 M M 1.7 8 350 M M 0 13 270
5 66 47 57 -1 8 0 0.00 M M 1.0 7 280 M M 0 11 280
6 65 44 55 -3 10 0 0.00 M M 1.1 7 280 M M 1 12 280
7 58 49 54 -4 11 0 0.00 M M 5.5 14 330 M M 0 24 330
8 62 43 53 -5 12 0 0.00 M M 1.2 12 340 M M 0 8 20 350
9 65 44 55 -3 10 0 0.00 M M 0.4 7 260 M M 0 8 10 270
10 63 44 54 -4 11 0 0.00 M M 1.1 8 260 M M 0 13 260
11 64 47 56 -2 9 0 0.00 M M 1.4 12 350 M M 1 19 350
12 64 42 53 -5 12 0 0.00 M M 1.0 8 270 M M 0 8 13 280
13 64 43 54 -4 11 0 0.00 M M 0.9 8 270 M M 0 12 260
14 64 47 56 -2 9 0 0.00 M M 0.6 6 260 M M 4 10 270
15 67 48 58 -1 7 0 0.00 M M 0.7 8 260 M M 0 18 12 260
16 70 48 59 0 6 0 0.00 M M 0.7 9 260 M M 2 18 14 260
17 61 56 59 0 6 0 0.00 M M 0.9 6 110 M M 9 18 7 270
18 68 53 61 2 4 0 0.00 M M 1.4 8 280 M M 3 18 13 270
19 70 53 62 3 3 0 0.00 M M 0.9 8 270 M M 2 18 12 260
20 60 56 58 -1 7 0 0.41 M M 3.1 12 90 M M 10 18 17 90
21 67 57 62 3 3 0 T M M 1.8 7 100 M M 9 1 11 110
22 60 56 58 -1 7 0 1.37 M M 4.7 16 110 M M 9 18 24 100
23 68 52 60 1 5 0 0.00 M M 1.7 8 100 M M 4 128 14 250
24 64 57 61 2 4 0 0.00 M M 1.5 6 270 M M 8 9 120
25 66 55 61 2 4 0 0.05 M M 1.1 8 260 M M 5 1 14 270
26 74 49 62 3 3 0 0.00 M M 0.9 7 270 M M 0 11 260
27 78 52 65 6 0 0 0.00 M M 0.5 6 260 M M 0 10 260
28 80 53 67 8 0 2 0.00 M M 0.5 8 260 M M 0 13 260
29 80 54 67 8 0 2 0.00 M M 1.5 8 270 M M 0 15 270
30 75 51 63 4 2 0 0.00 M M 0.7 7 260 M M 0 8 10 270
31 69 53 61 2 4 0 0.00 M M 1.7 10 110 M M 1 8 15 110
================================================================================
SM 2078 1549 196 4 2.05 M 44.2 M 72
================================================================================
AV 67.0 50.0 1.4 FASTST M M 2 MAX(MPH)
MISC ----> 16 110 # 24 330
================================================================================
NOTES:
# LAST OF SEVERAL OCCURRENCES
COLUMN 17 PEAK WIND IN M.P.H.
PRELIMINARY LOCAL CLIMATOLOGICAL DATA (WS FORM: F-6) , PAGE 2
STATION: DOWNTOWN LOS ANGELES (USC) CA
MONTH: JANUARY
YEAR: 2024
LATITUDE: 34 1 N
LONGITUDE: 118 17 W
[TEMPERATURE DATA] [PRECIPITATION DATA] SYMBOLS USED IN COLUMN 16
AVERAGE MONTHLY: 58.5 TOTAL FOR MONTH: 2.05 1 = FOG OR MIST
DPTR FM NORMAL: 0.1 DPTR FM NORMAL: -1.24 2 = FOG REDUCING VISIBILITY
HIGHEST: 80 ON 29,28 GRTST 24HR 1.37 ON 22-22 TO 1/4 MILE OR LESS
LOWEST: 42 ON 12 3 = THUNDER
SNOW, ICE PELLETS, HAIL 4 = ICE PELLETS
TOTAL MONTH: M 5 = HAIL
GRTST 24HR M ON M 6 = FREEZING RAIN OR DRIZZLE
GRTST DEPTH: M ON M 7 = DUSTSTORM OR SANDSTORM:
VSBY 1/2 MILE OR LESS
8 = SMOKE OR HAZE
[NO. OF DAYS WITH] [WEATHER - DAYS WITH] 9 = BLOWING SNOW
X = TORNADO
MAX 32 OR BELOW: 0 0.01 INCH OR MORE: 4
MAX 90 OR ABOVE: 0 0.10 INCH OR MORE: 3
MIN 32 OR BELOW: 0 0.50 INCH OR MORE: 1
MIN 0 OR BELOW: 0 1.00 INCH OR MORE: 1
[HDD (BASE 65) ]
TOTAL THIS MO. 196 CLEAR (SCALE 0-3) 22
DPTR FM NORMAL -15 PTCLDY (SCALE 4-7) 5
TOTAL FM JUL 1 330 CLOUDY (SCALE 8-10) 4
DPTR FM NORMAL -230
[CDD (BASE 65) ]
TOTAL THIS MO. 4
DPTR FM NORMAL -4 [PRESSURE DATA]
TOTAL FM JAN 1 4 HIGHEST SLP M ON M
DPTR FM NORMAL -4 LOWEST SLP 29.72 ON 22
[REMARKS]
#FINAL-01-24#