181
CXUS53 KILX 021359
CLMILX

CLIMATE REPORT
NATIONAL WEATHER SERVICE LINCOLN IL
1106 AM CDT FRI JUN 1 2018

...................................

...THE LINCOLN IL CLIMATE SUMMARY FOR THE MONTH OF MAY 2018...

CLIMATE NORMAL PERIOD 1981 TO 2010
CLIMATE RECORD PERIOD 1905 TO 2018

WEATHER         OBSERVED          NORMAL  DEPART  LAST YEAR`S
                 VALUE   DATE(S)  VALUE   FROM    VALUE
                                          NORMAL
.............................................................
TEMPERATURE (F)
RECORD
 HIGH             102   05/31/1934
 LOW               24   05/10/1966
HIGHEST            94   05/28        MM      MM       88
LOWEST             46   05/08        MM      MM       37
AVG. MAXIMUM     83.9              74.3     9.6     73.2
AVG. MINIMUM     58.6              51.8     6.8     51.5
MEAN             71.3              63.0     8.3     62.3
DAYS MAX >= 90      2               0.7     1.3        0
DAYS MAX <= 32      0               0.0     0.0        0
DAYS MIN <= 32      0               0.2    -0.2        0
DAYS MIN <= 0       0               0.0     0.0        0

PRECIPITATION (INCHES)
RECORD
 MAXIMUM        12.70   1995
 MINIMUM         0.74   1934
TOTALS           2.99              4.16   -1.17     3.47
DAILY AVG.       0.10              0.13   -0.03     0.11
DAYS >= .01         7              11.7    -4.7       12
DAYS >= .10         5               7.7    -2.7        8
DAYS >= .50         2               2.3    -0.3        3
DAYS >= 1.00        1               1.1    -0.1        0
GREATEST
 24 HR. TOTAL    1.06   05/25 TO 05/25              0.94

SNOWFALL (INCHES)
RECORDS
 TOTAL              T   2004
                        1952
                        1940
TOTALS            0.0               0.0     0.0      0.0
SINCE 7/1        17.3              20.5    -3.2     10.9
DAYS >= 1.0         0               0.0     0.0        0
GREATEST
 SNOW DEPTH         0   MM                             0
 24 HR TOTAL      0.0   05/31 TO 05/31               0.0

DEGREE_DAYS
HEATING TOTAL       4               136    -132      152
 SINCE 7/1       5849              5691     158     4713
COOLING TOTAL     209                76     133       76
 SINCE 1/1        213                91     122       90
..............................................................

WIND (MPH)
AVERAGE WIND SPEED              MM
HIGHEST WIND SPEED/DIRECTION    MM        DATE   MM
HIGHEST GUST SPEED/DIRECTION    MM        DATE   MM

AVERAGE RH (PERCENT)     MM

WEATHER CONDITIONS. NUMBER OF DAYS WITH
THUNDERSTORM              6     MIXED PRECIP               0
HEAVY RAIN                4     RAIN                       3
LIGHT RAIN               12     FREEZING RAIN              0
LT FREEZING RAIN          0     HAIL                       0
HEAVY SNOW                0     SNOW                       0
LIGHT SNOW                0     SLEET                      0
FOG                       8     FOG W/VIS <= 1/4 MILE      0
HAZE                      0

-  INDICATES NEGATIVE NUMBERS.
R  INDICATES RECORD WAS SET OR TIED.
MM INDICATES DATA IS MISSING.
T  INDICATES TRACE AMOUNT.

&&

RECORDS ESTABLISHED DURING MAY 2018

- TIED WARMEST MAY ON RECORD
- TIED RECORD HIGH TEMPERATURE ON MAY 28 WTIH 94 DEGREES

$$
