010
CXUS55 KEAX 010736
CF6IXD
PRELIMINARY LOCAL CLIMATOLOGICAL DATA (WS FORM: F-6)
STATION: NEW CENTURY AIR CENTER KS
MONTH: JUNE
YEAR: 2020
LATITUDE: 38 49 N
LONGITUDE: 94 54 W
TEMPERATURE IN F: :PCPN: SNOW: WIND :SUNSHINE: SKY :PK WND
================================================================================
1 2 3 4 5 6A 6B 7 8 9 10 11 12 13 14 15 16 17 18
12Z AVG MX 2MIN
DY MAX MIN AVG DEP HDD CDD WTR SNW DPTH SPD SPD DIR MIN PSBL S-S WX SPD DR
================================================================================
1 84 66 75 5 0 10 0.00 M M 12.7 23 200 M M 0 31 190
2 88 65 77 7 0 12 0.00 M M 11.8 22 200 M M 0 28 190
3 92 71 82 11 0 17 0.00 M M 10.9 21 210 M M 2 27 200
4 88 64 76 5 0 11 0.48 M M 8.5 32 330 M M 1 13 54 300
5 89 67 78 7 0 13 0.52 M M 7.5 33 300 M M 1 13 48 290
6 92 73 83 11 0 18 0.00 M M 7.9 16 160 M M 0 20 150
7 91 71 81 9 0 16 0.00 M M 10.6 17 130 M M 0 24 130
8 92 72 82 10 0 17 0.00 M M 10.7 22 140 M M 0 33 140
9 90 64 77 5 0 12 0.00 M M 10.5 29 210 M M 2 41 200
10 77 58 68 -5 0 3 0.01 M M 15.1 33 320 M M 5 1 46 340
11 88 53 71 -2 0 6 0.00 M M 8.3 17 210 M M 0 23 200
12 92 64 78 5 0 13 0.00 M M 7.5 17 210 M M 2 23 230
13 91 66 79 6 0 14 0.00 M M 7.4 16 150 M M 0 23 150
14 92 70 81 7 0 16 0.00 M M 8.8 17 150 M M 0 22 150
15 92 70 81 7 0 16 0.00 M M 9.1 16 160 M M 0 24 160
16 92 70 81 7 0 16 0.00 M M 10.3 17 110 M M 1 24 120
17 90 68 79 5 0 14 0.00 M M 12.2 20 130 M M 1 27 140
18 92 69 81 7 0 16 T M M 11.7 21 150 M M 1 28 150
19 77 68 73 -1 0 8 0.53 M M 5.8 20 280 M M 7 13 24 290
20 83 63 73 -2 0 8 0.00 M M 4.4 12 180 M M 2 12 17 320
21 87 65 76 1 0 11 0.00 M M 7.5 17 170 M M 0 25 170
22 89 66 78 3 0 13 0.02 M M 8.5 18 340 M M 2 1 25 350
23 82 62 72 -3 0 7 0.00 M M 9.4 23 340 M M 2 30 350
24 87 56 72 -4 0 7 0.00 M M 2.2 14 330 M M 1 19 350
25 91 66 79 3 0 14 0.81 M M 9.5 21 160 M M 3 13 29 170
26 91 67 79 3 0 14 0.00 M M 10.3 18 170 M M 1 26 170
27 81 66 74 -2 0 9 2.16 M M 7.2 24 20 M M 7 13 33 10
28 89 73 81 5 0 16 0.00 M M 12.0 25 180 M M 2 36 190
29 88 75 82 6 0 17 0.00 M M 12.6 21 150 M M 6 29 150
30 91 76 84 8 0 19 0.00 M M 11.4 22 190 M M 3 33 200
================================================================================
SM 2648 2004 0 383 4.53 M 282.3 M 52
================================================================================
AV 88.3 66.8 9.4 FASTST M M 2 MAX(MPH)
MISC ----> # 33 300 54 300
================================================================================
NOTES:
# LAST OF SEVERAL OCCURRENCES
COLUMN 17 PEAK WIND IN M.P.H.
PRELIMINARY LOCAL CLIMATOLOGICAL DATA (WS FORM: F-6) , PAGE 2
STATION: NEW CENTURY AIR CENTER KS
MONTH: JUNE
YEAR: 2020
LATITUDE: 38 49 N
LONGITUDE: 94 54 W
[TEMPERATURE DATA] [PRECIPITATION DATA] SYMBOLS USED IN COLUMN 16
AVERAGE MONTHLY: 77.5 TOTAL FOR MONTH: 4.53 1 = FOG OR MIST
DPTR FM NORMAL: 3.8 DPTR FM NORMAL: -1.52 2 = FOG REDUCING VISIBILITY
HIGHEST: 92 ON 18,16 GRTST 24HR 2.16 ON 27-27 TO 1/4 MILE OR LESS
LOWEST: 53 ON 11 3 = THUNDER
SNOW, ICE PELLETS, HAIL 4 = ICE PELLETS
TOTAL MONTH: M 5 = HAIL
GRTST 24HR M ON M 6 = FREEZING RAIN OR DRIZZLE
GRTST DEPTH: M ON M 7 = DUSTSTORM OR SANDSTORM:
VSBY 1/2 MILE OR LESS
8 = SMOKE OR HAZE
[NO. OF DAYS WITH] [WEATHER - DAYS WITH] 9 = BLOWING SNOW
X = TORNADO
MAX 32 OR BELOW: 0 0.01 INCH OR MORE: 7
MAX 90 OR ABOVE: 15 0.10 INCH OR MORE: 5
MIN 32 OR BELOW: 0 0.50 INCH OR MORE: 4
MIN 0 OR BELOW: 0 1.00 INCH OR MORE: 1
[HDD (BASE 65) ]
TOTAL THIS MO. 0 CLEAR (SCALE 0-3) 26
DPTR FM NORMAL -7 PTCLDY (SCALE 4-7) 4
TOTAL FM JUL 1 4890 CLOUDY (SCALE 8-10) 0
DPTR FM NORMAL -166
[CDD (BASE 65) ]
TOTAL THIS MO. 383
DPTR FM NORMAL 117 [PRESSURE DATA]
TOTAL FM JAN 1 457 HIGHEST SLP M ON M
DPTR FM NORMAL 79 LOWEST SLP 29.39 ON 9
[REMARKS]
#FINAL-06-20#