000
CXUS53 KILX 020201
CLSLWV

CLIMATE REPORT
NATIONAL WEATHER SERVICE LINCOLN IL
801 PM CST SUN DEC 1 2019

...CORRECTED TABLE AND ADDED RECORDS...

...................................

...THE LAWRENCEVILLE IL AIRPORT CLIMATE SUMMARY FOR THE SEASON, FROM
9/1/2019 TO 11/30/2019...

CLIMATE NORMAL PERIOD 1981 TO 2010
CLIMATE RECORD PERIOD 9999 TO 9999

WEATHER         OBSERVED          NORMAL  DEPART  LAST YEAR`S
                 VALUE   DATE(S)  VALUE   FROM    VALUE
                                          NORMAL
.............................................................
TEMPERATURE (F)
RECORD
 HIGH              MM   MM
 LOW               MM   MM
HIGHEST            95   10/02        MM      MM       97
                        10/01
                        09/30
LOWEST              5   11/13        MM      MM       16
AVG. MAXIMUM     68.6              69.1    -0.5     67.3
AVG. MINIMUM     45.3              46.6    -1.3     47.5
MEAN             56.9              57.8    -0.9     57.4
DAYS MAX >= 90     16               4.0    12.0       17
DAYS MAX <= 32      2               0.1     1.9        2
DAYS MIN <= 32     19              10.8     8.2       17
DAYS MIN <= 0       0               0.0     0.0        0

PRECIPITATION (INCHES)
RECORD
 MAXIMUM           MM   MM
 MINIMUM           MM   MM
TOTALS          10.43             11.14   -0.71    14.49
DAILY AVG.       0.12                               0.16
DAYS >= .01        22                MM      MM       30
DAYS >= .10        18                MM      MM       20
DAYS >= .50         7                MM      MM        8
DAYS >= 1.00        3                MM      MM        5
GREATEST
 24 HR. TOTAL    2.21   MM                          4.72

DEGREE_DAYS
HEATING TOTAL    1040               857     183     1081
 SINCE 7/1       1040               858     182     1082
COOLING TOTAL     317               204     113      411
 SINCE 1/1       1511              1387     124     1952

FREEZE DATES
RECORD
 EARLIEST     MM
 LATEST       MM
EARLIEST                        MM
LATEST                          MM
..............................................................

WIND (MPH)
AVERAGE WIND SPEED              7.5
HIGHEST WIND SPEED/DIRECTION    39/250    DATE  11/27
HIGHEST GUST SPEED/DIRECTION    56/210    DATE  10/26

SKY COVER
POSSIBLE SUNSHINE (PERCENT)   MM
AVERAGE SKY COVER           0.30
NUMBER OF DAYS FAIR           57
NUMBER OF DAYS PC             17
NUMBER OF DAYS CLOUDY         16

AVERAGE RH (PERCENT)     71

WEATHER CONDITIONS. NUMBER OF DAYS WITH
THUNDERSTORM              4     MIXED PRECIP               0
HEAVY RAIN               10     RAIN                      12
LIGHT RAIN               31     FREEZING RAIN              0
LT FREEZING RAIN          0     HAIL                       0
HEAVY SNOW                0     SNOW                       1
LIGHT SNOW                2     SLEET                      0
FOG                      52     FOG W/VIS <= 1/4 MILE      5
HAZE                     13

-  INDICATES NEGATIVE NUMBERS.
R  INDICATES RECORD WAS SET OR TIED.
MM INDICATES DATA IS MISSING.
T  INDICATES TRACE AMOUNT.

$$
