131
CXUS54 KBMX 011110
CF6MGM
PRELIMINARY LOCAL CLIMATOLOGICAL DATA (WS FORM: F-6)
STATION: MONTGOMERY
MONTH: AUGUST
YEAR: 2020
LATITUDE: 32 17 N
LONGITUDE: 86 24 W
TEMPERATURE IN F: :PCPN: SNOW: WIND :SUNSHINE: SKY :PK WND
================================================================================
1 2 3 4 5 6A 6B 7 8 9 10 11 12 13 14 15 16 17 18
12Z AVG MX 2MIN
DY MAX MIN AVG DEP HDD CDD WTR SNW DPTH SPD SPD DIR MIN PSBL S-S WX SPD DR
================================================================================
1 92 75 84 2 0 19 0.00 0.0 0 5.2 16 230 M M 3 1 20 240
2 95 74 85 3 0 20 0.00 0.0 0 3.0 8 300 M M 1 1 11 310
3 94 72 83 1 0 18 T 0.0 0 3.9 14 300 M M 2 17 330
4 94 70 82 0 0 17 0.00 0.0 0 3.8 10 250 M M 1 13 250
5 95 72 84 2 0 19 0.00 0.0 0 3.9 15 260 M M 1 1 21 270
6 94 72 83 1 0 18 0.00 0.0 0 3.5 10 230 M M 1 18 15 290
7 94 71 83 1 0 18 0.00 0.0 0 2.6 10 220 M M 1 1 14 230
8 96 72 84 2 0 19 0.00 0.0 0 3.6 10 240 M M 0 18 14 230
9 97 73 85 3 0 20 0.00 0.0 0 2.4 13 150 M M 1 13 17 150
10 98 75 87 5 0 22 0.04 0.0 0 4.4 18 130 M M 1 13 23 130
11 96 74 85 3 0 20 0.87 0.0 0 3.7 39 330 M M 1 3 59 300
12 95 72 84 2 0 19 0.61 0.0 0 4.6 25 60 M M 1 38 35 50
13 94 73 84 2 0 19 0.12 0.0 0 2.3 18 100 M M 1 13 25 100
14 92 74 83 1 0 18 0.01 0.0 0 4.2 18 310 M M 4 3 21 310
15 92 75 84 2 0 19 0.19 0.0 0 5.4 30 300 M M 5 138 38 290
16 95 72 84 2 0 19 0.00 0.0 0 4.8 12 350 M M 2 16 300
17 95 73 84 2 0 19 0.00 0.0 0 2.2 10 300 M M 1 138 14 240
18 95 73 84 2 0 19 0.00 0.0 0 2.7 9 350 M M 1 1 14 10
19 94 71 83 1 0 18 1.56 0.0 0 6.1 16 30 M M 1 13 20 30
20 84 70 77 -4 0 12 0.43 0.0 0 5.1 28 60 M M 5 13 33 60
21 88 70 79 -2 0 14 0.77 0.0 0 3.1 16 250 M M 5 13 21 240
22 88 69 79 -2 0 14 0.36 0.0 0 4.1 16 260 M M 4 13 20 260
23 91 73 82 1 0 17 0.03 0.0 0 4.8 26 90 M M 5 1 31 90
24 86 75 81 0 0 16 T 0.0 0 9.2 18 80 M M 7 23 100
25 87 77 82 1 0 17 0.35 0.0 0 7.6 12 80 M M 5 1 15 120
26 95 78 87 6 0 22 0.00 0.0 0 6.6 13 90 M M 5 17 100
27 95 76 86 5 0 21 0.02 0.0 0 7.0 18 220 M M 1 3 25 230
28 93 76 85 4 0 20 0.26 0.0 0 4.7 21 290 M M 3 13 24 290
29 91 77 84 4 0 19 T 0.0 0 7.6 15 300 M M 4 18 300
30 93 77 85 5 0 20 T 0.0 0 4.9 17 190 M M 3 22 190
31 89 77 83 3 0 18 0.05 0.0 0 4.2 15 190 M M 5 13 20 200
================================================================================
SM 2877 2278 0 570 5.67 0.0 141.2 M 81
================================================================================
AV 92.8 73.5 4.6 FASTST M M 3 MAX(MPH)
MISC ----> # 39 330 # 59 300
================================================================================
NOTES:
# LAST OF SEVERAL OCCURRENCES
COLUMN 17 PEAK WIND IN M.P.H.
PRELIMINARY LOCAL CLIMATOLOGICAL DATA (WS FORM: F-6) , PAGE 2
STATION: MONTGOMERY
MONTH: AUGUST
YEAR: 2020
LATITUDE: 32 17 N
LONGITUDE: 86 24 W
[TEMPERATURE DATA] [PRECIPITATION DATA] SYMBOLS USED IN COLUMN 16
AVERAGE MONTHLY: 83.2 TOTAL FOR MONTH: 5.67 1 = FOG OR MIST
DPTR FM NORMAL: 1.6 DPTR FM NORMAL: 1.71 2 = FOG REDUCING VISIBILITY
HIGHEST: 98 ON 10 GRTST 24HR 1.56 ON 19-19 TO 1/4 MILE OR LESS
LOWEST: 69 ON 22 3 = THUNDER
SNOW, ICE PELLETS, HAIL 4 = ICE PELLETS
TOTAL MONTH: 0.0 INCH 5 = HAIL
GRTST 24HR 0.0 6 = FREEZING RAIN OR DRIZZLE
GRTST DEPTH: 0 7 = DUSTSTORM OR SANDSTORM:
VSBY 1/2 MILE OR LESS
8 = SMOKE OR HAZE
[NO. OF DAYS WITH] [WEATHER - DAYS WITH] 9 = BLOWING SNOW
X = TORNADO
MAX 32 OR BELOW: 0 0.01 INCH OR MORE: 15
MAX 90 OR ABOVE: 25 0.10 INCH OR MORE: 10
MIN 32 OR BELOW: 0 0.50 INCH OR MORE: 4
MIN 0 OR BELOW: 0 1.00 INCH OR MORE: 1
[HDD (BASE 65) ]
TOTAL THIS MO. 0 CLEAR (SCALE 0-3) 20
DPTR FM NORMAL 0 PTCLDY (SCALE 4-7) 11
TOTAL FM JUL 1 0 CLOUDY (SCALE 8-10) 0
DPTR FM NORMAL 0
[CDD (BASE 65) ]
TOTAL THIS MO. 570
DPTR FM NORMAL 60 [PRESSURE DATA]
TOTAL FM JAN 1 2095 HIGHEST SLP 30.16 ON 9
DPTR FM NORMAL 306 LOWEST SLP 29.77 ON 19
[REMARKS]
#FINAL-08-20#