000
CXUS53 KILX 010747 RRA
CLMPIA

CLIMATE REPORT
NATIONAL WEATHER SERVICE LINCOLN IL
1238 AM CST WED JAN 1 2020

...................................

...THE PEORIA IL CLIMATE SUMMARY FOR THE MONTH OF DECEMBER 2019...

CLIMATE NORMAL PERIOD 1981 TO 2010
CLIMATE RECORD PERIOD 1883 TO 2019

WEATHER         OBSERVED          NORMAL  DEPART  LAST YEAR`S
                 VALUE   DATE(S)  VALUE   FROM    VALUE
                                          NORMAL
.............................................................
TEMPERATURE (F)
RECORD
 HIGH              71   12/02/1982
                        12/03/1970
 LOW              -24   12/28/1924
HIGHEST            63   12/26        36      27       59
                        12/25
LOWEST             13   12/18        21      -8       13
AVG. MAXIMUM     43.8              36.1     7.7     42.1
AVG. MINIMUM     26.1              21.0     5.1     25.9
MEAN             34.9              28.6     6.3     34.0
DAYS MAX >= 90      0               0.0     0.0        0
DAYS MAX <= 32      6              10.3    -4.3        4
DAYS MIN <= 32     24              25.7    -1.7       25
DAYS MIN <= 0       0               1.9    -1.9        0

PRECIPITATION (INCHES)
RECORD
 MAXIMUM         6.34   1949
 MINIMUM         0.29   1930
TOTALS           2.39              2.42   -0.03     3.19
DAILY AVG.       0.08              0.08    0.00     0.10
DAYS >= .01         6              10.1    -4.1       12
DAYS >= .10         4               5.3    -1.3        6
DAYS >= .50         2               1.5     0.5        3
DAYS >= 1.00        2               0.5     1.5        0
GREATEST
 24 HR. TOTAL    1.05   12/28 TO 12/28              0.86

SNOWFALL (INCHES)
RECORDS
 TOTAL           21.7   1977
TOTALS            4.1               7.1    -3.0      0.4
SINCE 7/1        10.1               8.2     1.9     10.2
DAYS >= 1.0         2               2.0     0.0        0
GREATEST
 SNOW DEPTH         3   12/16                          0
 24 HR TOTAL      3.0   12/15 TO 12/15               0.4

DEGREE_DAYS
HEATING TOTAL     926              1130    -204      954
 SINCE 7/1       2189              2278     -89     2287
COOLING TOTAL       0                 0       0        0
 SINCE 1/1       1232              1039     193     1472
..............................................................

WIND (MPH)
AVERAGE WIND SPEED              8.2
HIGHEST WIND SPEED/DIRECTION    30/270    DATE  12/30
HIGHEST GUST SPEED/DIRECTION    42/270    DATE  12/30

AVERAGE RH (PERCENT)     73

WEATHER CONDITIONS. NUMBER OF DAYS WITH
THUNDERSTORM              0     MIXED PRECIP               0
HEAVY RAIN                2     RAIN                       2
LIGHT RAIN                6     FREEZING RAIN              0
LT FREEZING RAIN          0     HAIL                       0
HEAVY SNOW                0     SNOW                       1
LIGHT SNOW                7     SLEET                      0
FOG                      18     FOG W/VIS <= 1/4 MILE      1
HAZE                     14

-  INDICATES NEGATIVE NUMBERS.
R  INDICATES RECORD WAS SET OR TIED.
MM INDICATES DATA IS MISSING.
T  INDICATES TRACE AMOUNT.

&&

RECORDS ESTABLISHED THIS MONTH:

* RECORD HIGH OF 63 ON 12/25
* RECORD HIGH OF 63 ON 12/26

$$
