000
CXUS53 KILX 011407
CLMPIA

CLIMATE REPORT
NATIONAL WEATHER SERVICE LINCOLN IL
907 AM CDT FRI OCT 01 2021

...................................

...THE PEORIA IL CLIMATE SUMMARY FOR THE MONTH OF SEPTEMBER 2021...

CLIMATE NORMAL PERIOD 1991 TO 2020
CLIMATE RECORD PERIOD 1883 TO 2021

WEATHER         OBSERVED          NORMAL  DEPART   LAST YEAR`S
                VALUE   DATE(S)   VALUE   FROM     VALUE
                                          NORMAL
..............................................................
TEMPERATURE (F)
RECORD
 HIGH            104   09/05/1899
 LOW              24   09/28/1942
HIGHEST           91   09/19         77      14       86
LOWEST            49   09/23         55      -6       43
                       09/24
                       09/25
AVG. MAXIMUM    82.7               78.4     4.3     75.2
AVG. MINIMUM    59.9               56.3     3.6     55.2
MEAN            71.3               67.4     3.9     65.2
DAYS MAX >= 90     1                2.8    -1.8        0
DAYS MAX <= 32     0                0.0     0.0        0
DAYS MIN <= 32     0                0.1    -0.1        0
DAYS MIN <= 0      0                0.0     0.0        0

PRECIPITATION (INCHES)
RECORD
 MAXIMUM       13.09   1961
 MINIMUM        0.03   1979
TOTALS          1.09               3.48   -2.39     5.84
DAILY AVG.      0.04               0.12   -0.08     0.19
DAYS >= .01        5                7.6    -2.6       10
DAYS >= .10        3                5.0    -2.0        7
DAYS >= .50        1                2.5    -1.5        5
DAYS >= 1.00       0                1.0    -1.0        1
GREATEST
 24 HR. TOTAL   0.92   09/20 TO 09/21               2.03

SNOWFALL (INCHES)
RECORDS
 TOTAL           1.0   1942
TOTALS           0.0                0.0     0.0      0.0
SINCE 7/1        0.0                0.0     0.0       MM
DAYS >= 1.0        0                0.0     0.0        0
GREATEST
 SNOW DEPTH        0                                   0
 24 HR TOTAL      MM                                 0.0

DEGREE DAYS
HEATING TOTAL     13                 66     -53       59
 SINCE 7/1        13                 68     -55       59
COOLING TOTAL    208                137      71       75
 SINCE 1/1      1300               1134     166     1122
..............................................................

WIND (MPH)
AVERAGE WIND SPEED              6.8
HIGHEST WIND SPEED/DIRECTION    26/230    DATE  09/07
                                26/200          09/24
HIGHEST GUST SPEED/DIRECTION    40/230    DATE  09/07

AVERAGE RH (PERCENT)     64

WEATHER CONDITIONS. NUMBER OF DAYS WITH
THUNDERSTORM              2     MIXED PRECIP               0
HEAVY RAIN                1     RAIN                       3
LIGHT RAIN                5     FREEZING RAIN              0
LT FREEZING RAIN          0     HAIL                       0
HEAVY SNOW                0     SNOW                       0
LIGHT SNOW                0     SLEET                      0
FOG                       7     FOG W/VIS <= 1/4 MILE      1
HAZE                      1

-  INDICATES NEGATIVE NUMBERS.
R  INDICATES RECORD WAS SET OR TIED.
MM INDICATES DATA IS MISSING.
T  INDICATES TRACE AMOUNT.

&&

RECORDS SET IN PEORIA DURING SEP 2021...

* 10TH WARMEST SEPTEMBER WITH AVERAGE TEMPERATURE OF 71.3 DEGREES

$$
