000
CXUS53 KILX 012130
CLMILX


CLIMATE REPORT
NATIONAL WEATHER SERVICE LINCOLN IL
320 PM CST SAT FEB 1 2020

...................................

...THE LINCOLN IL CLIMATE SUMMARY FOR THE MONTH OF JANUARY 2020...

CLIMATE NORMAL PERIOD 1981 TO 2010
CLIMATE RECORD PERIOD 1905 TO 2020

WEATHER         OBSERVED          NORMAL  DEPART  LAST YEAR`S
                 VALUE   DATE(S)  VALUE   FROM    VALUE
                                          NORMAL
.............................................................
TEMPERATURE (F)
RECORD
 HIGH              70   01/25/1950
                        01/24/1950
                        01/07/1907
 LOW              -34   01/15/1927
HIGHEST            58   01/10        MM      MM       61
LOWEST              4   01/19        MM      MM      -19
AVG. MAXIMUM     38.3              33.8     4.5     31.7
AVG. MINIMUM     25.0              18.0     7.0     14.2
MEAN             31.7              25.9     5.8     22.9
DAYS MAX >= 90      0               0.0     0.0        0
DAYS MAX <= 32      7              13.1    -6.1       17
DAYS MIN <= 32     27              26.7     0.3       30
DAYS MIN <= 0       0               3.0    -3.0        9

PRECIPITATION (INCHES)
RECORD
 MAXIMUM         6.23   1949
 MINIMUM         0.04   1986
TOTALS           4.28              1.93    2.35     3.20
DAILY AVG.       0.14              0.06    0.08     0.10
DAYS >= .01        12               8.1     3.9       14
DAYS >= .10         5               4.2     0.8        7
DAYS >= .50         3               1.1     1.9        2
DAYS >= 1.00        1               0.3     0.7        0
GREATEST
 24 HR. TOTAL    1.85   01/10 TO 01/10              0.92

SNOWFALL (INCHES)
RECORDS
 TOTAL           20.0   1987
TOTALS            2.8               5.9    -3.1     19.1
SINCE 7/1        11.2              12.7    -1.5     27.4
DAYS >= 1.0         2               2.0     0.0        5
GREATEST
 SNOW DEPTH         1   01/23                         10
                        01/13
                        01/12
 24 HR TOTAL      1.3   01/11 TO 01/11              10.3

DEGREE_DAYS
HEATING TOTAL    1025              1212    -187     1297
 SINCE 7/1       3210              3454    -244     3607
COOLING TOTAL       0                 0       0        0
 SINCE 1/1          0                 0       0        0
..............................................................

WIND (MPH)
AVERAGE WIND SPEED              MM
HIGHEST WIND SPEED/DIRECTION    MM        DATE   MM
HIGHEST GUST SPEED/DIRECTION    MM        DATE   MM

AVERAGE RH (PERCENT)     MM

WEATHER CONDITIONS. NUMBER OF DAYS WITH
THUNDERSTORM              2     MIXED PRECIP               0
HEAVY RAIN                3     RAIN                       4
LIGHT RAIN                9     FREEZING RAIN              1
LT FREEZING RAIN          5     HAIL                       0
HEAVY SNOW                0     SNOW                       0
LIGHT SNOW               14     SLEET                      2
FOG                      18     FOG W/VIS <= 1/4 MILE      3
HAZE                      3

-  INDICATES NEGATIVE NUMBERS.
R  INDICATES RECORD WAS SET OR TIED.
MM INDICATES DATA IS MISSING.
T  INDICATES TRACE AMOUNT.

$$
