000
CXUS53 KILX 012130
CLMPIA


CLIMATE REPORT
NATIONAL WEATHER SERVICE LINCOLN IL
320 PM CST SAT FEB 1 2020

...................................

...THE PEORIA IL CLIMATE SUMMARY FOR THE MONTH OF JANUARY 2020...

CLIMATE NORMAL PERIOD 1981 TO 2010
CLIMATE RECORD PERIOD 1883 TO 2020

WEATHER         OBSERVED          NORMAL  DEPART  LAST YEAR`S
                 VALUE   DATE(S)  VALUE   FROM    VALUE
                                          NORMAL
.............................................................
TEMPERATURE (F)
RECORD
 HIGH              71   01/23/1909
 LOW              -27   01/05/1884
HIGHEST            54   01/09        32      22       61
LOWEST              1   01/19        16     -15      -20
AVG. MAXIMUM     36.4              32.8     3.6     30.8
AVG. MINIMUM     23.0              17.0     6.0     14.2
MEAN             29.7              24.9     4.8     22.5
DAYS MAX >= 90      0               0.0     0.0        0
DAYS MAX <= 32      9              14.3    -5.3       17
DAYS MIN <= 32     29              28.1     0.9       30
DAYS MIN <= 0       0               3.7    -3.7        8

PRECIPITATION (INCHES)
RECORD
 MAXIMUM         8.11   1965
 MINIMUM         0.07   1919
TOTALS           3.44              1.78    1.66     2.65
DAILY AVG.       0.11              0.06    0.05     0.09
DAYS >= .01        13               9.2     3.8       11
DAYS >= .10         6               4.1     1.9        6
DAYS >= .50         1               1.0     0.0        2
DAYS >= 1.00        1               0.4     0.6        1
GREATEST
 24 HR. TOTAL    1.29   01/10 TO 01/10              1.06

SNOWFALL (INCHES)
RECORDS
 TOTAL           24.7   1979
TOTALS           10.0               6.9     3.1     17.9
SINCE 7/1        20.1              15.1     5.0     28.1
DAYS >= 1.0         4               2.4     1.6        4
GREATEST
 SNOW DEPTH         4   01/25                         11
                        01/24
 24 HR TOTAL      3.2   01/23 TO 01/23              10.7

DEGREE_DAYS
HEATING TOTAL    1088              1243    -155     1311
 SINCE 7/1       3277              3521    -244     3598
COOLING TOTAL       0                 0       0        0
 SINCE 1/1          0                 0       0        0
..............................................................

WIND (MPH)
AVERAGE WIND SPEED              8.0
HIGHEST WIND SPEED/DIRECTION    31/190    DATE  01/09
HIGHEST GUST SPEED/DIRECTION    45/290    DATE  01/18

AVERAGE RH (PERCENT)     81

WEATHER CONDITIONS. NUMBER OF DAYS WITH
THUNDERSTORM              0     MIXED PRECIP               0
HEAVY RAIN                1     RAIN                       4
LIGHT RAIN                8     FREEZING RAIN              2
LT FREEZING RAIN          3     HAIL                       0
HEAVY SNOW                0     SNOW                       3
LIGHT SNOW               14     SLEET                      0
FOG                      21     FOG W/VIS <= 1/4 MILE      2
HAZE                      7

-  INDICATES NEGATIVE NUMBERS.
R  INDICATES RECORD WAS SET OR TIED.
MM INDICATES DATA IS MISSING.
T  INDICATES TRACE AMOUNT.

$$
