000
CXUS52 KTAE 010800
CF6AAF
PRELIMINARY LOCAL CLIMATOLOGICAL DATA (WS FORM: F-6)
STATION: APALACHICOLA
MONTH: AUGUST
YEAR: 2022
LATITUDE: 29 43 N
LONGITUDE: 85 2 W
TEMPERATURE IN F: :PCPN: SNOW: WIND :SUNSHINE: SKY :PK WND
================================================================================
1 2 3 4 5 6A 6B 7 8 9 10 11 12 13 14 15 16 17 18
12Z AVG MX 2MIN
DY MAX MIN AVG DEP HDD CDD WTR SNW DPTH SPD SPD DIR MIN PSBL S-S WX SPD DR
================================================================================
1 92 75 84 1 0 19 0.00 0.0 0 4.6 15 240 M M 0 19 240
2 90 73 82 -1 0 17 0.26 0.0 M 4.5 20 270 M M 1 13 26 270
3 89 70 80 -3 0 15 0.00 0.0 M 4.2 15 210 M M 0 8 20 180
4 90 74 82 -1 0 17 0.00 0.0 0 5.6 15 160 M M 0 17 170
5 90 76 83 0 0 18 T 0.0 0 5.5 15 150 M M 0 3 19 150
6 87 75 81 -2 0 16 1.18 0.0 M 4.8 18 80 M M 1 1238 26 70
7 89 74 82 -1 0 17 0.06 0.0 M 6.1 13 150 M M 0 13 16 180
8 89 74 82 -1 0 17 0.01 0.0 M 4.3 16 110 M M 0 3 23 90
9 87 74 81 -1 0 16 0.01 0.0 0 6.2 17 110 M M 0 138 25 110
10 88 74 81 -1 0 16 0.44 0.0 0 5.0 21 160 M M 0 138 28 160
11 82 72 77 -5 0 12 2.36 0.0 M 7.3 28 180 M M 2 13 33 190
12 87 73 80 -2 0 15 0.72 0.0 M 5.5 23 210 M M 2 13 31 240
13 88 73 81 -1 0 16 0.32 0.0 M 5.0 16 300 M M 0 1 22 300
14 87 73 80 -2 0 15 0.24 0.0 0 4.6 16 110 M M 1 1 22 120
15 89 71 80 -2 0 15 0.00 0.0 0 5.0 13 190 M M 0 8 16 160
16 93 76 85 3 0 20 0.00 0.0 0 6.4 18 290 M M 0 24 290
17 94 75 85 3 0 20 0.00 0.0 0 5.2 16 250 M M 0 3 20 300
18 88 73 81 -1 0 16 2.61 0.0 M 3.0 31 10 M M 1 123 45 40
19 91 76 84 2 0 19 0.00 0.0 0 4.7 14 260 M M 0 3 17 260
20 90 76 83 1 0 18 0.00 0.0 0 2.7 13 30 M M 0 138 17 20
21 90 76 83 1 0 18 T 0.0 0 3.5 12 180 M M 0 3 16 150
22 90 76 83 1 0 18 T 0.0 0 3.3 12 270 M M 0 3 15 180
23 89 74 82 0 0 17 0.00 0.0 0 4.5 16 50 M M 0 21 60
24 84 75 80 -2 0 15 0.12 0.0 0 4.0 10 80 M M 0 13 14 60
25 90 76 83 1 0 18 T 0.0 M 4.6 17 130 M M 0 3 23 120
26 89 74 82 0 0 17 0.13 0.0 0 4.0 22 320 M M 0 13 28 320
27 88 75 82 0 0 17 T 0.0 0 3.4 14 20 M M 0 3 18 30
28 88 73 81 -1 0 16 0.01 M M 6.2 13 160 M M 0 3 15 140
29 88 74 81 -1 0 16 T 0.0 0 6.3 14 150 M M 0 19 140
30 90 76 83 2 0 18 0.00 0.0 0 4.6 15 300 M M 0 3 19 300
31 90 75 83 2 0 18 1.54 0.0 0 4.2 20 160 M M 0 13 25 160
================================================================================
SM 2756 2301 0 522 10.01 0.0 148.8 M 8
================================================================================
AV 88.9 74.2 4.8 FASTST M M 0 MAX(MPH)
MISC ----> 31 10 45 40
================================================================================
NOTES:
# LAST OF SEVERAL OCCURRENCES
COLUMN 17 PEAK WIND IN M.P.H.
PRELIMINARY LOCAL CLIMATOLOGICAL DATA (WS FORM: F-6) , PAGE 2
STATION: APALACHICOLA
MONTH: AUGUST
YEAR: 2022
LATITUDE: 29 43 N
LONGITUDE: 85 2 W
[TEMPERATURE DATA] [PRECIPITATION DATA] SYMBOLS USED IN COLUMN 16
AVERAGE MONTHLY: 81.6 TOTAL FOR MONTH: 10.01 1 = FOG OR MIST
DPTR FM NORMAL: -0.6 DPTR FM NORMAL: 2.22 2 = FOG REDUCING VISIBILITY
HIGHEST: 94 ON 17 GRTST 24HR 2.61 ON 18-18 TO 1/4 MILE OR LESS
LOWEST: 70 ON 3 3 = THUNDER
SNOW, ICE PELLETS, HAIL 4 = ICE PELLETS
TOTAL MONTH: 0.0 INCH 5 = HAIL
GRTST 24HR 0.0 6 = FREEZING RAIN OR DRIZZLE
GRTST DEPTH: 0 7 = DUSTSTORM OR SANDSTORM:
VSBY 1/2 MILE OR LESS
8 = SMOKE OR HAZE
[NO. OF DAYS WITH] [WEATHER - DAYS WITH] 9 = BLOWING SNOW
X = TORNADO
MAX 32 OR BELOW: 0 0.01 INCH OR MORE: 15
MAX 90 OR ABOVE: 13 0.10 INCH OR MORE: 11
MIN 32 OR BELOW: 0 0.50 INCH OR MORE: 5
MIN 0 OR BELOW: 0 1.00 INCH OR MORE: 4
[HDD (BASE 65) ]
TOTAL THIS MO. 0 CLEAR (SCALE 0-3) 31
DPTR FM NORMAL 0 PTCLDY (SCALE 4-7) 0
TOTAL FM JUL 1 0 CLOUDY (SCALE 8-10) 0
DPTR FM NORMAL 0
[CDD (BASE 65) ]
TOTAL THIS MO. 522
DPTR FM NORMAL -11 [PRESSURE DATA]
TOTAL FM JAN 1 2144 HIGHEST SLP 30.21 ON 6
DPTR FM NORMAL 130 LOWEST SLP 29.87 ON 17
[REMARKS]
#FINAL-08-22#