000
CXUS55 KALY 010710
CF6DDH
PRELIMINARY LOCAL CLIMATOLOGICAL DATA (WS FORM: F-6)
STATION: BENNINGTON VT
MONTH: OCTOBER
YEAR: 2021
LATITUDE: 42 53 N
LONGITUDE: 73 15 W
TEMPERATURE IN F: :PCPN: SNOW: WIND :SUNSHINE: SKY :PK WND
================================================================================
1 2 3 4 5 6A 6B 7 8 9 10 11 12 13 14 15 16 17 18
12Z AVG MX 2MIN
DY MAX MIN AVG DEP HDD CDD WTR SNW DPTH SPD SPD DIR MIN PSBL S-S WX SPD DR
================================================================================
1 63 36 50 -4 15 0 0.00 M M 2.3 13 240 M M 4 12 18 240
2 71 40 56 2 9 0 0.00 M M 2.3 14 240 M M 6 1 22 240
3 67 50 59 5 6 0 0.30 M M 0.3 6 350 M M 6 1 7 270
4 60 54 57 4 8 0 1.43 M M 7.0 14 100 M M 10 1 23 90
5 60 52 56 3 9 0 0.18 M M 0.7 9 110 M M 10 1 15 80
6 69 48 59 7 6 0 0.00 M M 1.7 7 260 M M 8 12 10 340
7 73 45 59 7 6 0 0.00 M M 1.2 6 250 M M 6 12 9 270
8 74 49 62 10 3 0 0.00 M M 3.3 15 110 M M 5 12 22 100
9 64 54 59 8 6 0 T M M 6.6 17 100 M M 7 24 120
10 64 51 58 7 7 0 0.00 M M 5.9 13 130 M M 4 17 90
11 70 47 59 9 6 0 0.00 M M 3.5 12 190 M M 1 1 17 210
12 76 47 62 12 3 0 0.00 M M 2.0 8 130 M M 1 18 11 110
13 67 47 57 7 8 0 0.00 M M 0.7 8 230 M M 8 18 13 250
14 73 56 65 16 0 0 0.00 M M 1.7 9 280 M M 8 1 13 270
15 71 52 62 13 3 0 0.20 M M 0.4 6 40 M M 7 12 9 110
16 76 54 65 16 0 0 1.02 M M 8.8 24 170 M M 8 13 35 170
17 55 47 51 3 14 0 0.21 M M 6.3 15 240 M M 8 1 24 220
18 53 38 46 -2 19 0 0.00 M M 4.9 15 240 M M 7 19 240
19 58 34 46 -2 19 0 0.00 M M 6.6 17 240 M M 4 27 230
20 71 43 57 10 8 0 T M M 4.5 14 240 M M 3 21 240
21 71 47 59 12 6 0 T M M 4.3 13 210 M M 3 19 220
22 65 40 53 6 12 0 0.11 M M 5.2 18 240 M M 7 1 27 240
23 51 37 44 -2 21 0 0.00 M M 2.5 15 250 M M 8 17 250
24 55 29 42 -4 23 0 T M M 2.0 8 120 M M 2 1 14 240
25 60 45 53 7 12 0 0.55 M M 8.2 17 80 M M 9 1 26 100
26 56 49 53 8 12 0 0.88 M M 5.5 18 140 M M 10 1 25 80
27 52 36 44 -1 21 0 0.07 M M 5.0 15 260 M M 8 1 20 260
28 56 33 45 0 20 0 0.00 M M 2.0 9 140 M M 1 12 13 140
29 58 29 44 0 21 0 T M M 7.1 21 70 M M 1 1 33 70
30 58 44 51 7 14 0 0.46 M M 8.6 22 90 M M 9 1 40 80
31 56 51 54 10 11 0 0.67 M M 5.6 16 250 M M 10 1 24 230
================================================================================
SM 1973 1384 328 0 6.08 M 126.7 M 189
================================================================================
AV 63.6 44.6 4.1 FASTST M M 6 MAX(MPH)
MISC ----> 24 170 40 80
================================================================================
NOTES:
# LAST OF SEVERAL OCCURRENCES
COLUMN 17 PEAK WIND IN M.P.H.
PRELIMINARY LOCAL CLIMATOLOGICAL DATA (WS FORM: F-6) , PAGE 2
STATION: BENNINGTON VT
MONTH: OCTOBER
YEAR: 2021
LATITUDE: 42 53 N
LONGITUDE: 73 15 W
[TEMPERATURE DATA] [PRECIPITATION DATA] SYMBOLS USED IN COLUMN 16
AVERAGE MONTHLY: 54.1 TOTAL FOR MONTH: 6.08 1 = FOG OR MIST
DPTR FM NORMAL: 5.2 DPTR FM NORMAL: 2.47 2 = FOG REDUCING VISIBILITY
HIGHEST: 76 ON 12,16 GRTST 24HR 1.48 ON 4- 5 TO 1/4 MILE OR LESS
LOWEST: 29 ON 29,24 3 = THUNDER
SNOW, ICE PELLETS, HAIL 4 = ICE PELLETS
TOTAL MONTH: M 5 = HAIL
GRTST 24HR M ON M 6 = FREEZING RAIN OR DRIZZLE
GRTST DEPTH: M ON M 7 = DUSTSTORM OR SANDSTORM:
VSBY 1/2 MILE OR LESS
8 = SMOKE OR HAZE
[NO. OF DAYS WITH] [WEATHER - DAYS WITH] 9 = BLOWING SNOW
X = TORNADO
MAX 32 OR BELOW: 0 0.01 INCH OR MORE: 12
MAX 90 OR ABOVE: 0 0.10 INCH OR MORE: 11
MIN 32 OR BELOW: 2 0.50 INCH OR MORE: 5
MIN 0 OR BELOW: 0 1.00 INCH OR MORE: 2
[HDD (BASE 65) ]
TOTAL THIS MO. 328 CLEAR (SCALE 0-3) 7
DPTR FM NORMAL -175 PTCLDY (SCALE 4-7) 17
TOTAL FM JUL 1 481 CLOUDY (SCALE 8-10) 7
DPTR FM NORMAL -261
[CDD (BASE 65) ]
TOTAL THIS MO. 0
DPTR FM NORMAL -3 [PRESSURE DATA]
TOTAL FM JAN 1 514 HIGHEST SLP M ON M
DPTR FM NORMAL 143 LOWEST SLP 29.41 ON 31
[REMARKS]
#FINAL-10-21#