000
CXUS56 KSTO 011301
CF6MYV
PRELIMINARY LOCAL CLIMATOLOGICAL DATA (WS FORM: F-6)
STATION: MARYSVILLE
MONTH: SEPTEMBER
YEAR: 2023
LATITUDE: 39 6 N
LONGITUDE: 121-34 E
TEMPERATURE IN F: :PCPN: SNOW: WIND :SUNSHINE: SKY :PK WND
================================================================================
1 2 3 4 5 6A 6B 7 8 9 10 11 12 13 14 15 16 17 18
12Z AVG MX 2MIN
DY MAX MIN AVG DEP HDD CDD WTR SNW DPTH SPD SPD DIR MIN PSBL S-S WX SPD DR
================================================================================
1 79 61 70 -5 0 5 T M M 16.5 24 160 M M 4 32 160
2 76 60 68 -7 0 3 T M M 6.9 14 150 M M 7 17 130
3 82 63 73 -2 0 8 T M M 6.0 15 150 M M 5 21 130
4 89 56 73 -2 0 8 0.00 M M 3.5 10 150 M M 0 14 270
5 91 58 75 0 0 10 0.00 M M 4.1 9 310 M M 0 12 270
6 92 61 77 2 0 12 0.00 0.0 M 6.2 12 150 M M 0 18 170
7 91 59 75 1 0 10 0.00 M M 6.3 12 140 M M 0 14 150
8 93 58 76 2 0 11 0.00 M M 2.8 10 220 M M 0 8 14 230
9 93 58 76 2 0 11 0.00 M M 3.7 12 220 M M 0 15 230
10 94 56 75 1 0 10 0.00 M M 4.2 9 250 M M 0 15 290
11 95 54 75 1 0 10 0.00 M M 4.5 10 130 M M 0 14 140
12 93 56 75 1 0 10 0.00 M M 3.6 9 200 M M 0 12 190
13 95 57 76 3 0 11 0.00 M M 2.9 8 150 M M 0 11 260
14 95 59 77 4 0 12 0.00 M M 6.0 12 180 M M 0 8 16 170
15 94 60 77 4 0 12 0.00 0.0 M 3.9 10 170 M M 0 13 160
16 89 63 76 3 0 11 0.00 M M 7.0 15 160 M M 0 18 160
17 85 61 73 1 0 8 0.00 M M 10.2 17 160 M M 0 23 160
18 84 59 72 0 0 7 0.00 M M 7.3 15 180 M M 0 20 140
19 85 57 71 -1 0 6 0.00 M M 4.8 10 160 M M 0 14 140
20 85 57 71 -1 0 6 0.00 M M 5.3 15 160 M M 0 18 18 150
21 83 54 69 -3 0 4 0.00 M M 6.5 15 330 M M 1 1 20 320
22 82 54 68 -3 0 3 0.00 M M 4.5 10 250 M M 0 15 330
23 83 52 68 -3 0 3 0.00 M M 5.2 12 200 M M 0 16 230
24 83 52 68 -3 0 3 0.00 M M 7.5 12 160 M M 0 M M
25 80 56 68 -3 0 3 T 0.0 M 11.2 20 180 M M 7 25 180
26 82 57 70 0 0 5 0.04 M M 4.1 10 290 M M 4 14 290
27 86 52 69 -1 0 4 0.00 M M 3.2 10 340 M M 0 17 310
28 86 50 68 -2 0 3 0.00 M M 3.5 13 340 M M 0 1 17 320
29 81 52 67 -3 0 2 0.00 M M 10.5 21 150 M M 4 28 150
30 70 60 65 -4 0 0 0.18 M M 5.8 16 140 M M 9 138 21 150
================================================================================
SM 2596 1712 0 211 0.22 0.0 177.7 M 41
================================================================================
AV 86.5 57.1 5.9 FASTST M M 1 MAX(MPH)
MISC ----> 24 160 32 160
================================================================================
NOTES:
# LAST OF SEVERAL OCCURRENCES
COLUMN 17 PEAK WIND IN M.P.H.
PRELIMINARY LOCAL CLIMATOLOGICAL DATA (WS FORM: F-6) , PAGE 2
STATION: MARYSVILLE
MONTH: SEPTEMBER
YEAR: 2023
LATITUDE: 39 6 N
LONGITUDE: 121-34 E
[TEMPERATURE DATA] [PRECIPITATION DATA] SYMBOLS USED IN COLUMN 16
AVERAGE MONTHLY: 71.8 TOTAL FOR MONTH: 0.22 1 = FOG OR MIST
DPTR FM NORMAL: -0.9 DPTR FM NORMAL: 0.11 2 = FOG REDUCING VISIBILITY
HIGHEST: 95 ON 13,11 GRTST 24HR 0.18 ON 29-30 TO 1/4 MILE OR LESS
LOWEST: 50 ON 28 3 = THUNDER
SNOW, ICE PELLETS, HAIL 4 = ICE PELLETS
TOTAL MONTH: 0.0 INCH 5 = HAIL
GRTST 24HR 0.0 6 = FREEZING RAIN OR DRIZZLE
GRTST DEPTH: M ON M 7 = DUSTSTORM OR SANDSTORM:
VSBY 1/2 MILE OR LESS
8 = SMOKE OR HAZE
[NO. OF DAYS WITH] [WEATHER - DAYS WITH] 9 = BLOWING SNOW
X = TORNADO
MAX 32 OR BELOW: 0 0.01 INCH OR MORE: 2
MAX 90 OR ABOVE: 11 0.10 INCH OR MORE: 1
MIN 32 OR BELOW: 0 0.50 INCH OR MORE: 0
MIN 0 OR BELOW: 0 1.00 INCH OR MORE: 0
[HDD (BASE 65) ]
TOTAL THIS MO. 0 CLEAR (SCALE 0-3) 23
DPTR FM NORMAL -6 PTCLDY (SCALE 4-7) 6
TOTAL FM JUL 1 0 CLOUDY (SCALE 8-10) 1
DPTR FM NORMAL -3
[CDD (BASE 65) ]
TOTAL THIS MO. 211
DPTR FM NORMAL -24 [PRESSURE DATA]
TOTAL FM JAN 1 1493 HIGHEST SLP 30.16 ON 26
DPTR FM NORMAL 57 LOWEST SLP 29.64 ON 1
[REMARKS]
#FINAL-09-23#