000
CXUS55 KABR 011100
CF6PIR
PRELIMINARY LOCAL CLIMATOLOGICAL DATA (WS FORM: F-6)
STATION: PIERRE SD
MONTH: JUNE
YEAR: 2021
LATITUDE: 44 22 N
LONGITUDE: 100 17 W
TEMPERATURE IN F: :PCPN: SNOW: WIND :SUNSHINE: SKY :PK WND
================================================================================
1 2 3 4 5 6A 6B 7 8 9 10 11 12 13 14 15 16 17 18
12Z AVG MX 2MIN
DY MAX MIN AVG DEP HDD CDD WTR SNW DPTH SPD SPD DIR MIN PSBL S-S WX SPD DR
================================================================================
1 84 49 67 4 0 2 0.00 0.0 0 9.7 23 260 M M 4 32 260
2 87 52 70 7 0 5 0.00 0.0 0 5.4 15 240 M M 1 22 230
3 93 57 75 11 0 10 0.00 0.0 0 5.8 15 310 M M 0 24 340
4 100 56 78 14 0 13 0.00 0.0 0 3.3 13 350 M M 0 17 320
5 104 67 86 22 0 21 0.00 0.0 0 11.4 23 170 M M 0 33 180
6 88 60 74 9 0 9 0.00 0.0 0 14.7 29 320 M M 0 45 170
7 102 55 79 14 0 14 0.00 0.0 0 13.1 26 170 M M 0 35 150
8 97 74 86 21 0 21 0.00 0.0 0 18.5 31 140 M M 1 46 140
9 97 65 81 15 0 16 0.29 0.0 0 10.0 33 310 M M 1 13 45 290
10 101 75 88 22 0 23 0.00 0.0 0 15.2 28 160 M M 1 39 150
11 86 53 70 4 0 5 0.01 0.0 0 16.4 37 240 M M 1 3 51 240
12 92 49 71 4 0 6 0.00 0.0 0 10.0 24 170 M M 0 37 170
13 90 58 74 7 0 9 T 0.0 0 10.0 22 80 M M 2 3 28 40
14 93 61 77 10 0 12 0.00 0.0 0 12.3 22 140 M M 0 31 120
15 95 62 79 11 0 14 0.00 0.0 0 15.9 26 120 M M 1 36 120
16 97 65 81 13 0 16 0.00 0.0 0 16.1 25 350 M M 0 35 360
17 92 58 75 7 0 10 0.00 0.0 0 7.3 17 90 M M 0 24 70
18 94 57 76 7 0 11 0.00 0.0 0 8.1 24 20 M M 0 30 20
19 88 51 70 1 0 5 T 0.0 0 10.4 28 140 M M 1 3 35 150
20 77 55 66 -3 0 1 0.13 0.0 0 14.6 29 330 M M 7 3 39 330
21 78 45 62 -8 3 0 0.00 0.0 0 7.3 22 320 M M 1 32 320
22 89 45 67 -3 0 2 0.00 0.0 0 7.8 14 140 M M 0 19 140
23 104 55 80 10 0 15 0.00 0.0 0 6.4 24 10 M M 0 33 360
24 91 67 79 9 0 14 T 0.0 0 8.8 24 10 M M 1 34 360
25 80 63 72 1 0 7 0.05 0.0 0 8.3 17 360 M M 7 1 25 360
26 84 60 72 1 0 7 0.05 0.0 0 11.2 22 20 M M 8 1 28 10
27 88 62 75 4 0 10 T 0.0 0 8.9 25 350 M M 4 33 360
28 85 56 71 -1 0 6 0.00 0.0 0 8.3 20 350 M M 3 1 26 360
29 88 52 70 -2 0 5 0.00 0.0 0 5.3 13 290 M M 0 20 290
30 94 56 75 3 0 10 0.00 0.0 0 6.3 17 120 M M 2 24 120
================================================================================
SM 2738 1740 3 299 0.53 0.0 306.8 M 46
================================================================================
AV 91.3 58.0 10.2 FASTST M M 2 MAX(MPH)
MISC ----> 37 240 51 240
================================================================================
NOTES:
# LAST OF SEVERAL OCCURRENCES
COLUMN 17 PEAK WIND IN M.P.H.
PRELIMINARY LOCAL CLIMATOLOGICAL DATA (WS FORM: F-6) , PAGE 2
STATION: PIERRE SD
MONTH: JUNE
YEAR: 2021
LATITUDE: 44 22 N
LONGITUDE: 100 17 W
[TEMPERATURE DATA] [PRECIPITATION DATA] SYMBOLS USED IN COLUMN 16
AVERAGE MONTHLY: 74.6 TOTAL FOR MONTH: 0.53 1 = FOG OR MIST
DPTR FM NORMAL: 6.8 DPTR FM NORMAL: -3.16 2 = FOG REDUCING VISIBILITY
HIGHEST: 104 ON 23, 5 GRTST 24HR 0.29 ON 9- 9 TO 1/4 MILE OR LESS
LOWEST: 45 ON 22,21 3 = THUNDER
SNOW, ICE PELLETS, HAIL 4 = ICE PELLETS
TOTAL MONTH: 0.0 INCH 5 = HAIL
GRTST 24HR 0.0 6 = FREEZING RAIN OR DRIZZLE
GRTST DEPTH: 0 7 = DUSTSTORM OR SANDSTORM:
VSBY 1/2 MILE OR LESS
8 = SMOKE OR HAZE
[NO. OF DAYS WITH] [WEATHER - DAYS WITH] 9 = BLOWING SNOW
X = TORNADO
MAX 32 OR BELOW: 0 0.01 INCH OR MORE: 5
MAX 90 OR ABOVE: 17 0.10 INCH OR MORE: 2
MIN 32 OR BELOW: 0 0.50 INCH OR MORE: 0
MIN 0 OR BELOW: 0 1.00 INCH OR MORE: 0
[HDD (BASE 65) ]
TOTAL THIS MO. 3 CLEAR (SCALE 0-3) 25
DPTR FM NORMAL -47 PTCLDY (SCALE 4-7) 5
TOTAL FM JUL 1 6766 CLOUDY (SCALE 8-10) 0
DPTR FM NORMAL -584
[CDD (BASE 65) ]
TOTAL THIS MO. 299
DPTR FM NORMAL 165 [PRESSURE DATA]
TOTAL FM JAN 1 327 HIGHEST SLP 30.16 ON 29
DPTR FM NORMAL 164 LOWEST SLP 29.37 ON 6
[REMARKS]
#FINAL-06-21#