000
CXUS55 KALY 010810
CF6PSF
PRELIMINARY LOCAL CLIMATOLOGICAL DATA (WS FORM: F-6)
STATION: PITTSFIELD MA
MONTH: FEBRUARY
YEAR: 2024
LATITUDE: 42 25 N
LONGITUDE: 73 18 W
TEMPERATURE IN F: :PCPN: SNOW: WIND :SUNSHINE: SKY :PK WND
================================================================================
1 2 3 4 5 6A 6B 7 8 9 10 11 12 13 14 15 16 17 18
12Z AVG MX 2MIN
DY MAX MIN AVG DEP HDD CDD WTR SNW DPTH SPD SPD DIR MIN PSBL S-S WX SPD DR
================================================================================
1 35 29 32 10 33 0 T M M 3.5 9 210 M M 10 1 14 210
2 38 28 33 11 32 0 0.01 M M 3.3 14 330 M M 9 1 20 310
3 32 23 28 6 37 0 0.00 M M 7.8 16 300 M M 5 23 330
4 36 18 27 5 38 0 0.00 M M 6.2 17 320 M M 0 25 330
5 34 18 26 4 39 0 0.00 M M 5.8 14 320 M M 0 22 360
6 35 13 24 2 41 0 0.00 M M 3.2 12 300 M M 0 17 310
7 41 16 29 7 36 0 0.00 M M 2.3 10 300 M M 2 15 290
8 50 22 36 13 29 0 0.00 M M 1.2 7 150 M M 0 10 250
9 50 30 40 17 25 0 0.00 M M 4.0 15 190 M M 1 24 200
10 58 28 43 20 22 0 0.16 M M 3.7 28 290 M M 4 1 35 290
11 42 32 37 14 28 0 0.00 M M 11.5 21 300 M M 9 35 290
12 36 27 32 9 33 0 0.00 M M 6.1 14 300 M M 10 18 290
13 33 26 30 6 35 0 T M M 6.6 17 290 M M 7 18 24 270
14 31 18 25 1 40 0 T M M 21.8 36 280 M M 3 53 280
15 32 16 24 0 41 0 T M M 6.4 16 220 M M 3 8 28 240
16 33 23 28 4 37 0 0.02 M M 15.8 36 280 M M 7 50 300
17 28 18 23 -1 42 0 0.04 M M 9.2 26 290 M M 8 18 39 300
18 29 12 21 -4 44 0 0.00 M M 9.9 21 230 M M 8 29 250
19 29 15 22 -3 43 0 T M M 12.3 28 280 M M 3 42 300
20 35 6 21 -4 44 0 0.00 M M 1.5 9 300 M M 0 12 330
21 39 11 25 0 40 0 0.00 M M 3.5 17 140 M M 0 27 130
22 40 23 32 6 33 0 0.01 M M 5.3 14 180 M M 7 1 21 200
23 40 29 35 9 30 0 0.22 M M 2.4 14 290 M M 8 12 18 300
24 35 14 25 -1 40 0 T M M 10.4 22 290 M M 5 18 34 310
25 37 9 23 -3 42 0 0.00 M M 5.9 13 170 M M 0 22 170
26 54 27 41 14 24 0 0.00 M M 4.6 12 260 M M 3 20 210
27 61 25 43 16 22 0 0.13 M M 7.3 21 190 M M 2 1 34 180
28 55 29 42 15 23 0 0.66 M M 13.7 38 300 M M 10 1 63 300
29 29 19 24 -3 41 0 T M M 17.4 33 290 M M 7 60 310
================================================================================
SM 1127 604 1014 0 1.25 M 212.6 M 131
================================================================================
AV 38.9 20.8 7.3 FASTST M M 5 MAX(MPH)
MISC ----> 38 300 63 300
================================================================================
NOTES:
# LAST OF SEVERAL OCCURRENCES
COLUMN 17 PEAK WIND IN M.P.H.
PRELIMINARY LOCAL CLIMATOLOGICAL DATA (WS FORM: F-6) , PAGE 2
STATION: PITTSFIELD MA
MONTH: FEBRUARY
YEAR: 2024
LATITUDE: 42 25 N
LONGITUDE: 73 18 W
[TEMPERATURE DATA] [PRECIPITATION DATA] SYMBOLS USED IN COLUMN 16
AVERAGE MONTHLY: 29.8 TOTAL FOR MONTH: 1.25 1 = FOG OR MIST
DPTR FM NORMAL: 5.7 DPTR FM NORMAL: -1.27 2 = FOG REDUCING VISIBILITY
HIGHEST: 61 ON 27 GRTST 24HR 0.66 ON 28-28 TO 1/4 MILE OR LESS
LOWEST: 6 ON 20 3 = THUNDER
SNOW, ICE PELLETS, HAIL 4 = ICE PELLETS
TOTAL MONTH: M 5 = HAIL
GRTST 24HR M ON M 6 = FREEZING RAIN OR DRIZZLE
GRTST DEPTH: M ON M 7 = DUSTSTORM OR SANDSTORM:
VSBY 1/2 MILE OR LESS
8 = SMOKE OR HAZE
[NO. OF DAYS WITH] [WEATHER - DAYS WITH] 9 = BLOWING SNOW
X = TORNADO
MAX 32 OR BELOW: 7 0.01 INCH OR MORE: 8
MAX 90 OR ABOVE: 0 0.10 INCH OR MORE: 4
MIN 32 OR BELOW: 29 0.50 INCH OR MORE: 1
MIN 0 OR BELOW: 0 1.00 INCH OR MORE: 0
[HDD (BASE 65) ]
TOTAL THIS MO. 1014 CLEAR (SCALE 0-3) 13
DPTR FM NORMAL -132 PTCLDY (SCALE 4-7) 11
TOTAL FM JUL 1 4527 CLOUDY (SCALE 8-10) 5
DPTR FM NORMAL -750
[CDD (BASE 65) ]
TOTAL THIS MO. 0
DPTR FM NORMAL 0 [PRESSURE DATA]
TOTAL FM JAN 1 0 HIGHEST SLP 30.50 ON 21
DPTR FM NORMAL 0 LOWEST SLP 29.35 ON 28
[REMARKS]
#FINAL-02-24#