185
CXUS55 KALY 010810
CF6PSF
PRELIMINARY LOCAL CLIMATOLOGICAL DATA (WS FORM: F-6)
STATION: PITTSFIELD MA
MONTH: JANUARY
YEAR: 2021
LATITUDE: 42 25 N
LONGITUDE: 73 18 W
TEMPERATURE IN F: :PCPN: SNOW: WIND :SUNSHINE: SKY :PK WND
================================================================================
1 2 3 4 5 6A 6B 7 8 9 10 11 12 13 14 15 16 17 18
12Z AVG MX 2MIN
DY MAX MIN AVG DEP HDD CDD WTR SNW DPTH SPD SPD DIR MIN PSBL S-S WX SPD DR
================================================================================
1 33 18 26 4 39 0 0.29 M M 3.1 14 320 M M 2 16 21 320
2 38 30 34 13 31 0 0.26 M M 8.2 30 290 M M 10 16 44 280
3 31 27 29 8 36 0 0.05 M M 5.5 13 120 M M 10 1 16 120
4 34 28 31 10 34 0 0.01 M M 2.5 8 40 M M 10 1 10 30
5 34 29 32 11 33 0 T M M 4.0 10 310 M M 10 1 14 300
6 29 25 27 6 38 0 0.00 M M 9.6 22 340 M M 9 30 340
7 29 24 27 7 38 0 0.00 M M 12.7 23 330 M M 6 34 340
8 28 17 23 3 42 0 0.00 M M 9.4 18 290 M M 3 24 290
9 29 17 23 3 42 0 0.00 M M 9.4 18 10 M M 5 28 330
10 30 15 23 3 42 0 0.00 M M 6.7 13 310 M M 2 18 290
11 31 14 23 3 42 0 0.00 M M 1.2 7 250 M M 8 8 290
12 31 22 27 7 38 0 T M M 4.1 12 300 M M 10 1 20 220
13 33 23 28 8 37 0 T M M 3.4 10 220 M M 7 1 17 360
14 35 24 30 10 35 0 0.03 M M 0.4 5 240 M M 9 1 5 240
15 35 25 30 10 35 0 0.00 M M 4.8 17 100 M M 10 12 26 80
16 37 31 34 14 31 0 M M M 10.1 22 270 M M 10 138 28 280
17 36 31 34 14 31 0 T M M 15.0 24 260 M M 10 31 250
18 36 25 31 11 34 0 0.07 M M 10.6 21 290 M M 10 18 31 290
19 33 23 28 8 37 0 T M M 7.0 16 260 M M 9 1 22 310
20 29 14 22 2 43 0 0.03 M M 10.0 29 280 M M 8 128 36 280
21 29 7 18 -2 47 0 0.01 M M 3.1 15 230 M M 7 18 230
22 34 21 28 8 37 0 0.04 M M 9.0 22 290 M M 9 1 31 290
23 26 10 18 -2 47 0 T M M 16.1 35 290 M M 6 89 47 290
24 19 5 12 -8 53 0 0.00 M M 10.3 22 300 M M 0 32 290
25 28 9 19 -1 46 0 0.00 M M 5.6 14 280 M M 0 17 330
26 30 15 23 3 42 0 0.20 M M 4.1 14 150 M M 7 128 17 150
27 27 23 25 5 40 0 0.09 M M 6.8 14 290 M M 10 1 19 320
28 23 8 16 -4 49 0 T M M 12.6 23 300 M M 8 8 32 290
29 12 -2 5 -15 60 0 T M M 12.7 25 290 M M 5 8 34 280
30 16 -1 8 -13 57 0 0.00 M M 9.4 22 300 M M 0 37 270
31 23 -5 9 -12 56 0 0.00 M M 2.3 13 300 M M 2 14 300
================================================================================
SM 918 552 1272 0 1.08 M 229.7 M 212
================================================================================
AV 29.6 17.8 7.4 FASTST M M 7 MAX(MPH)
MISC ----> 35 290 47 290
================================================================================
NOTES:
# LAST OF SEVERAL OCCURRENCES
COLUMN 17 PEAK WIND IN M.P.H.
PRELIMINARY LOCAL CLIMATOLOGICAL DATA (WS FORM: F-6) , PAGE 2
STATION: PITTSFIELD MA
MONTH: JANUARY
YEAR: 2021
LATITUDE: 42 25 N
LONGITUDE: 73 18 W
[TEMPERATURE DATA] [PRECIPITATION DATA] SYMBOLS USED IN COLUMN 16
AVERAGE MONTHLY: 23.7 TOTAL FOR MONTH: 1.08 1 = FOG OR MIST
DPTR FM NORMAL: 3.5 DPTR FM NORMAL: -1.84 2 = FOG REDUCING VISIBILITY
HIGHEST: 38 ON 2 GRTST 24HR 0.66 ON 16-16 TO 1/4 MILE OR LESS
LOWEST: -5 ON 31 3 = THUNDER
SNOW, ICE PELLETS, HAIL 4 = ICE PELLETS
TOTAL MONTH: M 5 = HAIL
GRTST 24HR M ON M 6 = FREEZING RAIN OR DRIZZLE
GRTST DEPTH: M ON M 7 = DUSTSTORM OR SANDSTORM:
VSBY 1/2 MILE OR LESS
8 = SMOKE OR HAZE
[NO. OF DAYS WITH] [WEATHER - DAYS WITH] 9 = BLOWING SNOW
X = TORNADO
MAX 32 OR BELOW: 19 0.01 INCH OR MORE: 11
MAX 90 OR ABOVE: 0 0.10 INCH OR MORE: 3
MIN 32 OR BELOW: 31 0.50 INCH OR MORE: 0
MIN 0 OR BELOW: 3 1.00 INCH OR MORE: 0
[HDD (BASE 65) ]
TOTAL THIS MO. 1272 CLEAR (SCALE 0-3) 6
DPTR FM NORMAL -115 PTCLDY (SCALE 4-7) 10
TOTAL FM JUL 1 3624 CLOUDY (SCALE 8-10) 15
DPTR FM NORMAL -599
[CDD (BASE 65) ]
TOTAL THIS MO. 0
DPTR FM NORMAL 0 [PRESSURE DATA]
TOTAL FM JAN 1 0 HIGHEST SLP 30.51 ON 1
DPTR FM NORMAL 0 LOWEST SLP 29.27 ON 16
[REMARKS]
#FINAL-01-21#