000
CXUS56 KLOX 011255
CF6SDB
PRELIMINARY LOCAL CLIMATOLOGICAL DATA (WS FORM: F-6)
STATION: SANDBERG CA
MONTH: JANUARY
YEAR: 2023
LATITUDE: 34 45 N
LONGITUDE: 118 44 W
TEMPERATURE IN F: :PCPN: SNOW: WIND :SUNSHINE: SKY :PK WND
================================================================================
1 2 3 4 5 6A 6B 7 8 9 10 11 12 13 14 15 16 17 18
12Z AVG MX 2MIN
DY MAX MIN AVG DEP HDD CDD WTR SNW DPTH SPD SPD DIR MIN PSBL S-S WX SPD DR
================================================================================
1 43 33 38 -7 27 0 0.15 M M 16.9 36 320 M M M 2 52 300
2 41 32 37 -8 28 0 0.02 M M 14.7 38 190 M M 9 12 62 180
3 44 34 39 -6 26 0 0.05 M M 17.2 37 190 M M 10 2 58 180
4 48 41 45 0 20 0 0.84 M M 23.8 41 180 M M 10 2 67 170
5 47 35 41 -4 24 0 1.84 M M 18.8 35 130 M M 8 53 110
6 52 33 43 -2 22 0 0.00 M M 15.5 30 330 M M 0 36 330
7 45 39 42 -3 23 0 0.00 M M 12.6 18 70 M M 1 30 70
8 49 39 44 -1 21 0 0.09 M M 14.7 22 180 M M 5 12 33 180
9 48 39 44 -2 21 0 2.69 M M 23.9 32 170 M M 10 2 67 180
10 48 35 42 -4 23 0 0.54 M M 19.3 41 200 M M 6 12 71 180
11 46 34 40 -6 25 0 0.00 M M 7.7 23 60 M M 4 1 36 60
12 45 38 42 -4 23 0 0.00 M M 22.8 32 60 M M 0 48 60
13 51 42 47 1 18 0 0.00 M M 12.3 22 70 M M 1 30 70
14 45 39 42 -4 23 0 0.43 M M 13.9 24 190 M M 9 12 44 190
15 40 35 38 -8 27 0 0.16 M M 14.0 33 190 M M 8 12 54 180
16 43 31 37 -9 28 0 0.15 M M 17.7 31 190 M M 7 12 54 170
17 36 30 33 -13 32 0 0.02 M M 21.0 44 330 M M 9 12 60 300
18 45 30 38 -8 27 0 0.00 M M 7.7 28 320 M M 0 32 320
19 41 31 36 -10 29 0 T M M 13.3 48 330 M M 6 12 61 320
20 40 27 34 -12 31 0 T M M 15.3 24 60 M M 2 12 38 80
21 48 31 40 -6 25 0 0.00 M M 11.3 24 320 M M 0 30 330
22 49 29 39 -7 26 0 0.00 M M 18.1 43 330 M M 2 18 59 290
23 47 26 37 -9 28 0 0.00 M M 12.3 32 60 M M 0 51 70
24 53 34 44 -2 21 0 0.00 M M 11.5 21 60 M M 0 28 50
25 49 37 43 -3 22 0 0.00 M M 14.5 28 60 M M 0 45 80
26 49 32 41 -5 24 0 0.00 M M 19.2 31 60 M M 0 61 60
27 61 39 50 5 15 0 0.00 M M 13.2 28 310 M M 0 50 300
28 55 37 46 1 19 0 0.00 M M 9.4 20 320 M M 1 12 28 180
29 40 32 36 -9 29 0 T M M 18.9 26 170 M M 10 12 44 170
30 39 30 35 -10 30 0 0.18 M M 19.1 31 80 M M 7 12 48 70
31 44 25 35 -10 30 0 0.00 M M 13.9 28 60 M M 0 38 60
================================================================================
SM 1431 1049 767 0 7.16 M 484.4 M 125
================================================================================
AV 46.2 33.8 15.6 FASTST M M 4 MAX(MPH)
MISC ----> 48 330 71 180
================================================================================
NOTES:
# LAST OF SEVERAL OCCURRENCES
COLUMN 17 PEAK WIND IN M.P.H.
PRELIMINARY LOCAL CLIMATOLOGICAL DATA (WS FORM: F-6) , PAGE 2
STATION: SANDBERG CA
MONTH: JANUARY
YEAR: 2023
LATITUDE: 34 45 N
LONGITUDE: 118 44 W
[TEMPERATURE DATA] [PRECIPITATION DATA] SYMBOLS USED IN COLUMN 16
AVERAGE MONTHLY: 40.0 TOTAL FOR MONTH: 7.16 1 = FOG OR MIST
DPTR FM NORMAL: -5.4 DPTR FM NORMAL: 4.66 2 = FOG REDUCING VISIBILITY
HIGHEST: 61 ON 27 GRTST 24HR 2.69 ON 9- 9 TO 1/4 MILE OR LESS
LOWEST: 25 ON 31 3 = THUNDER
SNOW, ICE PELLETS, HAIL 4 = ICE PELLETS
TOTAL MONTH: M 5 = HAIL
GRTST 24HR M ON M 6 = FREEZING RAIN OR DRIZZLE
GRTST DEPTH: M ON M 7 = DUSTSTORM OR SANDSTORM:
VSBY 1/2 MILE OR LESS
8 = SMOKE OR HAZE
[NO. OF DAYS WITH] [WEATHER - DAYS WITH] 9 = BLOWING SNOW
X = TORNADO
MAX 32 OR BELOW: 0 0.01 INCH OR MORE: 13
MAX 90 OR ABOVE: 0 0.10 INCH OR MORE: 9
MIN 32 OR BELOW: 13 0.50 INCH OR MORE: 4
MIN 0 OR BELOW: 0 1.00 INCH OR MORE: 2
[HDD (BASE 65) ]
TOTAL THIS MO. 767 CLEAR (SCALE 0-3) 15
DPTR FM NORMAL 161 PTCLDY (SCALE 4-7) 8
TOTAL FM JUL 1 2136 CLOUDY (SCALE 8-10) 8
DPTR FM NORMAL 280
[CDD (BASE 65) ]
TOTAL THIS MO. 0
DPTR FM NORMAL 0 [PRESSURE DATA]
TOTAL FM JAN 1 0 HIGHEST SLP M ON M
DPTR FM NORMAL 0 LOWEST SLP 29.62 ON 1
[REMARKS]
#FINAL-01-23#