000
CXUS56 KLOX 011155
CF6SDB
PRELIMINARY LOCAL CLIMATOLOGICAL DATA (WS FORM: F-6)
STATION: SANDBERG CA
MONTH: AUGUST
YEAR: 2022
LATITUDE: 34 45 N
LONGITUDE: 118 44 W
TEMPERATURE IN F: :PCPN: SNOW: WIND :SUNSHINE: SKY :PK WND
================================================================================
1 2 3 4 5 6A 6B 7 8 9 10 11 12 13 14 15 16 17 18
12Z AVG MX 2MIN
DY MAX MIN AVG DEP HDD CDD WTR SNW DPTH SPD SPD DIR MIN PSBL S-S WX SPD DR
================================================================================
1 90 68 79 2 0 14 0.00 M M 10.3 22 150 M M 3 34 140
2 89 66 78 1 0 13 0.00 M M 11.2 22 310 M M 0 29 330
3 91 70 81 4 0 16 0.00 M M 12.3 20 160 M M 1 29 140
4 87 66 77 0 0 12 0.00 M M 9.6 14 170 M M 1 24 140
5 87 64 76 -1 0 11 0.00 M M 6.4 16 150 M M 1 26 150
6 92 64 78 1 0 13 0.00 M M 13.3 23 300 M M 0 36 270
7 93 67 80 3 0 15 0.00 M M 10.6 22 200 M M 0 31 210
8 92 70 81 4 0 16 0.00 M M 7.7 16 180 M M 0 26 170
9 89 69 79 2 0 14 0.00 M M 10.9 21 170 M M 0 36 150
10 88 66 77 0 0 12 0.00 M M 11.1 18 140 M M 0 36 160
11 90 65 78 1 0 13 0.00 M M 11.5 16 330 M M 0 17 180
12 93 67 80 3 0 15 0.00 M M 10.8 18 330 M M 0 32 340
13 90 68 79 2 0 14 0.00 M M 12.2 18 330 M M 0 32 340
14 93 67 80 3 0 15 0.00 M M 11.2 22 330 M M 0 32 320
15 95 68 82 5 0 17 0.00 M M 10.7 20 320 M M 0 30 300
16 94 72 83 6 0 18 0.00 M M 11.5 18 170 M M 0 28 160
17 94 74 84 7 0 19 0.00 M M 10.9 17 170 M M 1 26 170
18 93 72 83 6 0 18 0.00 M M 15.5 22 330 M M 0 31 340
19 90 71 81 4 0 16 0.00 M M 14.9 25 330 M M 0 35 320
20 89 68 79 2 0 14 0.00 M M 11.7 17 320 M M 0 35 320
21 89 65 77 0 0 12 0.00 M M 11.2 20 320 M M 0 31 300
22 88 70 79 2 0 14 0.00 M M 16.3 26 320 M M 0 38 330
23 98 70 84 7 0 19 0.00 M M 9.7 17 210 M M 0 36 170
24 90 69 80 4 0 15 0.00 M M 13.1 21 170 M M 0 35 160
25 90 68 79 3 0 14 0.00 M M 10.4 12 180 M M 0 M M
26 92 72 82 6 0 17 0.00 M M 14.1 20 330 M M 0 30 330
27 85 65 75 -1 0 10 0.00 M M 12.4 16 160 M M 0 28 170
28 83 64 74 -2 0 9 0.00 M M M M M M M 0 M M
29 87 64 76 0 0 11 0.00 M M 12.2 18 150 M M 0 28 130
30 94 71 83 7 0 18 0.00 M M 10.8 20 320 M M 0 31 200
31 100 76 88 12 0 23 0.00 M M 14.0 28 330 M M 0 37 340
================================================================================
SM 2815 2116 0 457 0.00 M 348.3 M 7
================================================================================
AV 90.8 68.3 11.6 FASTST M M 0 MAX(MPH)
MISC ----> 28 330 38 330
================================================================================
NOTES:
# LAST OF SEVERAL OCCURRENCES
COLUMN 17 PEAK WIND IN M.P.H.
PRELIMINARY LOCAL CLIMATOLOGICAL DATA (WS FORM: F-6) , PAGE 2
STATION: SANDBERG CA
MONTH: AUGUST
YEAR: 2022
LATITUDE: 34 45 N
LONGITUDE: 118 44 W
[TEMPERATURE DATA] [PRECIPITATION DATA] SYMBOLS USED IN COLUMN 16
AVERAGE MONTHLY: 79.5 TOTAL FOR MONTH: 0.00 1 = FOG OR MIST
DPTR FM NORMAL: 2.7 DPTR FM NORMAL: -0.06 2 = FOG REDUCING VISIBILITY
HIGHEST: 100 ON 31 GRTST 24HR 0.00 ON 1- 1 TO 1/4 MILE OR LESS
LOWEST: 64 ON 29,28 3 = THUNDER
SNOW, ICE PELLETS, HAIL 4 = ICE PELLETS
TOTAL MONTH: M 5 = HAIL
GRTST 24HR M ON M 6 = FREEZING RAIN OR DRIZZLE
GRTST DEPTH: M ON M 7 = DUSTSTORM OR SANDSTORM:
VSBY 1/2 MILE OR LESS
8 = SMOKE OR HAZE
[NO. OF DAYS WITH] [WEATHER - DAYS WITH] 9 = BLOWING SNOW
X = TORNADO
MAX 32 OR BELOW: 0 0.01 INCH OR MORE: 0
MAX 90 OR ABOVE: 20 0.10 INCH OR MORE: 0
MIN 32 OR BELOW: 0 0.50 INCH OR MORE: 0
MIN 0 OR BELOW: 0 1.00 INCH OR MORE: 0
[HDD (BASE 65) ]
TOTAL THIS MO. 0 CLEAR (SCALE 0-3) 31
DPTR FM NORMAL -3 PTCLDY (SCALE 4-7) 0
TOTAL FM JUL 1 2 CLOUDY (SCALE 8-10) 0
DPTR FM NORMAL -2
[CDD (BASE 65) ]
TOTAL THIS MO. 457
DPTR FM NORMAL 88 [PRESSURE DATA]
TOTAL FM JAN 1 1137 HIGHEST SLP M ON M
DPTR FM NORMAL 172 LOWEST SLP M ON M
[REMARKS]
#FINAL-08-22#