000
CXUS54 KMEG 010900
CF6TUP
PRELIMINARY LOCAL CLIMATOLOGICAL DATA (WS FORM: F-6)
STATION: TUPELO
MONTH: JULY
YEAR: 2023
LATITUDE: 34 16 N
LONGITUDE: 88 46 W
TEMPERATURE IN F: :PCPN: SNOW: WIND :SUNSHINE: SKY :PK WND
================================================================================
1 2 3 4 5 6A 6B 7 8 9 10 11 12 13 14 15 16 17 18
12Z AVG MX 2MIN
DY MAX MIN AVG DEP HDD CDD WTR SNW DPTH SPD SPD DIR MIN PSBL S-S WX SPD DR
================================================================================
1 98 77 88 6 0 23 0.00 0.0 0 5.6 15 110 M M 1 1 18 250
2 96 75 86 4 0 21 0.07 0.0 0 6.7 18 250 M M 1 3 39 260
3 95 73 84 2 0 19 0.32 0.0 0 4.7 16 200 M M 3 13 23 220
4 91 73 82 0 0 17 0.04 0.0 0 3.7 17 130 M M 4 3 21 130
5 92 73 83 1 0 18 T 0.0 0 2.9 10 200 M M 4 12 14 200
6 90 74 82 0 0 17 0.09 0.0 0 4.0 15 360 M M 2 20 350
7 91 74 83 1 0 18 1.14 0.0 0 2.5 22 330 M M 2 138 30 340
8 90 73 82 0 0 17 1.03 0.0 0 4.2 22 330 M M 5 138 29 330
9 87 71 79 -3 0 14 0.20 0.0 0 3.2 13 20 M M 7 1 17 350
10 87 72 80 -2 0 15 0.00 0.0 0 3.9 12 20 M M 6 14 30
11 91 69 80 -2 0 15 0.00 0.0 0 1.9 10 160 M M 3 1 14 170
12 92 75 84 2 0 19 0.75 0.0 0 5.7 17 200 M M 4 1 23 210
13 90 75 83 1 0 18 0.01 0.0 0 5.7 13 160 M M 6 18 170
14 88 73 81 -1 0 16 0.37 0.0 0 4.2 13 150 M M 6 123 22 330
15 89 75 82 0 0 17 0.01 0.0 0 5.3 15 260 M M 2 21 260
16 93 76 85 3 0 20 0.00 0.0 0 2.6 9 10 M M 2 1 12 330
17 93 72 83 1 0 18 0.00 0.0 0 1.6 8 190 M M 0 18 11 220
18 96 73 85 2 0 20 0.22 0.0 0 7.1 41 360 M M 1 13 55 360
19 93 73 83 0 0 18 T 0.0 0 6.9 31 40 M M 1 3 42 40
20 98 75 87 4 0 22 0.00 0.0 0 4.4 16 250 M M 0 1 25 250
21 92 71 82 -1 0 17 0.44 0.0 0 2.4 36 350 M M 3 123 47 360
22 87 71 79 -4 0 14 0.00 0.0 0 4.9 16 10 M M 6 21 10
23 89 66 78 -5 0 13 0.00 0.0 0 3.9 13 30 M M 0 19 40
24 93 68 81 -2 0 16 0.00 0.0 0 1.3 8 200 M M 0 12 190
25 95 72 84 1 0 19 0.00 0.0 0 2.0 10 250 M M 0 1 13 230
26 96 74 85 2 0 20 0.01 0.0 0 3.2 14 200 M M 1 1 18 180
27 97 78 88 5 0 23 0.00 0.0 0 3.7 12 180 M M 0 14 170
28 98 75 87 4 0 22 0.00 0.0 0 1.4 7 200 M M 0 1 9 180
29 99 77 88 5 0 23 0.00 0.0 0 2.5 13 350 M M 0 18 17 350
30 94 76 85 2 0 20 0.03 0.0 0 4.7 16 350 M M 2 18 21 340
31 93 73 83 0 0 18 0.00 0.0 0 5.2 14 50 M M 0 18 30
================================================================================
SM 2873 2272 0 567 4.73 0.0 122.0 M 72
================================================================================
AV 92.7 73.3 3.9 FASTST M M 2 MAX(MPH)
MISC ----> 41 360 55 360
================================================================================
NOTES:
# LAST OF SEVERAL OCCURRENCES
COLUMN 17 PEAK WIND IN M.P.H.
PRELIMINARY LOCAL CLIMATOLOGICAL DATA (WS FORM: F-6) , PAGE 2
STATION: TUPELO
MONTH: JULY
YEAR: 2023
LATITUDE: 34 16 N
LONGITUDE: 88 46 W
[TEMPERATURE DATA] [PRECIPITATION DATA] SYMBOLS USED IN COLUMN 16
AVERAGE MONTHLY: 83.0 TOTAL FOR MONTH: 4.73 1 = FOG OR MIST
DPTR FM NORMAL: 0.7 DPTR FM NORMAL: 0.23 2 = FOG REDUCING VISIBILITY
HIGHEST: 99 ON 29 GRTST 24HR 1.96 ON 7- 8 TO 1/4 MILE OR LESS
LOWEST: 66 ON 23 3 = THUNDER
SNOW, ICE PELLETS, HAIL 4 = ICE PELLETS
TOTAL MONTH: 0.0 INCH 5 = HAIL
GRTST 24HR 0.0 6 = FREEZING RAIN OR DRIZZLE
GRTST DEPTH: 0 7 = DUSTSTORM OR SANDSTORM:
VSBY 1/2 MILE OR LESS
8 = SMOKE OR HAZE
[NO. OF DAYS WITH] [WEATHER - DAYS WITH] 9 = BLOWING SNOW
X = TORNADO
MAX 32 OR BELOW: 0 0.01 INCH OR MORE: 15
MAX 90 OR ABOVE: 25 0.10 INCH OR MORE: 8
MIN 32 OR BELOW: 0 0.50 INCH OR MORE: 3
MIN 0 OR BELOW: 0 1.00 INCH OR MORE: 2
[HDD (BASE 65) ]
TOTAL THIS MO. 0 CLEAR (SCALE 0-3) 22
DPTR FM NORMAL 0 PTCLDY (SCALE 4-7) 9
TOTAL FM JUL 1 0 CLOUDY (SCALE 8-10) 0
DPTR FM NORMAL 0
[CDD (BASE 65) ]
TOTAL THIS MO. 567
DPTR FM NORMAL 29 [PRESSURE DATA]
TOTAL FM JAN 1 1391 HIGHEST SLP 30.18 ON 19
DPTR FM NORMAL 104 LOWEST SLP 29.83 ON 9
[REMARKS]
#FINAL-07-23#