000
CXUS54 KFWD 010731
CF6AFW
PRELIMINARY LOCAL CLIMATOLOGICAL DATA (WS FORM: F-6)
STATION: FORT WORTH ALLIANCE
MONTH: SEPTEMBER
YEAR: 2021
LATITUDE: 32 58 N
LONGITUDE: 97 19 W
TEMPERATURE IN F: :PCPN: SNOW: WIND :SUNSHINE: SKY :PK WND
================================================================================
1 2 3 4 5 6A 6B 7 8 9 10 11 12 13 14 15 16 17 18
12Z AVG MX 2MIN
DY MAX MIN AVG DEP HDD CDD WTR SNW DPTH SPD SPD DIR MIN PSBL S-S WX SPD DR
================================================================================
1 99 79 89 6 0 24 0.00 M M 8.8 16 130 M M 2 23 150
2 98 77 88 5 0 23 0.00 M M 9.6 18 150 M M 1 25 180
3 97 77 87 5 0 22 0.00 M M 9.9 18 170 M M 4 23 170
4 99 76 88 6 0 23 0.00 M M 8.1 15 180 M M 5 20 210
5 90 76 83 1 0 18 0.01 M M 6.5 15 10 M M 6 3 18 60
6 95 72 84 2 0 19 0.00 M M 6.9 14 140 M M 5 22 190
7 97 69 83 2 0 18 0.00 M M 6.2 15 170 M M 6 8 21 160
8 96 69 83 2 0 18 0.06 M M 9.0 37 50 M M 4 13 54 60
9 92 63 78 -3 0 13 0.00 M M 6.5 16 100 M M 0 22 100
10 93 67 80 0 0 15 0.00 M M 9.8 17 140 M M 0 23 160
11 92 66 79 -1 0 14 0.00 M M 7.9 16 140 M M 0 25 180
12 91 66 79 -1 0 14 0.00 M M 6.7 16 140 M M 2 20 150
13 88 68 78 -1 0 13 T M M 8.2 25 160 M M 5 8 32 170
14 87 68 78 -1 0 13 T M M 6.9 23 120 M M 5 29 120
15 90 66 78 -1 0 13 0.00 M M 6.9 16 70 M M 3 24 130
16 91 70 81 3 0 16 0.00 M M 5.7 14 70 M M 3 24 130
17 92 71 82 4 0 17 0.00 M M 6.2 15 70 M M 2 20 60
18 96 69 83 5 0 18 0.00 M M 6.1 16 50 M M 2 21 30
19 94 72 83 6 0 18 0.00 M M 4.8 12 120 M M 1 18 100
20 101 75 88 11 0 23 0.00 M M 12.2 20 180 M M 4 28 190
21 89 62 76 -1 0 11 T M M 14.1 26 350 M M 6 39 350
22 83 55 69 -7 0 4 0.00 M M 7.1 17 10 M M 1 8 25 40
23 85 54 70 -6 0 5 0.00 M M 3.5 10 60 M M 2 19 40
24 88 55 72 -4 0 7 0.00 M M 4.9 13 170 M M 5 8 25 180
25 91 58 75 0 0 10 0.00 M M 4.1 13 120 M M 1 20 150
26 91 65 78 3 0 13 0.00 M M 8.4 20 170 M M 3 25 170
27 89 65 77 2 0 12 0.00 M M 8.9 16 180 M M 6 26 170
28 94 69 82 8 0 17 0.08 M M 9.2 20 360 M M 5 13 27 160
29 90 70 80 6 0 15 T M M 8.6 18 130 M M 7 26 140
30 91 68 80 6 0 15 0.26 M M 9.4 29 360 M M 6 13 37 360
================================================================================
SM 2769 2037 0 461 0.41 M 231.1 M 102
================================================================================
AV 92.3 67.9 7.7 FASTST M M 3 MAX(MPH)
MISC ----> 37 50 54 60
================================================================================
NOTES:
# LAST OF SEVERAL OCCURRENCES
COLUMN 17 PEAK WIND IN M.P.H.
PRELIMINARY LOCAL CLIMATOLOGICAL DATA (WS FORM: F-6) , PAGE 2
STATION: FORT WORTH ALLIANCE
MONTH: SEPTEMBER
YEAR: 2021
LATITUDE: 32 58 N
LONGITUDE: 97 19 W
[TEMPERATURE DATA] [PRECIPITATION DATA] SYMBOLS USED IN COLUMN 16
AVERAGE MONTHLY: 80.1 TOTAL FOR MONTH: 0.41 1 = FOG OR MIST
DPTR FM NORMAL: 1.7 DPTR FM NORMAL: -2.76 2 = FOG REDUCING VISIBILITY
HIGHEST: 101 ON 20 GRTST 24HR 0.26 ON 30-30 TO 1/4 MILE OR LESS
LOWEST: 54 ON 23 3 = THUNDER
SNOW, ICE PELLETS, HAIL 4 = ICE PELLETS
TOTAL MONTH: M 5 = HAIL
GRTST 24HR M ON M 6 = FREEZING RAIN OR DRIZZLE
GRTST DEPTH: M ON M 7 = DUSTSTORM OR SANDSTORM:
VSBY 1/2 MILE OR LESS
8 = SMOKE OR HAZE
[NO. OF DAYS WITH] [WEATHER - DAYS WITH] 9 = BLOWING SNOW
X = TORNADO
MAX 32 OR BELOW: 0 0.01 INCH OR MORE: 4
MAX 90 OR ABOVE: 23 0.10 INCH OR MORE: 1
MIN 32 OR BELOW: 0 0.50 INCH OR MORE: 0
MIN 0 OR BELOW: 0 1.00 INCH OR MORE: 0
[HDD (BASE 65) ]
TOTAL THIS MO. 0 CLEAR (SCALE 0-3) 15
DPTR FM NORMAL -3 PTCLDY (SCALE 4-7) 15
TOTAL FM JUL 1 0 CLOUDY (SCALE 8-10) 0
DPTR FM NORMAL 0
[CDD (BASE 65) ]
TOTAL THIS MO. 461
DPTR FM NORMAL 56 [PRESSURE DATA]
TOTAL FM JAN 1 2487 HIGHEST SLP M ON M
DPTR FM NORMAL -248 LOWEST SLP 29.69 ON 28
[REMARKS]
#FINAL-09-21#