443
CXUS54 KAMA 010710
CF6AMA
PRELIMINARY LOCAL CLIMATOLOGICAL DATA (WS FORM: F-6)
STATION: AMARILLO
MONTH: JUNE
YEAR: 2020
LATITUDE: 35 13 N
LONGITUDE: 101 42 W
TEMPERATURE IN F: :PCPN: SNOW: WIND :SUNSHINE: SKY :PK WND
================================================================================
1 2 3 4 5 6A 6B 7 8 9 10 11 12 13 14 15 16 17 18
12Z AVG MX 2MIN
DY MAX MIN AVG DEP HDD CDD WTR SNW DPTH SPD SPD DIR MIN PSBL S-S WX SPD DR
================================================================================
1 88 59 74 4 0 9 0.00 0.0 0 15.0 23 190 M M 0 30 160
2 91 61 76 5 0 11 0.00 0.0 0 13.0 22 200 M M 1 26 200
3 97 62 80 9 0 15 T 0.0 0 10.6 28 20 M M 1 3 35 20
4 98 61 80 9 0 15 0.50 T 0 16.0 37 330 M M 1 358 46 320
5 99 64 82 10 0 17 0.00 0.0 0 17.2 28 140 M M 0 3 35 140
6 96 68 82 10 0 17 0.00 0.0 0 20.9 36 170 M M 0 42 150
7 94 72 83 11 0 18 0.00 0.0 0 25.6 35 170 M M 0 43 180
8 100 66 83 11 0 18 0.00 0.0 0 16.8 29 230 M M 0 38 200
9 82 47 65 -8 0 0 0.00 0.0 0 22.0 46 320 M M 2 78 58 310
10 86 45 66 -7 0 1 0.00 0.0 0 8.4 18 190 M M 0 25 200
11 93 60 77 4 0 12 0.00 0.0 0 21.7 31 180 M M 0 41 180
12 94 64 79 5 0 14 0.00 0.0 0 17.9 31 200 M M 0 37 200
13 95 61 78 4 0 13 0.00 0.0 0 20.7 33 170 M M 0 47 160
14 92 67 80 6 0 15 0.00 0.0 0 19.7 31 200 M M 0 38 200
15 91 64 78 4 0 13 0.00 0.0 0 17.3 26 190 M M 0 42 170
16 92 68 80 5 0 15 0.00 0.0 0 19.0 28 160 M M 2 36 190
17 94 70 82 7 0 17 0.00 0.0 0 23.0 32 150 M M 1 38 170
18 94 65 80 5 0 15 0.00 0.0 0 9.7 20 130 M M 0 23 160
19 89 58 74 -1 0 9 1.74 T 0 13.2 28 100 M M 3 135 38 100
20 86 60 73 -3 0 8 0.34 0.0 0 15.0 28 100 M M 4 13 34 110
21 96 66 81 5 0 16 0.00 0.0 0 18.3 30 80 M M 0 37 100
22 91 62 77 1 0 12 0.21 0.0 0 15.7 40 350 M M 3 13 55 360
23 85 61 73 -3 0 8 0.00 0.0 0 9.8 16 110 M M 0 22 120
24 90 65 78 1 0 13 0.00 0.0 0 14.5 25 210 M M 1 33 210
25 94 63 79 2 0 14 0.00 0.0 0 17.2 24 210 M M 0 35 190
26 96 67 82 5 0 17 0.00 0.0 0 15.4 26 180 M M 1 32 160
27 95 68 82 5 0 17 0.00 0.0 0 18.9 32 190 M M 0 38 180
28 96 71 84 7 0 19 0.00 0.0 0 16.2 28 170 M M 0 33 160
29 100 69 85 8 0 20 0.00 0.0 0 16.6 29 210 M M 0 36 210
30 98 70 84 6 0 19 0.00 0.0 0 16.4 30 220 M M 0 37 210
================================================================================
SM 2792 1904 0 407 2.79 T 501.7 M 20
================================================================================
AV 93.1 63.5 16.7 FASTST M M 1 MAX(MPH)
MISC ----> 46 320 58 310
================================================================================
NOTES:
# LAST OF SEVERAL OCCURRENCES
COLUMN 17 PEAK WIND IN M.P.H.
PRELIMINARY LOCAL CLIMATOLOGICAL DATA (WS FORM: F-6) , PAGE 2
STATION: AMARILLO
MONTH: JUNE
YEAR: 2020
LATITUDE: 35 13 N
LONGITUDE: 101 42 W
[TEMPERATURE DATA] [PRECIPITATION DATA] SYMBOLS USED IN COLUMN 16
AVERAGE MONTHLY: 78.3 TOTAL FOR MONTH: 2.79 1 = FOG OR MIST
DPTR FM NORMAL: 3.9 DPTR FM NORMAL: -0.37 2 = FOG REDUCING VISIBILITY
HIGHEST: 100 ON 29, 8 GRTST 24HR 1.74 ON 19-19 TO 1/4 MILE OR LESS
LOWEST: 45 ON 10 3 = THUNDER
SNOW, ICE PELLETS, HAIL 4 = ICE PELLETS
TOTAL MONTH: T 5 = HAIL
GRTST 24HR T ON 4- 4 6 = FREEZING RAIN OR DRIZZLE
GRTST DEPTH: 0 7 = DUSTSTORM OR SANDSTORM:
VSBY 1/2 MILE OR LESS
8 = SMOKE OR HAZE
[NO. OF DAYS WITH] [WEATHER - DAYS WITH] 9 = BLOWING SNOW
X = TORNADO
MAX 32 OR BELOW: 0 0.01 INCH OR MORE: 4
MAX 90 OR ABOVE: 24 0.10 INCH OR MORE: 4
MIN 32 OR BELOW: 0 0.50 INCH OR MORE: 2
MIN 0 OR BELOW: 0 1.00 INCH OR MORE: 1
[HDD (BASE 65) ]
TOTAL THIS MO. 0 CLEAR (SCALE 0-3) 29
DPTR FM NORMAL -7 PTCLDY (SCALE 4-7) 1
TOTAL FM JUL 1 3925 CLOUDY (SCALE 8-10) 0
DPTR FM NORMAL -251
[CDD (BASE 65) ]
TOTAL THIS MO. 407
DPTR FM NORMAL 119 [PRESSURE DATA]
TOTAL FM JAN 1 587 HIGHEST SLP M ON M
DPTR FM NORMAL 174 LOWEST SLP 29.40 ON 9
[REMARKS]
#FINAL-06-20#