000
CXUS55 KCYS 041538
CF6DGW
PRELIMINARY LOCAL CLIMATOLOGICAL DATA (WS FORM: F-6)
STATION: CONVERSE CO (DOUGLAS) WY ARPT
MONTH: APRIL
YEAR: 2022
LATITUDE: 42 46 N
LONGITUDE: 105 22 W
TEMPERATURE IN F: :PCPN: SNOW: WIND :SUNSHINE: SKY :PK WND
================================================================================
1 2 3 4 5 6A 6B 7 8 9 10 11 12 13 14 15 16 17 18
12Z AVG MX 2MIN
DY MAX MIN AVG DEP HDD CDD WTR SNW DPTH SPD SPD DIR MIN PSBL S-S WX SPD DR
================================================================================
1 50 28 39 -2 26 0 T M M 9.1 18 290 M M 6 1 26 300
2 66 23 45 4 20 0 0.00 M M 10.4 29 270 M M 0 40 260
3 54 26 40 -2 25 0 0.00 M M 12.9 29 290 M M 0 42 300
4 63 26 45 3 20 0 0.00 M M 17.4 44 270 M M 1 62 270
5 51 28 40 -2 25 0 T M M 24.1 43 300 M M 5 12 59 300
6 44 26 35 -7 30 0 T M M 26.3 39 310 M M 7 8 53 320
7 50 23 37 -5 28 0 0.00 M M 20.1 37 330 M M 3 49 320
8 67 19 43 1 22 0 0.00 M M 9.3 22 270 M M 0 8 34 290
9 66 34 50 8 15 0 T M M 10.4 33 330 M M 4 43 330
10 38 19 29 -13 36 0 T M M 11.9 35 290 M M 8 1 44 300
11 52 20 36 -7 29 0 0.00 M M 7.1 25 50 M M 6 33 60
12 40 11 26 -17 39 0 T M M 20.3 47 280 M M 8 59 290
13 32 7 20 -23 45 0 0.00 M M 19.5 39 290 M M 1 52 290
14 42 10 26 -17 39 0 0.00 M M 9.4 17 80 M M 3 27 50
15 29 18 24 -19 41 0 0.01 M M 9.2 16 60 M M 10 21 50
16 53 24 39 -4 26 0 T M M 20.7 36 140 M M 5 51 120
17 51 28 40 -4 25 0 0.00 M M 14.1 25 330 M M 5 34 330
18 58 24 41 -3 24 0 0.00 M M 15.1 26 140 M M 1 35 140
19 77 36 57 13 8 0 0.00 M M 18.0 40 290 M M 2 8 54 290
20 62 33 48 4 17 0 0.00 M M 13.7 35 270 M M 2 46 270
21 81 27 54 10 11 0 0.00 M M 19.5 39 150 M M 0 52 170
22 66 32 49 5 16 0 T M M 12.6 29 270 M M 4 13 36 270
23 39 30 35 -10 30 0 0.26 M M 27.1 53 330 M M 7 12 76 310
24 42 26 34 -11 31 0 0.01 M M 18.6 35 330 M M 4 1 45 320
25 52 21 37 -8 28 0 0.00 M M 5.3 14 220 M M 1 23 230
26 66 27 47 1 18 0 0.00 M M 5.6 17 120 M M 0 22 120
27 67 34 51 5 14 0 0.00 M M 8.6 21 140 M M 1 30 150
28 65 35 50 4 15 0 0.10 M M 8.3 23 90 M M 2 38 35 110
29 52 37 45 -1 20 0 0.01 M M 20.7 41 290 M M 8 12 54 290
30 56 31 44 -3 21 0 0.00 M M 16.2 32 330 M M 5 41 330
================================================================================
SM 1631 763 744 0 0.39 M 441.5 M 109
================================================================================
AV 54.4 25.4 14.7 FASTST M M 4 MAX(MPH)
MISC ----> 53 330 76 310
================================================================================
NOTES:
# LAST OF SEVERAL OCCURRENCES
COLUMN 17 PEAK WIND IN M.P.H.
PRELIMINARY LOCAL CLIMATOLOGICAL DATA (WS FORM: F-6) , PAGE 2
STATION: CONVERSE CO (DOUGLAS) WY ARPT
MONTH: APRIL
YEAR: 2022
LATITUDE: 42 46 N
LONGITUDE: 105 22 W
[TEMPERATURE DATA] [PRECIPITATION DATA] SYMBOLS USED IN COLUMN 16
AVERAGE MONTHLY: 39.9 TOTAL FOR MONTH: 0.39 1 = FOG OR MIST
DPTR FM NORMAL: -3.7 DPTR FM NORMAL: -1.19 2 = FOG REDUCING VISIBILITY
HIGHEST: 81 ON 21 GRTST 24HR 0.27 ON 23-24 TO 1/4 MILE OR LESS
LOWEST: 7 ON 13 3 = THUNDER
SNOW, ICE PELLETS, HAIL 4 = ICE PELLETS
TOTAL MONTH: M 5 = HAIL
GRTST 24HR M ON M 6 = FREEZING RAIN OR DRIZZLE
GRTST DEPTH: M ON M 7 = DUSTSTORM OR SANDSTORM:
VSBY 1/2 MILE OR LESS
8 = SMOKE OR HAZE
[NO. OF DAYS WITH] [WEATHER - DAYS WITH] 9 = BLOWING SNOW
X = TORNADO
MAX 32 OR BELOW: 2 0.01 INCH OR MORE: 5
MAX 90 OR ABOVE: 0 0.10 INCH OR MORE: 2
MIN 32 OR BELOW: 24 0.50 INCH OR MORE: 0
MIN 0 OR BELOW: 0 1.00 INCH OR MORE: 0
[HDD (BASE 65) ]
TOTAL THIS MO. 744 CLEAR (SCALE 0-3) 15
DPTR FM NORMAL 100 PTCLDY (SCALE 4-7) 14
TOTAL FM JUL 1 6354 CLOUDY (SCALE 8-10) 1
DPTR FM NORMAL -459
[CDD (BASE 65) ]
TOTAL THIS MO. 0
DPTR FM NORMAL 0 [PRESSURE DATA]
TOTAL FM JAN 1 0 HIGHEST SLP 30.47 ON 7
DPTR FM NORMAL 0 LOWEST SLP 29.10 ON 12
[REMARKS]
#FINAL-04-22#