000
CXUS54 KHGX 011410
CF6HOU
PRELIMINARY LOCAL CLIMATOLOGICAL DATA (WS FORM: F-6)
STATION: HOUSTON/HOBBY AIRPORT
MONTH: OCTOBER
YEAR: 2021
LATITUDE: 29 38 N
LONGITUDE: 95 17 W
TEMPERATURE IN F: :PCPN: SNOW: WIND :SUNSHINE: SKY :PK WND
================================================================================
1 2 3 4 5 6A 6B 7 8 9 10 11 12 13 14 15 16 17 18
12Z AVG MX 2MIN
DY MAX MIN AVG DEP HDD CDD WTR SNW DPTH SPD SPD DIR MIN PSBL S-S WX SPD DR
================================================================================
1 81 74 78 0 0 13 0.26 0.0 0 6.2 20 200 M M 9 13 29 190
2 85 76 81 4 0 16 0.02 0.0 0 4.3 13 150 M M 8 13 30 210
3 92 74 83 6 0 18 T 0.0 0 4.7 15 360 M M 7 19 360
4 90 72 81 4 0 16 0.00 0.0 0 6.5 17 360 M M 5 21 350
5 89 67 78 1 0 13 0.00 0.0 0 5.9 15 50 M M 2 19 30
6 90 66 78 2 0 13 0.00 0.0 0 3.5 12 350 M M 1 15 350
7 91 68 80 4 0 15 0.00 0.0 0 2.7 10 350 M M 1 12 40
8 91 68 80 4 0 15 0.00 0.0 0 4.0 14 130 M M 3 18 160
9 90 70 80 5 0 15 0.00 0.0 0 6.3 16 160 M M 4 8 20 150
10 89 74 82 7 0 17 T 0.0 0 13.2 24 160 M M 6 30 180
11 88 71 80 5 0 15 0.65 0.0 0 5.8 24 310 M M 6 13 29 310
12 92 78 85 11 0 20 T 0.0 0 10.4 20 160 M M 6 26 160
13 92 77 85 11 0 20 0.00 0.0 0 10.3 22 190 M M 6 30 140
14 84 78 81 7 0 16 0.16 0.0 0 8.1 20 160 M M 8 26 160
15 93 72 83 10 0 18 0.04 0.0 0 8.9 29 290 M M 7 38 38 300
16 77 61 69 -4 0 4 0.00 0.0 0 14.2 25 40 M M 4 31 50
17 75 54 65 -8 0 0 0.00 0.0 0 5.4 15 90 M M 7 20 60
18 79 57 68 -4 0 3 0.00 0.0 0 5.5 12 110 M M 3 16 120
19 83 64 74 2 0 9 0.00 0.0 0 8.0 18 110 M M 6 23 100
20 88 73 81 9 0 16 0.00 0.0 0 6.0 13 90 M M 8 1 17 140
21 89 73 81 10 0 16 0.00 0.0 0 3.5 12 80 M M 6 128 16 80
22 88 70 79 8 0 14 0.00 0.0 0 4.6 12 160 M M 3 18 16 150
23 86 71 79 8 0 14 0.50 0.0 0 7.1 21 150 M M 6 138 28 150
24 89 70 80 10 0 15 0.00 0.0 0 7.1 14 140 M M 5 1 19 130
25 92 74 83 13 0 18 0.00 0.0 0 3.7 13 140 M M 5 12 16 130
26 87 74 81 11 0 16 0.00 0.0 0 8.0 18 160 M M 8 1 25 150
27 82 65 74 5 0 9 1.12 0.0 0 10.7 35 320 M M 5 138 49 260
28 80 60 70 1 0 5 0.00 0.0 0 15.5 41 320 M M 0 61 320
29 75 56 66 -3 0 1 0.00 0.0 0 12.8 26 320 M M 0 38 340
30 78 50 64 -4 1 0 0.00 0.0 0 4.1 14 300 M M 0 8 19 300
31 81 53 67 -1 0 2 0.00 0.0 0 4.0 10 120 M M 0 30 90
================================================================================
SM 2666 2110 1 382 2.75 0.0 221.0 M 145
================================================================================
AV 86.0 68.1 7.1 FASTST M M 5 MAX(MPH)
MISC ----> 41 320 61 320
================================================================================
NOTES:
# LAST OF SEVERAL OCCURRENCES
COLUMN 17 PEAK WIND IN M.P.H.
PRELIMINARY LOCAL CLIMATOLOGICAL DATA (WS FORM: F-6) , PAGE 2
STATION: HOUSTON/HOBBY AIRPORT
MONTH: OCTOBER
YEAR: 2021
LATITUDE: 29 38 N
LONGITUDE: 95 17 W
[TEMPERATURE DATA] [PRECIPITATION DATA] SYMBOLS USED IN COLUMN 16
AVERAGE MONTHLY: 77.0 TOTAL FOR MONTH: 2.75 1 = FOG OR MIST
DPTR FM NORMAL: 4.0 DPTR FM NORMAL: -3.03 2 = FOG REDUCING VISIBILITY
HIGHEST: 93 ON 15 GRTST 24HR 1.12 ON 27-27 TO 1/4 MILE OR LESS
LOWEST: 50 ON 30 3 = THUNDER
SNOW, ICE PELLETS, HAIL 4 = ICE PELLETS
TOTAL MONTH: 0.0 INCH 5 = HAIL
GRTST 24HR 0.0 6 = FREEZING RAIN OR DRIZZLE
GRTST DEPTH: 0 7 = DUSTSTORM OR SANDSTORM:
VSBY 1/2 MILE OR LESS
8 = SMOKE OR HAZE
[NO. OF DAYS WITH] [WEATHER - DAYS WITH] 9 = BLOWING SNOW
X = TORNADO
MAX 32 OR BELOW: 0 0.01 INCH OR MORE: 7
MAX 90 OR ABOVE: 10 0.10 INCH OR MORE: 5
MIN 32 OR BELOW: 0 0.50 INCH OR MORE: 3
MIN 0 OR BELOW: 0 1.00 INCH OR MORE: 1
[HDD (BASE 65) ]
TOTAL THIS MO. 1 CLEAR (SCALE 0-3) 10
DPTR FM NORMAL -18 PTCLDY (SCALE 4-7) 20
TOTAL FM JUL 1 1 CLOUDY (SCALE 8-10) 1
DPTR FM NORMAL -15
[CDD (BASE 65) ]
TOTAL THIS MO. 382
DPTR FM NORMAL 115 [PRESSURE DATA]
TOTAL FM JAN 1 3627 HIGHEST SLP 30.34 ON 17
DPTR FM NORMAL 382 LOWEST SLP 29.60 ON 27
[REMARKS]
#FINAL-10-21#