000
CXUS52 KMFL 051512
CF6PMP
PRELIMINARY LOCAL CLIMATOLOGICAL DATA (WS FORM: F-6)
STATION: POMPANO BEACH ARPK
MONTH: NOVEMBER
YEAR: 2022
LATITUDE: 26 14 N
LONGITUDE: 80 7 W
TEMPERATURE IN F: :PCPN: SNOW: WIND :SUNSHINE: SKY :PK WND
================================================================================
1 2 3 4 5 6A 6B 7 8 9 10 11 12 13 14 15 16 17 18
12Z AVG MX 2MIN
DY MAX MIN AVG DEP HDD CDD WTR SNW DPTH SPD SPD DIR MIN PSBL S-S WX SPD DR
================================================================================
1 88 80 84 7 0 19 0.00 M M 8.3 14 110 M M 2 18 110
2 88 81 85 8 0 20 T 0.0 M 9.0 14 80 M M 2 18 90
3 86 75 81 5 0 16 T 0.0 0 7.9 16 30 M M 3 23 40
4 86 71 79 3 0 14 0.01 0.0 0 11.2 22 40 M M 3 27 50
5 86 75 81 5 0 16 0.07 0.0 0 8.9 18 70 M M 4 23 80
6 86 76 81 5 0 16 0.08 0.0 0 13.0 21 60 M M 4 26 50
7 86 76 81 5 0 16 0.05 0.0 0 15.8 23 40 M M 5 30 30
8 85 72 79 3 0 14 0.73 0.0 0 13.2 28 20 M M 7 18 37 20
9 78 70 74 -1 0 9 2.20 0.0 0 16.2 29 300 M M 10 1 38 300
10 87 68 78 3 0 13 0.13 0.0 0 14.3 28 240 M M 6 1 38 220
11 87 71 79 4 0 14 0.07 0.0 0 7.5 17 160 M M 2 3 21 150
12 85 67 76 1 0 11 0.00 0.0 0 4.4 20 250 M M 3 128 24 250
13 87 71 79 4 0 14 0.00 0.0 0 4.1 12 100 M M 1 14 50
14 84 71 78 3 0 13 0.00 0.0 0 6.8 13 80 M M 1 16 90
15 85 74 80 6 0 15 0.00 0.0 0 6.5 14 130 M M 1 21 140
16 86 69 78 4 0 13 0.00 0.0 0 3.9 13 130 M M 2 1 15 130
17 81 70 76 2 0 11 0.00 0.0 0 10.7 20 30 M M 8 24 10
18 80 66 73 -1 0 8 0.00 0.0 0 10.8 17 40 M M 9 22 50
19 82 71 77 3 0 12 0.00 0.0 0 11.4 21 50 M M 7 26 40
20 78 72 75 1 0 10 1.12 0.0 0 17.3 28 50 M M 10 1 37 40
21 80 74 77 3 0 12 0.01 M M 14.2 23 80 M M 9 32 60
22 82 74 78 4 0 13 0.04 0.0 0 4.3 13 90 M M 5 13 17 100
23 84 71 78 4 0 13 0.00 M M 4.7 13 340 M M 6 1 15 330
24 85 71 78 5 0 13 T M M 7.2 14 100 M M 4 17 90
25 85 77 81 8 0 16 0.01 0.0 0 7.1 13 160 M M 5 3 16 140
26 86 73 80 7 0 15 0.00 0.0 0 7.2 15 130 M M 1 17 130
27 88 76 82 9 0 17 0.00 0.0 0 6.9 15 240 M M 3 22 230
28 86 72 79 6 0 14 0.00 0.0 0 6.0 17 30 M M 3 1 21 20
29 83 69 76 3 0 11 0.00 0.0 0 9.7 17 90 M M 2 23 90
30 85 76 81 8 0 16 T 0.0 0 7.9 16 90 M M 3 3 22 90
================================================================================
SM 2535 2179 0 414 4.52 0.0 276.4 M 131
================================================================================
AV 84.5 72.6 9.2 FASTST M M 4 MAX(MPH)
MISC ----> 29 300 # 38 300
================================================================================
NOTES:
# LAST OF SEVERAL OCCURRENCES
COLUMN 17 PEAK WIND IN M.P.H.
PRELIMINARY LOCAL CLIMATOLOGICAL DATA (WS FORM: F-6) , PAGE 2
STATION: POMPANO BEACH ARPK
MONTH: NOVEMBER
YEAR: 2022
LATITUDE: 26 14 N
LONGITUDE: 80 7 W
[TEMPERATURE DATA] [PRECIPITATION DATA] SYMBOLS USED IN COLUMN 16
AVERAGE MONTHLY: 78.6 TOTAL FOR MONTH: 4.52 1 = FOG OR MIST
DPTR FM NORMAL: 4.0 DPTR FM NORMAL: 0.85 2 = FOG REDUCING VISIBILITY
HIGHEST: 88 ON 27, 2 GRTST 24HR 2.30 ON 9-10 TO 1/4 MILE OR LESS
LOWEST: 66 ON 18 3 = THUNDER
SNOW, ICE PELLETS, HAIL 4 = ICE PELLETS
TOTAL MONTH: 0.0 INCH 5 = HAIL
GRTST 24HR 0.0 6 = FREEZING RAIN OR DRIZZLE
GRTST DEPTH: 0 7 = DUSTSTORM OR SANDSTORM:
VSBY 1/2 MILE OR LESS
8 = SMOKE OR HAZE
[NO. OF DAYS WITH] [WEATHER - DAYS WITH] 9 = BLOWING SNOW
X = TORNADO
MAX 32 OR BELOW: 0 0.01 INCH OR MORE: 12
MAX 90 OR ABOVE: 0 0.10 INCH OR MORE: 4
MIN 32 OR BELOW: 0 0.50 INCH OR MORE: 3
MIN 0 OR BELOW: 0 1.00 INCH OR MORE: 2
[HDD (BASE 65) ]
TOTAL THIS MO. 0 CLEAR (SCALE 0-3) 13
DPTR FM NORMAL -5 PTCLDY (SCALE 4-7) 12
TOTAL FM JUL 1 0 CLOUDY (SCALE 8-10) 5
DPTR FM NORMAL 0
[CDD (BASE 65) ]
TOTAL THIS MO. 414
DPTR FM NORMAL 122 [PRESSURE DATA]
TOTAL FM JAN 1 4951 HIGHEST SLP 30.18 ON 19
DPTR FM NORMAL 562 LOWEST SLP 29.45 ON 9
[REMARKS]
#FINAL-11-22#