000
CXUS53 KMKX 240645
CF6FLD
PRELIMINARY LOCAL CLIMATOLOGICAL DATA (WS FORM: F-6)

                                          STATION:   FOND_DU_LAC WI
                                          MONTH:     APRIL
                                          YEAR:      2018
                                          LATITUDE:   43 46 N
                                          LONGITUDE:  88 29 W

  TEMPERATURE IN F:       :PCPN:    SNOW:  WIND      :SUNSHINE: SKY     :PK WND
================================================================================
1   2   3   4   5  6A  6B    7    8   9   10  11  12  13   14  15   16   17  18
                                     12Z  AVG MX 2MIN
DY MAX MIN AVG DEP HDD CDD  WTR  SNW DPTH SPD SPD DIR MIN PSBL S-S WX    SPD DR
================================================================================

 1  35  16  26 -15  39   0 0.00  0.0    0  9.3 18 240   M    M   0        24 280
 2  40  16  28 -13  37   0    T    M    0  6.9 16 200   M    M   3        20 190
 3  35  23  29 -13  36   0 0.08    M    0 17.1 33  20   M    M  10 168    40  20
 4  31  20  26 -16  39   0 0.01    M    0 14.0 24 330   M    M   4 18     31 330
 5  40  14  27 -16  38   0    T    M    0  7.2 14 220   M    M   2 1      19 220
 6  34  18  26 -17  39   0 0.01    M    0 15.5 29 320   M    M   4 1      35 310
 7  34  14  24 -20  41   0 0.00  0.0    0 11.5 20 290   M    M   1        26 290
 8  37  11  24 -20  41   0 0.00    M    0  5.3 14 130   M    M   3        17 130
 9  40  27  34 -10  31   0    T    M    0  4.8 14 330   M    M   7        17 320
10  41  26  34 -11  31   0    T    M    0  8.7 16 300   M    M   5        22 270
11  52  32  42  -3  23   0 0.04    M    0 10.0 18 140   M    M   3        23 130
12  50  36  43  -3  22   0 0.06    M    0  9.9 20 310   M    M   9 128    24 320
13  39  33  36 -10  29   0 0.66    M    0 17.6 35  60   M    M  10 13     43  60
14  34  27  31 -15  34   0 1.11    M    0 23.3 33  60   M    M   9 16     45  60
15  28  25  27 -20  38   0 0.42    M    0 18.0 32  60   M    M  10 12     42  60
16  34  25  30 -17  35   0 0.01    M    M 14.2 22 300   M    M  10 1      27 310
17  37  23  30 -18  35   0 0.00  0.0    0 10.9 21 320   M    M   7        26 320
18  35  31  33 -15  32   0 0.16    M    0 11.5 23  40   M    M   9 12     30  40
19  48  22  35 -13  30   0 0.00    M    0  6.0 12  10   M    M   0        14 360
20  52  21  37 -12  28   0 0.00    M    0  3.0  9 180   M    M   0        11 200
21  53  27  40  -9  25   0 0.00  0.0    0  3.4 10 190   M    M   0        12 220
22  58  28  43  -6  22   0 0.00    M    0  2.4 12  30   M    M   0 18     13  40
23  63  32  48  -2  17   0 0.00  0.0    0  4.8 14  20   M    M   0        17  20
================================================================================
SM  950  547       742   0  2.56     0.0 235.3          M      106
================================================================================
AV 41.3 23.8                              10.2 FASTST   M    M   5    MAX(MPH)
                                 MISC ---->  # 35  60               # 45   60
================================================================================
NOTES:
# LAST OF SEVERAL OCCURRENCES

COLUMN 17 PEAK WIND IN M.P.H.

PRELIMINARY LOCAL CLIMATOLOGICAL DATA (WS FORM: F-6) , PAGE 2

                                          STATION:  FOND_DU_LAC WI
                                          MONTH:    APRIL
                                          YEAR:     2018
                                          LATITUDE:   43 46 N
                                          LONGITUDE:  88 29 W

[TEMPERATURE DATA]      [PRECIPITATION DATA]       SYMBOLS USED IN COLUMN 16

AVERAGE MONTHLY: 32.5   TOTAL FOR MONTH:   2.56    1 = FOG OR MIST
DPTR FM NORMAL: -13.0   DPTR FM NORMAL:    0.63    2 = FOG REDUCING VISIBILITY
HIGHEST:    63 ON 23    GRTST 24HR  1.11 ON 14-14      TO 1/4 MILE OR LESS
LOWEST:     11 ON  8                               3 = THUNDER
                        SNOW, ICE PELLETS, HAIL    4 = ICE PELLETS
                        TOTAL MONTH:   0.0 INCH    5 = HAIL
                        GRTST 24HR     0.0         6 = FREEZING RAIN OR DRIZZLE
                        GRTST DEPTH:   0           7 = DUSTSTORM OR SANDSTORM:
                                                       VSBY 1/2 MILE OR LESS
                                                   8 = SMOKE OR HAZE
[NO. OF DAYS WITH]      [WEATHER - DAYS WITH]      9 = BLOWING SNOW
                                                   X = TORNADO
MAX 32 OR BELOW:   2    0.01 INCH OR MORE:  10
MAX 90 OR ABOVE:   0    0.10 INCH OR MORE:   4
MIN 32 OR BELOW:  21    0.50 INCH OR MORE:   2
MIN  0 OR BELOW:   0    1.00 INCH OR MORE:   1

[HDD (BASE 65) ]
TOTAL THIS MO.   742    CLEAR  (SCALE 0-3)  10
DPTR FM NORMAL   293    PTCLDY (SCALE 4-7)   6
TOTAL FM JUL 1  7046    CLOUDY (SCALE 8-10)  7
DPTR FM NORMAL   221

[CDD (BASE 65) ]
TOTAL THIS MO.     0
DPTR FM NORMAL     0    [PRESSURE DATA]
TOTAL FM JAN 1     0    HIGHEST SLP M ON M
DPTR FM NORMAL     0    LOWEST  SLP 29.54 ON 12

[REMARKS]
