000
CXUS51 KBTV 110241
CF6MPV
PRELIMINARY LOCAL CLIMATOLOGICAL DATA (WS FORM: F-6)
STATION: MONTPELIER VT
MONTH: MARCH
YEAR: 2021
LATITUDE: 44 12 N
LONGITUDE: 72 34 W
TEMPERATURE IN F: :PCPN: SNOW: WIND :SUNSHINE: SKY :PK WND
================================================================================
1 2 3 4 5 6A 6B 7 8 9 10 11 12 13 14 15 16 17 18
12Z AVG MX 2MIN
DY MAX MIN AVG DEP HDD CDD WTR SNW DPTH SPD SPD DIR MIN PSBL S-S WX SPD DR
================================================================================
1 40 8 24 1 41 0 0.09 M M 13.6 31 320 M M 10 129 45 310
2 15 -1 7 -16 58 0 0.01 M M 15.3 35 310 M M 5 89 50 310
3 29 9 19 -4 46 0 0.02 M M 2.6 13 310 M M 10 1 17 310
4 27 12 20 -4 45 0 0.01 M M 15.5 32 310 M M 7 8 43 320
5 19 8 14 -10 51 0 T M M 13.5 28 300 M M 5 8 35 300
6 20 7 14 -10 51 0 0.00 M M 8.1 17 290 M M 8 24 290
7 25 5 15 -10 50 0 0.00 M M 5.8 15 310 M M 2 18 360
8 30 -1 15 -10 50 0 T M M 2.7 12 160 M M 2 14 170
9 38 23 31 6 34 0 T M M 5.6 21 320 M M 8 28 340
10 49 15 32 6 33 0 0.00 M M 5.7 20 170 M M 0 23 170
11 62 38 50 24 15 0 T M M 10.5 26 230 M M 2 43 230
12 57 25 41 15 24 0 0.01 M M 14.4 31 300 M M 4 12 49 290
13 32 18 25 -2 40 0 0.01 M M 11.6 26 300 M M 6 1 38 310
14 29 11 20 -7 45 0 0.02 M M 14.8 29 300 M M 10 18 39 310
15 14 3 9 -18 56 0 T M M 13.5 29 300 M M 5 8 41 290
16 34 3 19 -9 46 0 T M M 2.3 12 150 M M 0 14 160
17 51 14 33 5 32 0 0.00 M M 2.7 13 170 M M 0 17 160
18 40 24 32 4 33 0 0.07 M M 6.9 21 350 M M 8 1 32 360
19 29 13 21 -8 44 0 0.00 M M 8.8 20 310 M M 0 26 310
20 49 12 31 2 34 0 0.00 M M 3.0 12 340 M M 0 15 340
21 60 20 40 10 25 0 0.00 M M 1.2 8 40 M M 0 11 30
22 63 22 43 13 22 0 0.00 M M 3.4 15 140 M M 0 18 160
23 65 24 45 15 20 0 0.00 M M 3.1 16 160 M M 0 19 170
24 53 28 41 10 24 0 T M M 6.0 16 170 M M 6 23 170
25 70 47 59 28 6 0 0.00 M M 7.6 17 190 M M 4 23 200
26 61 37 49 18 16 0 0.13 M M 9.5 28 230 M M 9 13 44 220
27 50 31 41 9 24 0 0.00 M M 6.8 21 300 M M 5 27 310
28 44 30 37 5 28 0 0.45 M M 11.5 23 170 M M 9 1 30 160
29 42 24 33 0 32 0 0.01 M M 14.4 26 300 M M 5 1 45 290
30 60 21 41 8 24 0 0.00 M M 9.2 24 160 M M 0 33 150
31 59 37 48 14 17 0 0.23 M M 8.5 20 310 M M 3 1 28 310
================================================================================
SM 1316 567 1066 0 1.06 M 258.1 M 133
================================================================================
AV 42.5 18.3 8.3 FASTST M M 4 MAX(MPH)
MISC ----> 35 310 50 310
================================================================================
NOTES:
# LAST OF SEVERAL OCCURRENCES
COLUMN 17 PEAK WIND IN M.P.H.
PRELIMINARY LOCAL CLIMATOLOGICAL DATA (WS FORM: F-6) , PAGE 2
STATION: MONTPELIER VT
MONTH: MARCH
YEAR: 2021
LATITUDE: 44 12 N
LONGITUDE: 72 34 W
[TEMPERATURE DATA] [PRECIPITATION DATA] SYMBOLS USED IN COLUMN 16
AVERAGE MONTHLY: 30.4 TOTAL FOR MONTH: 1.06 1 = FOG OR MIST
DPTR FM NORMAL: 2.5 DPTR FM NORMAL: -1.43 2 = FOG REDUCING VISIBILITY
HIGHEST: 70 ON 25 GRTST 24HR 0.45 ON 28-28 TO 1/4 MILE OR LESS
LOWEST: -1 ON 8, 2 3 = THUNDER
SNOW, ICE PELLETS, HAIL 4 = ICE PELLETS
TOTAL MONTH: M 5 = HAIL
GRTST 24HR M ON M 6 = FREEZING RAIN OR DRIZZLE
GRTST DEPTH: M ON M 7 = DUSTSTORM OR SANDSTORM:
VSBY 1/2 MILE OR LESS
8 = SMOKE OR HAZE
[NO. OF DAYS WITH] [WEATHER - DAYS WITH] 9 = BLOWING SNOW
X = TORNADO
MAX 32 OR BELOW: 11 0.01 INCH OR MORE: 12
MAX 90 OR ABOVE: 0 0.10 INCH OR MORE: 3
MIN 32 OR BELOW: 27 0.50 INCH OR MORE: 0
MIN 0 OR BELOW: 2 1.00 INCH OR MORE: 0
[HDD (BASE 65) ]
TOTAL THIS MO. 1066 CLEAR (SCALE 0-3) 12
DPTR FM NORMAL -86 PTCLDY (SCALE 4-7) 12
TOTAL FM JUL 1 6605 CLOUDY (SCALE 8-10) 7
DPTR FM NORMAL -517
[CDD (BASE 65) ]
TOTAL THIS MO. 0
DPTR FM NORMAL 0 [PRESSURE DATA]
TOTAL FM JAN 1 0 HIGHEST SLP 30.64 ON 21
DPTR FM NORMAL 0 LOWEST SLP 29.37 ON 29
[REMARKS]
#FINAL-03-21#